000
CDUS43 KFGF 230635
CLIFAR


CLIMATE REPORT
NATIONAL WEATHER SERVICE EASTERN NORTH DAKOTA/GRAND FORKS
132 AM CDT MON OCT 23 2017


...................................

...THE FARGO HECTOR INTL AP ND CLIMATE SUMMARY FOR OCTOBER 22 2017...

CLIMATE NORMAL PERIOD 1981 TO 2010
CLIMATE RECORD PERIOD 1881 TO 2017


WEATHER ITEM   OBSERVED TIME   RECORD YEAR NORMAL DEPARTURE LAST
                VALUE   (LST)  VALUE       VALUE  FROM      YEAR
                                                  NORMAL
..................................................................
TEMPERATURE (F)
 YESTERDAY
  MAXIMUM         66    205 PM  82    1901  53     13       64
  MINIMUM         38    634 AM  10    1936  33      5       30
  AVERAGE         52                        43      9       47

PRECIPITATION (IN)
  YESTERDAY        T             0.71 1966   0.07  -0.07     0.00
  MONTH TO DATE    0.70                      1.67  -0.97     1.19
  SINCE SEP 1      3.53                      4.24  -0.71     3.79
  SINCE JAN 1     14.03                     20.30  -6.27    19.26

SNOWFALL (IN)
  YESTERDAY        0.0           1.0  1966   0.0    0.0      0.0
                                      1925
  MONTH TO DATE    0.0                       0.3   -0.3      0.0
  SINCE SEP 1      0.0                       0.3   -0.3      0.0
  SINCE JUL 1      0.0                       0.3   -0.3      0.0
  SNOW DEPTH       0

DEGREE DAYS
 HEATING
  YESTERDAY       13                        22     -9       18
  MONTH TO DATE  280                       384   -104      326
  SINCE SEP 1    432                       604   -172      438
  SINCE JUL 1    448                       654   -206      455

 COOLING
  YESTERDAY        0                         0      0        0
  MONTH TO DATE    2                         0      2        8
  SINCE SEP 1     71                        43     28       58
  SINCE JAN 1    518                       548    -30      661
..................................................................


WIND (MPH)
  HIGHEST WIND SPEED    25   HIGHEST WIND DIRECTION    SW (210)
  HIGHEST GUST SPEED    33   HIGHEST GUST DIRECTION    SW (210)
  AVERAGE WIND SPEED    12.7


SKY COVER
  POSSIBLE SUNSHINE  MM
  AVERAGE SKY COVER 0.3


WEATHER CONDITIONS
 THE FOLLOWING WEATHER WAS RECORDED YESTERDAY.
  LIGHT RAIN


RELATIVE HUMIDITY (PERCENT)
 HIGHEST    79           600 AM
 LOWEST     26           200 PM
 AVERAGE    53

..........................................................


THE FARGO HECTOR INTL AP ND CLIMATE NORMALS FOR TODAY
                         NORMAL    RECORD    YEAR
 MAXIMUM TEMPERATURE (F)   52        80      1963
 MINIMUM TEMPERATURE (F)   33         5      1917


SUNRISE AND SUNSET
OCTOBER 23 2017.......SUNRISE   757 AM CDT   SUNSET   625 PM CDT
OCTOBER 24 2017.......SUNRISE   758 AM CDT   SUNSET   624 PM CDT


-  INDICATES NEGATIVE NUMBERS.
R  INDICATES RECORD WAS SET OR TIED.
MM INDICATES DATA IS MISSING.
T  INDICATES TRACE AMOUNT.




$$
