422
CDUS43 KFGF 200635
CLIFAR


CLIMATE REPORT
NATIONAL WEATHER SERVICE EASTERN NORTH DAKOTA/GRAND FORKS
1233 AM CST FRI JAN 20 2017


...................................

...THE FARGO HECTOR INTL AP ND CLIMATE SUMMARY FOR JANUARY 19 2017...

CLIMATE NORMAL PERIOD 1981 TO 2010
CLIMATE RECORD PERIOD 1881 TO 2017


WEATHER ITEM   OBSERVED TIME   RECORD YEAR NORMAL DEPARTURE LAST
                VALUE   (LST)  VALUE       VALUE  FROM      YEAR
                                                  NORMAL
..................................................................
TEMPERATURE (F)
 YESTERDAY
  MAXIMUM         39    353 PM  52    1900  18     21       13
  MINIMUM         25    557 AM -37    1892  -1     26       -9
  AVERAGE         32                         9     23        2

PRECIPITATION (IN)
  YESTERDAY        0.00          0.15 1977   0.02  -0.02     0.02
  MONTH TO DATE    0.92                      0.46   0.46     0.61
  SINCE DEC 1      2.19                      1.29   0.90     1.25
  SINCE JAN 1      0.92                      0.46   0.46     0.61

SNOWFALL (IN)
  YESTERDAY        0.0           2.3  1979   0.4   -0.4      0.3
                                      1977
  MONTH TO DATE   12.9                       7.4    5.5      8.0
  SINCE DEC 1     21.2                      18.6    2.6     15.7
  SINCE JUL 1     24.9                      27.2   -2.3     18.6
  SNOW DEPTH       8

DEGREE DAYS
 HEATING
  YESTERDAY       33                        56    -23       63
  MONTH TO DATE 1127                      1060     67     1097
  SINCE DEC 1   2637                      2638     -1     2387
  SINCE JUL 1   3942                      4600   -658     3828

 COOLING
  YESTERDAY        0                         0      0        0
  MONTH TO DATE    0                         0      0        0
  SINCE DEC 1      0                         0      0        0
  SINCE JAN 1      0                         0      0        0
..................................................................


WIND (MPH)
  HIGHEST WIND SPEED    21   HIGHEST WIND DIRECTION     S (170)
  HIGHEST GUST SPEED    30   HIGHEST GUST DIRECTION    SE (150)
  AVERAGE WIND SPEED    12.5


SKY COVER
  POSSIBLE SUNSHINE  MM
  AVERAGE SKY COVER 0.5


WEATHER CONDITIONS
 THE FOLLOWING WEATHER WAS RECORDED YESTERDAY.
  FOG
  FOG W/VISIBILITY <= 1/4 MILE
  HAZE


RELATIVE HUMIDITY (PERCENT)
 HIGHEST   100           600 AM
 LOWEST     70          1000 PM
 AVERAGE    85

..........................................................


THE FARGO HECTOR INTL AP ND CLIMATE NORMALS FOR TODAY
                         NORMAL    RECORD    YEAR
 MAXIMUM TEMPERATURE (F)   18        54      1908
 MINIMUM TEMPERATURE (F)   -1       -42      1883


SUNRISE AND SUNSET
JANUARY 20 2017.......SUNRISE   804 AM CST   SUNSET   513 PM CST
JANUARY 21 2017.......SUNRISE   803 AM CST   SUNSET   514 PM CST


-  INDICATES NEGATIVE NUMBERS.
R  INDICATES RECORD WAS SET OR TIED.
MM INDICATES DATA IS MISSING.
T  INDICATES TRACE AMOUNT.




$$
