000
CDUS43 KFGF 160648
CLIFAR


CLIMATE REPORT
NATIONAL WEATHER SERVICE EASTERN NORTH DAKOTA/GRAND FORKS
144 AM CDT WED AUG 16 2017


...................................

...THE FARGO HECTOR INTL AP ND CLIMATE SUMMARY FOR AUGUST 15 2017...

CLIMATE NORMAL PERIOD 1981 TO 2010
CLIMATE RECORD PERIOD 1881 TO 2017


WEATHER ITEM   OBSERVED TIME   RECORD YEAR NORMAL DEPARTURE LAST
                VALUE   (LST)  VALUE       VALUE  FROM      YEAR
                                                  NORMAL
..................................................................
TEMPERATURE (F)
 YESTERDAY
  MAXIMUM         76    211 PM 102    1935  82     -6       77
  MINIMUM         55    540 AM  43    1979  58     -3       63
  AVERAGE         66                        70     -4       70

PRECIPITATION (IN)
  YESTERDAY        0.00          1.57 1881   0.08  -0.08     0.00
  MONTH TO DATE    2.05                      1.09   0.96     0.97
  SINCE JUN 1      5.61                      7.78  -2.17     9.40
  SINCE JAN 1     10.25                     14.59  -4.34    14.88

SNOWFALL (IN)
  YESTERDAY        0.0           0.0    MM   0.0    0.0      0.0
  MONTH TO DATE    0.0                       0.0    0.0      0.0
  SINCE JUN 1      0.0                       0.0    0.0      0.0
  SINCE JUL 1      0.0                       0.0    0.0      0.0
  SNOW DEPTH       0

DEGREE DAYS
 HEATING
  YESTERDAY        0                         1     -1        0
  MONTH TO DATE    2                        11     -9        0
  SINCE JUN 1     44                       100    -56       35
  SINCE JUL 1      9                        27    -18        8

 COOLING
  YESTERDAY        1                         6     -5        5
  MONTH TO DATE   33                        96    -63      112
  SINCE JUN 1    396                       405     -9      487
  SINCE JAN 1    407                       436    -29      535
..................................................................


WIND (MPH)
  HIGHEST WIND SPEED    18   HIGHEST WIND DIRECTION     S (170)
  HIGHEST GUST SPEED    25   HIGHEST GUST DIRECTION    SE (150)
  AVERAGE WIND SPEED     7.8


SKY COVER
  POSSIBLE SUNSHINE  MM
  AVERAGE SKY COVER 0.2


WEATHER CONDITIONS
 THE FOLLOWING WEATHER WAS RECORDED YESTERDAY.
  FOG


RELATIVE HUMIDITY (PERCENT)
 HIGHEST   100          1200 AM
 LOWEST     57           300 PM
 AVERAGE    79

..........................................................


THE FARGO HECTOR INTL AP ND CLIMATE NORMALS FOR TODAY
                         NORMAL    RECORD    YEAR
 MAXIMUM TEMPERATURE (F)   82       104      1988
 MINIMUM TEMPERATURE (F)   58        40      1896


SUNRISE AND SUNSET
AUGUST 16 2017........SUNRISE   626 AM CDT   SUNSET   836 PM CDT
AUGUST 17 2017........SUNRISE   628 AM CDT   SUNSET   834 PM CDT


-  INDICATES NEGATIVE NUMBERS.
R  INDICATES RECORD WAS SET OR TIED.
MM INDICATES DATA IS MISSING.
T  INDICATES TRACE AMOUNT.




$$
