000
CDUS43 KFGF 250634
CLIFAR


CLIMATE REPORT
NATIONAL WEATHER SERVICE EASTERN NORTH DAKOTA/GRAND FORKS
133 AM CDT SUN JUN 25 2017


...................................

...THE FARGO HECTOR INTL AP ND CLIMATE SUMMARY FOR JUNE 24 2017...

CLIMATE NORMAL PERIOD 1981 TO 2010
CLIMATE RECORD PERIOD 1881 TO 2017


WEATHER ITEM   OBSERVED TIME   RECORD YEAR NORMAL DEPARTURE LAST
                VALUE   (LST)  VALUE       VALUE  FROM      YEAR
                                                  NORMAL
..................................................................
TEMPERATURE (F)
 YESTERDAY
  MAXIMUM         62   1135 AM  99    1936  80    -18       86
  MINIMUM         46    307 AM  39    2004  57    -11       64
                                      1942
                                      1887
  AVERAGE         54                        68    -14       75

PRECIPITATION (IN)
  YESTERDAY        0.04          1.53 1935   0.13  -0.09      T
  MONTH TO DATE    1.94                      3.12  -1.18     1.58
  SINCE JUN 1      1.94                      3.12  -1.18     1.58
  SINCE JAN 1      6.58                      9.93  -3.35     7.06

SNOWFALL (IN)
  YESTERDAY        0.0           0.0    MM   0.0    0.0      0.0
  MONTH TO DATE    0.0                       0.0    0.0      0.0
  SINCE JUN 1      0.0                       0.0    0.0      0.0
  SINCE JUL 1     33.1                      50.4  -17.3     27.4
  SNOW DEPTH       0

DEGREE DAYS
 HEATING
  YESTERDAY       11                         1     10        0
  MONTH TO DATE   20                        65    -45       19
  SINCE JUN 1     20                        65    -45       19
  SINCE JUL 1   7437                      8794  -1357     7164

 COOLING
  YESTERDAY        0                         5     -5       10
  MONTH TO DATE  121                        76     45      124
  SINCE JUN 1    121                        76     45      124
  SINCE JAN 1    132                       107     25      172
..................................................................


WIND (MPH)
  HIGHEST WIND SPEED    26   HIGHEST WIND DIRECTION     N (340)
  HIGHEST GUST SPEED    33   HIGHEST GUST DIRECTION     W (290)
  AVERAGE WIND SPEED    15.4


SKY COVER
  POSSIBLE SUNSHINE  MM
  AVERAGE SKY COVER 0.8


WEATHER CONDITIONS
 THE FOLLOWING WEATHER WAS RECORDED YESTERDAY.
  LIGHT RAIN
  FOG
  HAZE


RELATIVE HUMIDITY (PERCENT)
 HIGHEST    83           900 PM
 LOWEST     55          1200 PM
 AVERAGE    69

..........................................................


THE FARGO HECTOR INTL AP ND CLIMATE NORMALS FOR TODAY
                         NORMAL    RECORD    YEAR
 MAXIMUM TEMPERATURE (F)   80        96      1936
 MINIMUM TEMPERATURE (F)   58        40      1897
                                             1883


SUNRISE AND SUNSET
JUNE 25 2017..........SUNRISE   534 AM CDT   SUNSET   926 PM CDT
JUNE 26 2017..........SUNRISE   534 AM CDT   SUNSET   926 PM CDT


-  INDICATES NEGATIVE NUMBERS.
R  INDICATES RECORD WAS SET OR TIED.
MM INDICATES DATA IS MISSING.
T  INDICATES TRACE AMOUNT.




$$
