000
CDUS43 KFGF 270642
CLIFAR


CLIMATE REPORT
NATIONAL WEATHER SERVICE EASTERN NORTH DAKOTA/GRAND FORKS
1239 AM CST FRI FEB 27 2015


...................................

...THE FARGO HECTOR INTL AP ND CLIMATE SUMMARY FOR FEBRUARY 26 2015...

CLIMATE NORMAL PERIOD 1981 TO 2010
CLIMATE RECORD PERIOD 1881 TO 2015


WEATHER ITEM   OBSERVED TIME   RECORD YEAR NORMAL DEPARTURE LAST
                VALUE   (LST)  VALUE       VALUE  FROM      YEAR
                                                  NORMAL
..................................................................
TEMPERATURE (F)
 YESTERDAY
  MAXIMUM          9    330 PM  59    1896  27    -18       16
  MINIMUM        -12    644 AM -30    1897  11    -23      -10
  AVERAGE         -1                        19    -20        3

PRECIPITATION (IN)
  YESTERDAY        0.00          0.66 1936   0.03  -0.03      T
  MONTH TO DATE    0.57                      0.55   0.02     0.11
  SINCE DEC 1      1.22                      2.08  -0.86     2.09
  SINCE JAN 1      0.97                      1.25  -0.28     0.88

SNOWFALL (IN)
  YESTERDAY        0.0           7.4  1936   0.3   -0.3       T
  MONTH TO DATE    8.1                       6.4    1.7      1.5
  SINCE DEC 1     12.0                      28.8  -16.8     27.3
  SINCE JUL 1     15.6                      37.4  -21.8     27.6
  SNOW DEPTH       3

DEGREE DAYS
 HEATING
  YESTERDAY       66                        46     20       62
  MONTH TO DATE 1487                      1320    167     1547
  SINCE DEC 1   4349                      4626   -277     5298
  SINCE JUL 1   6306                      6588   -282     7139

 COOLING
  YESTERDAY        0                         0      0        0
  MONTH TO DATE    0                         0      0        0
  SINCE DEC 1      0                         0      0        0
  SINCE JAN 1      0                         0      0        0
..................................................................


WIND (MPH)
  HIGHEST WIND SPEED    17   HIGHEST WIND DIRECTION     N (340)
  HIGHEST GUST SPEED    22   HIGHEST GUST DIRECTION    NW (330)
  AVERAGE WIND SPEED    10.1


SKY COVER
  POSSIBLE SUNSHINE  MM
  AVERAGE SKY COVER 0.0


WEATHER CONDITIONS
 THE FOLLOWING WEATHER WAS RECORDED YESTERDAY.
  NO SIGNIFICANT WEATHER WAS OBSERVED.


RELATIVE HUMIDITY (PERCENT)
 HIGHEST    72           300 AM
 LOWEST     57           400 PM
 AVERAGE    65

..........................................................


THE FARGO HECTOR INTL AP ND CLIMATE NORMALS FOR TODAY
                         NORMAL    RECORD    YEAR
 MAXIMUM TEMPERATURE (F)   28        57      1895
 MINIMUM TEMPERATURE (F)   11       -28      1962


SUNRISE AND SUNSET
FEBRUARY 27 2015......SUNRISE   711 AM CST   SUNSET   610 PM CST
FEBRUARY 28 2015......SUNRISE   709 AM CST   SUNSET   611 PM CST


-  INDICATES NEGATIVE NUMBERS.
R  INDICATES RECORD WAS SET OR TIED.
MM INDICATES DATA IS MISSING.
T  INDICATES TRACE AMOUNT.




$$
