000
CDUS43 KFGF 232151
CLIFAR


CLIMATE REPORT
NATIONAL WEATHER SERVICE EASTERN NORTH DAKOTA/GRAND FORKS
448 PM CDT TUE SEP 23 2014


...................................

...THE FARGO HECTOR INTL AP ND CLIMATE SUMMARY FOR SEPTEMBER 23 2014...
VALID TODAY AS OF 0400 PM LOCAL TIME.

CLIMATE NORMAL PERIOD 1981 TO 2010
CLIMATE RECORD PERIOD 1881 TO 2014


WEATHER ITEM   OBSERVED TIME   RECORD YEAR NORMAL DEPARTURE LAST
                VALUE   (LST)  VALUE       VALUE  FROM      YEAR
                                                  NORMAL
..................................................................
TEMPERATURE (F)
 TODAY
  MAXIMUM         77    144 PM  93    2007  67     10       80
  MINIMUM         56    647 AM  23    1887  44     12       63
  AVERAGE         67                        56     11       72

PRECIPITATION (IN)
  TODAY            0.00          1.60 2010   0.07  -0.07     0.00
  MONTH TO DATE    2.24                      2.04   0.20     3.09
  SINCE SEP 1      2.24                      2.04   0.20     3.09
  SINCE JAN 1     18.70                     18.10   0.60    25.01

SNOWFALL (IN)
  TODAY            0.0           T    1984   0.0    0.0      0.0
                                      1942
  MONTH TO DATE    0.0                       0.0    0.0      0.0
  SINCE SEP 1      0.0                       0.0    0.0      0.0
  SINCE JUL 1      0.0                       0.0    0.0      0.0
  SNOW DEPTH       0

DEGREE DAYS
 HEATING
  TODAY            0                        10    -10        0
  MONTH TO DATE  134                       140     -6       69
  SINCE SEP 1    134                       140     -6       69
  SINCE JUL 1    166                       190    -24      103

 COOLING
  TODAY            2                         1      1        7
  MONTH TO DATE   17                        41    -24       70
  SINCE SEP 1     17                        41    -24       70
  SINCE JAN 1    518                       546    -28      688
..................................................................


WIND (MPH)
  HIGHEST WIND SPEED    25   HIGHEST WIND DIRECTION     S (190)
  HIGHEST GUST SPEED    37   HIGHEST GUST DIRECTION     S (190)
  AVERAGE WIND SPEED    13.3


SKY COVER
  POSSIBLE SUNSHINE  MM
  AVERAGE SKY COVER 0.0


WEATHER CONDITIONS
 THE FOLLOWING WEATHER WAS RECORDED TODAY.
  NO SIGNIFICANT WEATHER WAS OBSERVED.


RELATIVE HUMIDITY (PERCENT)
 HIGHEST    77           600 AM
 LOWEST     38           300 PM
 AVERAGE    58

..........................................................


THE FARGO HECTOR INTL AP ND CLIMATE NORMALS FOR TOMORROW
                         NORMAL    RECORD    YEAR
 MAXIMUM TEMPERATURE (F)   67        87      1990
                                             1908
 MINIMUM TEMPERATURE (F)   44        25      1951


SUNRISE AND SUNSET
SEPTEMBER 23 2014.....SUNRISE   715 AM CDT   SUNSET   723 PM CDT
SEPTEMBER 24 2014.....SUNRISE   717 AM CDT   SUNSET   721 PM CDT


-  INDICATES NEGATIVE NUMBERS.
R  INDICATES RECORD WAS SET OR TIED.
MM INDICATES DATA IS MISSING.
T  INDICATES TRACE AMOUNT.




$$
