000
CDUS43 KFGF 070726
CLIFAR


CLIMATE REPORT
NATIONAL WEATHER SERVICE EASTERN NORTH DAKOTA/GRAND FORKS
226 AM CDT TUE JUL 7 2015


...................................

...THE FARGO HECTOR INTL AP ND CLIMATE SUMMARY FOR JULY 6 2015...

CLIMATE NORMAL PERIOD 1981 TO 2010
CLIMATE RECORD PERIOD 1881 TO 2015


WEATHER ITEM   OBSERVED TIME   RECORD YEAR NORMAL DEPARTURE LAST
                VALUE   (LST)  VALUE       VALUE  FROM      YEAR
                                                  NORMAL
..................................................................
TEMPERATURE (F)
 YESTERDAY
  MAXIMUM         69    257 PM 114    1936  82    -13       85
  MINIMUM         50   1106 PM  42    1997  59     -9       68
  AVERAGE         60                        70    -10       77

PRECIPITATION (IN)
  YESTERDAY        0.00          1.36 1899   0.10  -0.10     0.03
  MONTH TO DATE    0.00                      0.67  -0.67     0.37
  SINCE JUN 1      2.75                      4.57  -1.82     6.06
  SINCE JAN 1     12.85                     11.38   1.47    13.08

SNOWFALL (IN)
  YESTERDAY        0.0           0.0    MM   0.0    0.0      0.0
  MONTH TO DATE    0.0                       0.0    0.0      0.0
  SINCE JUN 1      0.0                       0.0    0.0      0.0
  SINCE JUL 1      0.0                       0.0    0.0      0.0
  SNOW DEPTH       0

DEGREE DAYS
 HEATING
  YESTERDAY        5                         1      4        0
  MONTH TO DATE    5                         6     -1       10
  SINCE JUN 1     28                        79    -51       40
  SINCE JUL 1      5                         6     -1       10

 COOLING
  YESTERDAY        0                         6     -6       12
  MONTH TO DATE   36                        36      0       35
  SINCE JUN 1    132                       143    -11      137
  SINCE JAN 1    147                       174    -27      216
..................................................................


WIND (MPH)
  HIGHEST WIND SPEED    26   HIGHEST WIND DIRECTION     N (350)
  HIGHEST GUST SPEED    33   HIGHEST GUST DIRECTION     N (10)
  AVERAGE WIND SPEED    14.8


SKY COVER
  POSSIBLE SUNSHINE  MM
  AVERAGE SKY COVER 0.5


WEATHER CONDITIONS
 THE FOLLOWING WEATHER WAS RECORDED YESTERDAY.
  FOG
  HAZE


RELATIVE HUMIDITY (PERCENT)
 HIGHEST    87           300 AM
 LOWEST     48           200 PM
 AVERAGE    68

..........................................................


THE FARGO HECTOR INTL AP ND CLIMATE NORMALS FOR TODAY
                         NORMAL    RECORD    YEAR
 MAXIMUM TEMPERATURE (F)   82       103      1936
 MINIMUM TEMPERATURE (F)   59        41      1908


SUNRISE AND SUNSET
JULY  7 2015..........SUNRISE   541 AM CDT   SUNSET   923 PM CDT
JULY  8 2015..........SUNRISE   541 AM CDT   SUNSET   923 PM CDT


-  INDICATES NEGATIVE NUMBERS.
R  INDICATES RECORD WAS SET OR TIED.
MM INDICATES DATA IS MISSING.
T  INDICATES TRACE AMOUNT.




$$
