000
CDUS46 KHNX 190825
CLIFAT


CLIMATE REPORT
NATIONAL WEATHER SERVICE SAN JOAQUIN VALLEY, CA
1223 AM PST SUN FEB 19 2017


...................................

...THE FRESNO CA CLIMATE SUMMARY FOR FEBRUARY 18 2017...

CLIMATE NORMAL PERIOD 1981 TO 2010
CLIMATE RECORD PERIOD 1887 TO 2017


WEATHER ITEM   OBSERVED TIME   RECORD YEAR NORMAL DEPARTURE
                VALUE   (LST)  VALUE       VALUE  FROM
                                                  NORMAL
...............................................................
TEMPERATURE (F)
 YESTERDAY
  MAXIMUM         64    417 PM  84    1930  63      1
  MINIMUM         49    721 AM  27    1889  42      7
  AVERAGE         57                        52      5

PRECIPITATION (IN)
  YESTERDAY        T             0.77 1969   0.07  -0.07
  MONTH TO DATE    1.90                      1.30   0.60
  SINCE OCT 1     11.96                      6.96   5.00
  SINCE JAN 1      7.40                      3.49   3.91

SNOWFALL (IN)
  YESTERDAY       MM
  MONTH TO DATE    0.0
  SINCE DEC 1      0.0
  SINCE JUL 1      0.0
  SNOW DEPTH       0

DEGREE DAYS
 HEATING
  YESTERDAY        8                               -5
  MONTH TO DATE  157                             -104
  SINCE DEC 1   1215                             -193
  SINCE JUL 1   1466                             -330

 COOLING
  YESTERDAY        0                                0
  MONTH TO DATE    0                                0
  SINCE DEC 1      0                                0
  SINCE JAN 1      0                                0
...............................................................


WIND (MPH)
  HIGHEST WIND SPEED    21   HIGHEST WIND DIRECTION    NW (310)
  HIGHEST GUST SPEED    24   HIGHEST GUST DIRECTION    NW (310)
  AVERAGE WIND SPEED     8.6




RELATIVE HUMIDITY (PERCENT)
 HIGHEST    86
 LOWEST     52
 AVERAGE    69

..........................................................


THE FRESNO CA CLIMATE NORMALS FOR TODAY
                         NORMAL    RECORD    YEAR
 MAXIMUM TEMPERATURE (F)   63        79      1977
 MINIMUM TEMPERATURE (F)   42        28      1953
                                             1913


SUNRISE AND SUNSET
FEBRUARY 19 2017......SUNRISE   642 AM PST   SUNSET   544 PM PST
FEBRUARY 20 2017......SUNRISE   641 AM PST   SUNSET   545 PM PST


-  INDICATES NEGATIVE NUMBERS.
R  INDICATES RECORD WAS SET OR TIED.
MM INDICATES DATA IS MISSING.
T  INDICATES TRACE AMOUNT.




$$
