000
CDUS46 KHNX 240823
CLIFAT


CLIMATE REPORT
NATIONAL WEATHER SERVICE SAN JOAQUIN VALLEY, CA
122 AM PDT SAT SEP 24 2016


...................................

...THE FRESNO CA CLIMATE SUMMARY FOR SEPTEMBER 23 2016...

CLIMATE NORMAL PERIOD 1981 TO 2010
CLIMATE RECORD PERIOD 1887 TO 2016


WEATHER ITEM   OBSERVED TIME   RECORD YEAR NORMAL DEPARTURE
                VALUE   (LST)  VALUE       VALUE  FROM
                                                  NORMAL
...............................................................
TEMPERATURE (F)
 YESTERDAY
  MAXIMUM         80    416 PM 105    1949  89     -9
  MINIMUM         52    619 AM  47    1968  60     -8
                                      1945
  AVERAGE         66                        74     -8

PRECIPITATION (IN)
  YESTERDAY        0.00          0.46 1881   0.00   0.00
  MONTH TO DATE    T                         0.10  -0.10
  SINCE OCT 1     14.29                     11.43   2.86
  SINCE JAN 1      9.09                      7.96   1.13

SNOWFALL (IN)
  YESTERDAY        0.0
  MONTH TO DATE    0.0
  SINCE SEP 1      0.0
  SINCE JUL 1      0.0
  SNOW DEPTH       0

DEGREE DAYS
 HEATING
  YESTERDAY        0                                0
  MONTH TO DATE    2                                2
  SINCE SEP 1      2                                2
  SINCE JUL 1      2                                2

 COOLING
  YESTERDAY        1                               -9
  MONTH TO DATE  252                              -28
  SINCE SEP 1    252                              -28
  SINCE JAN 1   2167                              203
...............................................................


WIND (MPH)
  HIGHEST WIND SPEED    13   HIGHEST WIND DIRECTION    NW (320)
  HIGHEST GUST SPEED    17   HIGHEST GUST DIRECTION    NW (320)
  AVERAGE WIND SPEED     5.0




RELATIVE HUMIDITY (PERCENT)
 HIGHEST    71
 LOWEST     21
 AVERAGE    46

..........................................................


THE FRESNO CA CLIMATE NORMALS FOR TODAY
                         NORMAL    RECORD    YEAR
 MAXIMUM TEMPERATURE (F)   89       102      1899
 MINIMUM TEMPERATURE (F)   60        46      1945


SUNRISE AND SUNSET
SEPTEMBER 24 2016.....SUNRISE   649 AM PDT   SUNSET   652 PM PDT
SEPTEMBER 25 2016.....SUNRISE   650 AM PDT   SUNSET   650 PM PDT


-  INDICATES NEGATIVE NUMBERS.
R  INDICATES RECORD WAS SET OR TIED.
MM INDICATES DATA IS MISSING.
T  INDICATES TRACE AMOUNT.




$$
