385
CDUS46 KHNX 090825
CLIFAT


CLIMATE REPORT
NATIONAL WEATHER SERVICE SAN JOAQUIN VALLEY, CA
1225 AM PST TUE FEB 9 2016


...................................

...THE FRESNO CA CLIMATE SUMMARY FOR FEBRUARY 8 2016...

CLIMATE NORMAL PERIOD 1981 TO 2010
CLIMATE RECORD PERIOD 1887 TO 2016


WEATHER ITEM   OBSERVED TIME   RECORD YEAR NORMAL DEPARTURE
                VALUE   (LST)  VALUE       VALUE  FROM
                                                  NORMAL
...............................................................
TEMPERATURE (F)
 YESTERDAY
  MAXIMUM         73    302 PM  74    1987  60     13
  MINIMUM         42    638 AM  28    1891  40      2
  AVERAGE         58                        50      8

PRECIPITATION (IN)
  YESTERDAY        0.00          1.05 1915   0.07  -0.07
  MONTH TO DATE    0.00                      0.59  -0.59
  SINCE OCT 1      9.62                      6.25   3.37
  SINCE JAN 1      4.42                      2.78   1.64

SNOWFALL (IN)
  YESTERDAY        0.0
  MONTH TO DATE    0.0
  SINCE DEC 1      0.0
  SINCE JUL 1      0.0
  SNOW DEPTH       0

DEGREE DAYS
 HEATING
  YESTERDAY        7                               -8
  MONTH TO DATE  128                                4
  SINCE DEC 1   1171                             -100
  SINCE JUL 1   1561                              -98

 COOLING
  YESTERDAY        0                                0
  MONTH TO DATE    0                                0
  SINCE DEC 1      0                                0
  SINCE JAN 1      0                                0
...............................................................


WIND (MPH)
  HIGHEST WIND SPEED     7   HIGHEST WIND DIRECTION     W (280)
  HIGHEST GUST SPEED    10   HIGHEST GUST DIRECTION     W (270)
  AVERAGE WIND SPEED     2.4




RELATIVE HUMIDITY (PERCENT)
 HIGHEST   100
 LOWEST     34
 AVERAGE    67

..........................................................


THE FRESNO CA CLIMATE NORMALS FOR TODAY
                         NORMAL    RECORD    YEAR
 MAXIMUM TEMPERATURE (F)   60        71      2012
                                             2006
                                             1918
 MINIMUM TEMPERATURE (F)   41        27      1891


SUNRISE AND SUNSET
FEBRUARY  9 2016......SUNRISE   654 AM PST   SUNSET   533 PM PST
FEBRUARY 10 2016......SUNRISE   653 AM PST   SUNSET   534 PM PST


-  INDICATES NEGATIVE NUMBERS.
R  INDICATES RECORD WAS SET OR TIED.
MM INDICATES DATA IS MISSING.
T  INDICATES TRACE AMOUNT.




$$
