862
CDUS46 KHNX 230823
CLIFAT


CLIMATE REPORT
NATIONAL WEATHER SERVICE SAN JOAQUIN VALLEY, CA
1223 AM PST THU NOV 23 2017


...................................

...THE FRESNO CA CLIMATE SUMMARY FOR NOVEMBER 22 2017...

CLIMATE NORMAL PERIOD 1981 TO 2010
CLIMATE RECORD PERIOD 1887 TO 2017


WEATHER ITEM   OBSERVED TIME   RECORD YEAR NORMAL DEPARTURE
                VALUE   (LST)  VALUE       VALUE  FROM
                                                  NORMAL
...............................................................
TEMPERATURE (F)
 YESTERDAY
  MAXIMUM         76    312 PM  77    1890  62     14
  MINIMUM         46    637 AM  28    1931  41      5
  AVERAGE         61                        52      9

PRECIPITATION (IN)
  YESTERDAY        0.00          0.80 1886   0.04  -0.04
  MONTH TO DATE    0.22                      0.77  -0.55
  SINCE OCT 1      0.31                      1.40  -1.09
  SINCE JAN 1     13.11                      9.43   3.68

SNOWFALL (IN)
  YESTERDAY        0.0
  MONTH TO DATE    0.0
  SINCE SEP 1      0.0
  SINCE JUL 1      0.0
  SNOW DEPTH       0

DEGREE DAYS
 HEATING
  YESTERDAY        4                               -9
  MONTH TO DATE  144                              -63
  SINCE SEP 1    193                              -77
  SINCE JUL 1    193                              -77

 COOLING
  YESTERDAY        0                                0
  MONTH TO DATE    2                                2
  SINCE SEP 1    449                               11
  SINCE JAN 1   2488                              366
...............................................................


WIND (MPH)
  HIGHEST WIND SPEED     6   HIGHEST WIND DIRECTION     W (280)
  HIGHEST GUST SPEED     8   HIGHEST GUST DIRECTION    NW (310)
  AVERAGE WIND SPEED     1.3




RELATIVE HUMIDITY (PERCENT)
 HIGHEST    86
 LOWEST     36
 AVERAGE    61

..........................................................


THE FRESNO CA CLIMATE NORMALS FOR TODAY
                         NORMAL    RECORD    YEAR
 MAXIMUM TEMPERATURE (F)   62        78      1932
 MINIMUM TEMPERATURE (F)   41        27      1947


SUNRISE AND SUNSET
NOVEMBER 23 2017......SUNRISE   645 AM PST   SUNSET   445 PM PST
NOVEMBER 24 2017......SUNRISE   646 AM PST   SUNSET   445 PM PST


-  INDICATES NEGATIVE NUMBERS.
R  INDICATES RECORD WAS SET OR TIED.
MM INDICATES DATA IS MISSING.
T  INDICATES TRACE AMOUNT.




$$
