000
CDUS46 KHNX 180822
CLIFAT


CLIMATE REPORT
NATIONAL WEATHER SERVICE SAN JOAQUIN VALLEY, CA
1221 AM PST THU DEC 18 2014


...................................

...THE FRESNO CA CLIMATE SUMMARY FOR DECEMBER 17 2014...

CLIMATE NORMAL PERIOD 1981 TO 2010
CLIMATE RECORD PERIOD 1887 TO 2014


WEATHER ITEM   OBSERVED TIME   RECORD YEAR NORMAL DEPARTURE
                VALUE   (LST)  VALUE       VALUE  FROM
                                                  NORMAL
...............................................................
TEMPERATURE (F)
 YESTERDAY
  MAXIMUM         57    337 PM  70    1958  54      3
  MINIMUM         48   1157 PM  25    1967  38     10
  AVERAGE         53                        46      7

PRECIPITATION (IN)
  YESTERDAY        0.20          1.12 2010   0.06   0.14
  MONTH TO DATE    2.29                      0.83   1.46
  SINCE JUL 1      3.38                      2.72   0.66
  SINCE JAN 1      7.46                     10.56  -3.10

SNOWFALL (IN)
  YESTERDAY       MM
  MONTH TO DATE    0.0
  SINCE DEC 1      0.0
  SINCE JUL 1      0.0
  SNOW DEPTH       0

DEGREE DAYS
 HEATING
  YESTERDAY       12                               -7
  MONTH TO DATE  166                             -136
  SINCE DEC 1    166                             -136
  SINCE JUL 1    387                             -303

 COOLING
  YESTERDAY        0                                0
  MONTH TO DATE    0                                0
  SINCE DEC 1      0                                0
  SINCE JAN 1   2932                              808
...............................................................


WIND (MPH)
  HIGHEST WIND SPEED    10   HIGHEST WIND DIRECTION     W (270)
  HIGHEST GUST SPEED    14   HIGHEST GUST DIRECTION    NW (320)
  AVERAGE WIND SPEED     4.6




RELATIVE HUMIDITY (PERCENT)
 HIGHEST   100
 LOWEST     66
 AVERAGE    83

..........................................................


THE FRESNO CA CLIMATE NORMALS FOR TODAY
                         NORMAL    RECORD    YEAR
 MAXIMUM TEMPERATURE (F)   54        71      1979
 MINIMUM TEMPERATURE (F)   38        26      1965


SUNRISE AND SUNSET
DECEMBER 18 2014......SUNRISE   706 AM PST   SUNSET   445 PM PST
DECEMBER 19 2014......SUNRISE   707 AM PST   SUNSET   445 PM PST


-  INDICATES NEGATIVE NUMBERS.
R  INDICATES RECORD WAS SET OR TIED.
MM INDICATES DATA IS MISSING.
T  INDICATES TRACE AMOUNT.




$$
