306
CDUS46 KHNX 040823
CLIFAT


CLIMATE REPORT
NATIONAL WEATHER SERVICE SAN JOAQUIN VALLEY, CA
122 AM PDT WED MAY 4 2016


...................................

...THE FRESNO CA CLIMATE SUMMARY FOR MAY 3 2016...

CLIMATE NORMAL PERIOD 1981 TO 2010
CLIMATE RECORD PERIOD 1887 TO 2016


WEATHER ITEM   OBSERVED TIME   RECORD YEAR NORMAL DEPARTURE
                VALUE   (LST)  VALUE       VALUE  FROM
                                                  NORMAL
...............................................................
TEMPERATURE (F)
 YESTERDAY
  MAXIMUM         88    423 PM  99    2004  80      8
                                      1947
  MINIMUM         59    538 AM  38    1964  53      6
  AVERAGE         74                        67      7

PRECIPITATION (IN)
  YESTERDAY        0.00          0.80 1892   0.02  -0.02
  MONTH TO DATE    0.06                      0.07  -0.01
  SINCE OCT 1     14.00                     10.74   3.26
  SINCE JAN 1      8.80                      7.27   1.53

SNOWFALL (IN)
  YESTERDAY        0.0
  MONTH TO DATE    0.0
  SINCE MAR 1      0.0
  SINCE JUL 1      0.0
  SNOW DEPTH       0

DEGREE DAYS
 HEATING
  YESTERDAY        0                               -2
  MONTH TO DATE    0                               -6
  SINCE MAR 1    236                             -171
  SINCE JUL 1   1937                             -382

 COOLING
  YESTERDAY        9                                5
  MONTH TO DATE   24                               14
  SINCE MAR 1     88                               27
  SINCE JAN 1     88                               27
...............................................................


WIND (MPH)
  HIGHEST WIND SPEED    14   HIGHEST WIND DIRECTION    SE (140)
  HIGHEST GUST SPEED    19   HIGHEST GUST DIRECTION    SE (140)
  AVERAGE WIND SPEED     5.6




RELATIVE HUMIDITY (PERCENT)
 HIGHEST    75
 LOWEST     17
 AVERAGE    46

..........................................................


THE FRESNO CA CLIMATE NORMALS FOR TODAY
                         NORMAL    RECORD    YEAR
 MAXIMUM TEMPERATURE (F)   81       100      2004
 MINIMUM TEMPERATURE (F)   54        39      1950


SUNRISE AND SUNSET
MAY  4 2016...........SUNRISE   601 AM PDT   SUNSET   751 PM PDT
MAY  5 2016...........SUNRISE   600 AM PDT   SUNSET   751 PM PDT


-  INDICATES NEGATIVE NUMBERS.
R  INDICATES RECORD WAS SET OR TIED.
MM INDICATES DATA IS MISSING.
T  INDICATES TRACE AMOUNT.




$$
