000
CDUS46 KHNX 290823
CLIFAT


CLIMATE REPORT
NATIONAL WEATHER SERVICE SAN JOAQUIN VALLEY, CA
122 AM PDT WED MAR 29 2017


...................................

...THE FRESNO CA CLIMATE SUMMARY FOR MARCH 28 2017...

CLIMATE NORMAL PERIOD 1981 TO 2010
CLIMATE RECORD PERIOD 1887 TO 2017


WEATHER ITEM   OBSERVED TIME   RECORD YEAR NORMAL DEPARTURE
                VALUE   (LST)  VALUE       VALUE  FROM
                                                  NORMAL
...............................................................
TEMPERATURE (F)
 YESTERDAY
  MAXIMUM         68    345 PM  85    1986  70     -2
                                      1923
  MINIMUM         44    627 AM  33    1972  47     -3
  AVERAGE         56                        58     -2

PRECIPITATION (IN)
  YESTERDAY        0.00          1.05 2006   0.06  -0.06
  MONTH TO DATE    0.99                      1.88  -0.89
  SINCE OCT 1     13.57                      9.57   4.00
  SINCE JAN 1      9.01                      6.10   2.91

SNOWFALL (IN)
  YESTERDAY        0.0
  MONTH TO DATE    0.0
  SINCE MAR 1      0.0
  SINCE JUL 1      0.0
  SNOW DEPTH       0

DEGREE DAYS
 HEATING
  YESTERDAY        9                                2
  MONTH TO DATE  182                              -62
  SINCE MAR 1    182                              -62
  SINCE JUL 1   1796                             -360

 COOLING
  YESTERDAY        0                                0
  MONTH TO DATE   17                               17
  SINCE MAR 1     17                               17
  SINCE JAN 1     17                               17
...............................................................


WIND (MPH)
  HIGHEST WIND SPEED    13   HIGHEST WIND DIRECTION    SE (140)
  HIGHEST GUST SPEED    16   HIGHEST GUST DIRECTION    SE (130)
  AVERAGE WIND SPEED     4.3




RELATIVE HUMIDITY (PERCENT)
 HIGHEST    92
 LOWEST     42
 AVERAGE    67

..........................................................


THE FRESNO CA CLIMATE NORMALS FOR TODAY
                         NORMAL    RECORD    YEAR
 MAXIMUM TEMPERATURE (F)   70        87      1969
 MINIMUM TEMPERATURE (F)   47        32      1891


SUNRISE AND SUNSET
MARCH 29 2017.........SUNRISE   649 AM PDT   SUNSET   719 PM PDT
MARCH 30 2017.........SUNRISE   647 AM PDT   SUNSET   720 PM PDT


-  INDICATES NEGATIVE NUMBERS.
R  INDICATES RECORD WAS SET OR TIED.
MM INDICATES DATA IS MISSING.
T  INDICATES TRACE AMOUNT.




$$
