000
CDUS46 KHNX 280028
CLIFAT


CLIMATE REPORT
NATIONAL WEATHER SERVICE SAN JOAQUIN VALLEY, CA
527 PM PDT SAT AUG 27 2016


...................................

...THE FRESNO CA CLIMATE SUMMARY FOR AUGUST 27 2016...
VALID AS OF 0400 PM LOCAL TIME.

CLIMATE NORMAL PERIOD 1981 TO 2010
CLIMATE RECORD PERIOD 1887 TO 2016


WEATHER ITEM   OBSERVED TIME   RECORD YEAR NORMAL DEPARTURE LAST
                VALUE   (LST)  VALUE       VALUE  FROM      YEAR
                                                  NORMAL
..................................................................
TEMPERATURE (F)
 TODAY
  MAXIMUM         90    330 PM 109    1924  95     -5      102
                                      1894
  MINIMUM         61    615 AM  51    1895  65     -4       71
  AVERAGE         76                        80     -4       87

PRECIPITATION (IN)
  TODAY            0.00          0.01 1916   0.00   0.00     0.00
  MONTH TO DATE    0.00                      0.01  -0.01     0.00
  SINCE OCT 1     14.29                     11.33   2.96     6.85
  SINCE JAN 1      9.09                      7.86   1.23     3.66

SNOWFALL (IN)
  TODAY            0.0
  MONTH TO DATE    0.0
  SINCE JUN 1      0.0
  SINCE JUL 1      0.0
  SNOW DEPTH       0

DEGREE DAYS
 HEATING
  TODAY            0                         0      0        0
  MONTH TO DATE    0                         0      0        0
  SINCE JUN 1      0                         3     -3        0
  SINCE JUL 1      0                         0      0        0

 COOLING
  TODAY           11                        15     -4       22
  MONTH TO DATE  491                       455     36      476
  SINCE JUN 1   1576                      1382    194     1557
  SINCE JAN 1   1854                      1623    231     1830
..................................................................


WIND (MPH)
  HIGHEST WIND SPEED    14   HIGHEST WIND DIRECTION    NW (310)
  HIGHEST GUST SPEED    17   HIGHEST GUST DIRECTION    NW (320)
  AVERAGE WIND SPEED     6.1




RELATIVE HUMIDITY (PERCENT)
 HIGHEST    78
 LOWEST     26
 AVERAGE    52

..........................................................


THE FRESNO CA CLIMATE NORMALS FOR TOMORROW
                         NORMAL    RECORD    YEAR
 MAXIMUM TEMPERATURE (F)   95       108      1924
                                             1888
 MINIMUM TEMPERATURE (F)   65        52      1907


SUNRISE AND SUNSET
AUGUST 27 2016........SUNRISE   626 AM PDT   SUNSET   733 PM PDT
AUGUST 28 2016........SUNRISE   627 AM PDT   SUNSET   732 PM PDT


-  INDICATES NEGATIVE NUMBERS.
R  INDICATES RECORD WAS SET OR TIED.
MM INDICATES DATA IS MISSING.
T  INDICATES TRACE AMOUNT.




$$
