000
CDUS46 KHNX 260824
CLIFAT


CLIMATE REPORT
NATIONAL WEATHER SERVICE SAN JOAQUIN VALLEY, CA
124 AM PDT WED JUL 26 2017


...................................

...THE FRESNO CA CLIMATE SUMMARY FOR JULY 25 2017...

CLIMATE NORMAL PERIOD 1981 TO 2010
CLIMATE RECORD PERIOD 1887 TO 2017


WEATHER ITEM   OBSERVED TIME   RECORD YEAR NORMAL DEPARTURE
                VALUE   (LST)  VALUE       VALUE  FROM
                                                  NORMAL
...............................................................
TEMPERATURE (F)
 YESTERDAY
  MAXIMUM         98        MM 113    2006  99     -1
  MINIMUM         69        MM  56    1889  68      1
  AVERAGE         84                        84      0

PRECIPITATION (IN)
  YESTERDAY        0.00          0.06 1896   0.00   0.00
  MONTH TO DATE    0.00                      0.01  -0.01
  SINCE OCT 1     17.20                     11.32   5.88
  SINCE JAN 1     12.64                      7.85   4.79

SNOWFALL (IN)
  YESTERDAY        0.0
  MONTH TO DATE    0.0
  SINCE JUN 1      0.0
  SINCE JUL 1      0.0
  SNOW DEPTH       0

DEGREE DAYS
 HEATING
  YESTERDAY        0                                0
  MONTH TO DATE    0                                0
  SINCE JUN 1      4                                1
  SINCE JUL 1      0                                0

 COOLING
  YESTERDAY       19                                0
  MONTH TO DATE  538                               90
  SINCE JUN 1   1015                              198
  SINCE JAN 1   1266                              208
...............................................................


WIND (MPH)
  HIGHEST WIND SPEED    10   HIGHEST WIND DIRECTION    NW (310)
  HIGHEST GUST SPEED    MM   HIGHEST GUST DIRECTION    MM
  AVERAGE WIND SPEED     5.5




RELATIVE HUMIDITY (PERCENT)
 HIGHEST    73
 LOWEST     13
 AVERAGE    43

..........................................................


THE FRESNO CA CLIMATE NORMALS FOR TODAY
                         NORMAL    RECORD    YEAR
 MAXIMUM TEMPERATURE (F)   99       113      1931
 MINIMUM TEMPERATURE (F)   68        56      1955
                                             1889


SUNRISE AND SUNSET
JULY 26 2017..........SUNRISE   600 AM PDT   SUNSET   810 PM PDT
JULY 27 2017..........SUNRISE   601 AM PDT   SUNSET   809 PM PDT


-  INDICATES NEGATIVE NUMBERS.
R  INDICATES RECORD WAS SET OR TIED.
MM INDICATES DATA IS MISSING.
T  INDICATES TRACE AMOUNT.




$$
