000
CDUS46 KHNX 170823
CLIFAT


CLIMATE REPORT
NATIONAL WEATHER SERVICE SAN JOAQUIN VALLEY, CA
1222 AM PST SAT FEB 17 2018


...................................

...THE FRESNO CA CLIMATE SUMMARY FOR FEBRUARY 16 2018...

CLIMATE NORMAL PERIOD 1981 TO 2010
CLIMATE RECORD PERIOD 1887 TO 2018


WEATHER ITEM   OBSERVED TIME   RECORD YEAR NORMAL DEPARTURE
                VALUE   (LST)  VALUE       VALUE  FROM
                                                  NORMAL
...............................................................
TEMPERATURE (F)
 YESTERDAY
  MAXIMUM         68    328 PM  80    1943  62      6
                                      1902
  MINIMUM         36    628 AM  27    1956  42     -6
  AVERAGE         52                        52      0

PRECIPITATION (IN)
  YESTERDAY        0.00          0.93 1955   0.07  -0.07
  MONTH TO DATE    0.00                      1.15  -1.15
  SINCE OCT 1      1.64                      6.81  -5.17
  SINCE JAN 1      1.23                      3.34  -2.11

SNOWFALL (IN)
  YESTERDAY        0.0
  MONTH TO DATE    0.0
  SINCE DEC 1      0.0
  SINCE JUL 1      0.0
  SNOW DEPTH       0

DEGREE DAYS
 HEATING
  YESTERDAY       13                                0
  MONTH TO DATE  117                             -118
  SINCE DEC 1   1016                             -366
  SINCE JUL 1   1274                             -496

 COOLING
  YESTERDAY        0                                0
  MONTH TO DATE    0                                0
  SINCE DEC 1      0                                0
  SINCE JAN 1      0                                0
...............................................................


WIND (MPH)
  HIGHEST WIND SPEED    12   HIGHEST WIND DIRECTION     W (290)
  HIGHEST GUST SPEED    16   HIGHEST GUST DIRECTION     W (270)
  AVERAGE WIND SPEED     3.1




RELATIVE HUMIDITY (PERCENT)
 HIGHEST    76
 LOWEST     16
 AVERAGE    46

..........................................................


THE FRESNO CA CLIMATE NORMALS FOR TODAY
                         NORMAL    RECORD    YEAR
 MAXIMUM TEMPERATURE (F)   62        84      1930
 MINIMUM TEMPERATURE (F)   42        29      1956
                                             1917
                                             1889


SUNRISE AND SUNSET
FEBRUARY 17 2018......SUNRISE   645 AM PST   SUNSET   541 PM PST
FEBRUARY 18 2018......SUNRISE   643 AM PST   SUNSET   542 PM PST


-  INDICATES NEGATIVE NUMBERS.
R  INDICATES RECORD WAS SET OR TIED.
MM INDICATES DATA IS MISSING.
T  INDICATES TRACE AMOUNT.




$$
