248
CDUS42 KRAH 100639
CLIFAY


CLIMATE REPORT
NATIONAL WEATHER SERVICE RALEIGH NC
137 AM EST WED FEB 10 2016


...................................

...THE FAYETTEVILLE REGL AIRPORT NC CLIMATE SUMMARY FOR FEBRUARY 9 2016...

CLIMATE NORMAL PERIOD 1981 TO 2010
CLIMATE RECORD PERIOD 1910 TO 2016


WEATHER ITEM   OBSERVED TIME   RECORD YEAR NORMAL DEPARTURE LAST
                VALUE   (LST)  VALUE       VALUE  FROM      YEAR
                                                  NORMAL
..................................................................
TEMPERATURE (F)
 YESTERDAY
  MAXIMUM         47   1251 PM  75    1937  58    -11       70
  MINIMUM         33   1159 PM  13    1947  35     -2       49
  AVERAGE         40                        46     -6       60

PRECIPITATION (IN)
  YESTERDAY        0.00          1.75 1944   0.09  -0.09     0.07
  MONTH TO DATE    2.88                      0.80   2.08     0.59
  SINCE DEC 1     11.09                      6.75   4.34     9.18
  SINCE JAN 1      4.58                      4.10   0.48     4.96

DEGREE DAYS
 HEATING
  YESTERDAY       25                        19      6        5
  MONTH TO DATE  141                       175    -34      174
  SINCE DEC 1   1094                      1453   -359     1397
  SINCE JUL 1   1413                      1901   -488     1941

 COOLING
  YESTERDAY        0                         0      0        0
  MONTH TO DATE    0                         0      0        0
  SINCE DEC 1     47                         4     43        0
  SINCE JAN 1      0                         2     -2        0
..................................................................


WIND (MPH)
  HIGHEST WIND SPEED    23   HIGHEST WIND DIRECTION     W (250)
  HIGHEST GUST SPEED    29   HIGHEST GUST DIRECTION     W (260)
  AVERAGE WIND SPEED    12.1


SKY COVER
  POSSIBLE SUNSHINE  MM
  AVERAGE SKY COVER 0.8


WEATHER CONDITIONS
 THE FOLLOWING WEATHER WAS RECORDED YESTERDAY.
  FOG


RELATIVE HUMIDITY (PERCENT)
 HIGHEST    92           100 AM
 LOWEST     35          1100 PM
 AVERAGE    64

..........................................................


THE FAYETTEVILLE REGL AIRPORT NC CLIMATE NORMALS FOR TODAY
                         NORMAL    RECORD    YEAR
 MAXIMUM TEMPERATURE (F)   58        80      1939
 MINIMUM TEMPERATURE (F)   35         9      1934


SUNRISE AND SUNSET
FEBRUARY 10 2016......SUNRISE   707 AM EST   SUNSET   553 PM EST
FEBRUARY 11 2016......SUNRISE   706 AM EST   SUNSET   554 PM EST


-  INDICATES NEGATIVE NUMBERS.
R  INDICATES RECORD WAS SET OR TIED.
MM INDICATES DATA IS MISSING.
T  INDICATES TRACE AMOUNT.




$$
