000
CDUS42 KRAH 200612
CLIFAY


CLIMATE REPORT
NATIONAL WEATHER SERVICE RALEIGH NC
210 AM EDT FRI OCT 20 2017


...................................

...THE FAYETTEVILLE REGL AIRPORT NC CLIMATE SUMMARY FOR OCTOBER 19 2017...

CLIMATE NORMAL PERIOD 1981 TO 2010
CLIMATE RECORD PERIOD 1910 TO 2017


WEATHER ITEM   OBSERVED TIME   RECORD YEAR NORMAL DEPARTURE LAST
                VALUE   (LST)  VALUE       VALUE  FROM      YEAR
                                                  NORMAL
..................................................................
TEMPERATURE (F)
 YESTERDAY
  MAXIMUM         79    307 PM  90    1926  74      5       88
  MINIMUM         49    647 AM  32    1931  51     -2       64
  AVERAGE         64                        62      2       76

PRECIPITATION (IN)
  YESTERDAY        0.00          1.65 1916   0.09  -0.09     0.00
  MONTH TO DATE    1.34                      2.33  -0.99    15.02
  SINCE SEP 1      5.07                      6.73  -1.66    26.14
  SINCE JAN 1     36.87                     38.16  -1.29    52.80

DEGREE DAYS
 HEATING
  YESTERDAY        1                         4     -3        0
  MONTH TO DATE   20                        48    -28       14
  SINCE SEP 1     22                        57    -35       14
  SINCE JUL 1     22                        57    -35       14

 COOLING
  YESTERDAY        0                         2     -2       11
  MONTH TO DATE  132                        55     77       83
  SINCE SEP 1    456                       323    133      489
  SINCE JAN 1   2435                      1963    472     2483
..................................................................


WIND (MPH)
  HIGHEST WIND SPEED     9   HIGHEST WIND DIRECTION     N (20)
  HIGHEST GUST SPEED    12   HIGHEST GUST DIRECTION    NE (40)
  AVERAGE WIND SPEED     4.0


SKY COVER
  POSSIBLE SUNSHINE  MM
  AVERAGE SKY COVER 0.0


WEATHER CONDITIONS
 THE FOLLOWING WEATHER WAS RECORDED YESTERDAY.
  NO SIGNIFICANT WEATHER WAS OBSERVED.


RELATIVE HUMIDITY (PERCENT)
 HIGHEST   100           500 AM
 LOWEST     42           300 PM
 AVERAGE    71

..........................................................


THE FAYETTEVILLE REGL AIRPORT NC CLIMATE NORMALS FOR TODAY
                         NORMAL    RECORD    YEAR
 MAXIMUM TEMPERATURE (F)   74        89      1926
 MINIMUM TEMPERATURE (F)   50        30      1981


SUNRISE AND SUNSET
OCTOBER 20 2017.......SUNRISE   726 AM EDT   SUNSET   634 PM EDT
OCTOBER 21 2017.......SUNRISE   727 AM EDT   SUNSET   633 PM EDT


-  INDICATES NEGATIVE NUMBERS.
R  INDICATES RECORD WAS SET OR TIED.
MM INDICATES DATA IS MISSING.
T  INDICATES TRACE AMOUNT.




$$
