000
CDUS42 KRAH 200542
CLIFAY


CLIMATE REPORT
NATIONAL WEATHER SERVICE RALEIGH NC
141 AM EDT SAT SEP 20 2014


...................................

...THE FAYETTEVILLE REGL AIRPORT NC CLIMATE SUMMARY FOR SEPTEMBER 19 2014...

CLIMATE NORMAL PERIOD 1981 TO 2010
CLIMATE RECORD PERIOD 1910 TO 2014


WEATHER ITEM   OBSERVED TIME   RECORD YEAR NORMAL DEPARTURE LAST
                VALUE   (LST)  VALUE       VALUE  FROM      YEAR
                                                  NORMAL
..................................................................
TEMPERATURE (F)
 YESTERDAY
  MAXIMUM         83    208 PM  99    1956  83      0       83
  MINIMUM         64   1031 PM  48    1990  63      1       54
  AVERAGE         74                        73      1       69

PRECIPITATION (IN)
  YESTERDAY        0.00          4.32 1928   0.14  -0.14     0.00
  MONTH TO DATE    6.03                      2.83   3.20     0.15
  SINCE SEP 1      6.03                      2.83   3.20     0.15
  SINCE JAN 1     32.95                     34.26  -1.31    34.71

DEGREE DAYS
 HEATING
  YESTERDAY        0                         0      0        0
  MONTH TO DATE    0                         0      0        0
  SINCE SEP 1      0                         0      0        0
  SINCE JUL 1      0                         0      0        0

 COOLING
  YESTERDAY        9                         8      1        4
  MONTH TO DATE  246                       198     48      228
  SINCE SEP 1    246                       198     48      228
  SINCE JAN 1   1987                      1838    149     1807
..................................................................


WIND (MPH)
  HIGHEST WIND SPEED    15   HIGHEST WIND DIRECTION     E (90)
  HIGHEST GUST SPEED    18   HIGHEST GUST DIRECTION     E (90)
  AVERAGE WIND SPEED     6.5


SKY COVER
  POSSIBLE SUNSHINE  MM
  AVERAGE SKY COVER 0.3


WEATHER CONDITIONS
 THE FOLLOWING WEATHER WAS RECORDED YESTERDAY.
  NO SIGNIFICANT WEATHER WAS OBSERVED.


RELATIVE HUMIDITY (PERCENT)
 HIGHEST    93          1200 AM
 LOWEST     46           200 PM
 AVERAGE    70

..........................................................


THE FAYETTEVILLE REGL AIRPORT NC CLIMATE NORMALS FOR TODAY
                         NORMAL    RECORD    YEAR
 MAXIMUM TEMPERATURE (F)   82        98      1954
 MINIMUM TEMPERATURE (F)   63        28      1941


SUNRISE AND SUNSET
SEPTEMBER 20 2014.....SUNRISE   702 AM EDT   SUNSET   715 PM EDT
SEPTEMBER 21 2014.....SUNRISE   703 AM EDT   SUNSET   714 PM EDT


-  INDICATES NEGATIVE NUMBERS.
R  INDICATES RECORD WAS SET OR TIED.
MM INDICATES DATA IS MISSING.
T  INDICATES TRACE AMOUNT.




$$
