000
CDUS42 KRAH 252205
CLIFAY


CLIMATE REPORT
NATIONAL WEATHER SERVICE RALEIGH NC
504 PM EST THU DEC 25 2014


...................................

...THE FAYETTEVILLE REGL AIRPORT NC CLIMATE SUMMARY FOR DECEMBER 25 2014...
VALID TODAY AS OF 0504 PM LOCAL TIME.

CLIMATE NORMAL PERIOD 1981 TO 2010
CLIMATE RECORD PERIOD 1910 TO 2014


WEATHER ITEM   OBSERVED TIME   RECORD YEAR NORMAL DEPARTURE LAST
                VALUE   (LST)  VALUE       VALUE  FROM      YEAR
                                                  NORMAL
..................................................................
TEMPERATURE (F)
 TODAY
  MAXIMUM         66    156 AM  79    1932  53     13       43
  MINIMUM         52    847 AM   4    1989  33     19       24
  AVERAGE         59                        43     16       34

PRECIPITATION (IN)
  TODAY            T             1.84 2006   0.07  -0.07     0.00
  MONTH TO DATE    3.75                      2.25   1.50     2.55
  SINCE DEC 1      3.75                      2.25   1.50     2.55
  SINCE JAN 1     41.68                     44.06  -2.38    41.63

DEGREE DAYS
 HEATING
  TODAY            6                        22    -16       31
  MONTH TO DATE  427                       479    -52      381
  SINCE DEC 1    427                       479    -52      381
  SINCE JUL 1    971                       927     44      897

 COOLING
  TODAY            0                         0      0        0
  MONTH TO DATE    0                         0      0       17
  SINCE DEC 1      0                         0      0       17
  SINCE JAN 1   2139                      1991    148     1955
..................................................................


WIND (MPH)
  HIGHEST WIND SPEED    28   HIGHEST WIND DIRECTION    SW (240)
  HIGHEST GUST SPEED    37   HIGHEST GUST DIRECTION    SW (240)
  AVERAGE WIND SPEED    13.0


SKY COVER
  POSSIBLE SUNSHINE  MM
  AVERAGE SKY COVER 0.5


WEATHER CONDITIONS
 THE FOLLOWING WEATHER WAS RECORDED TODAY.
  LIGHT RAIN


RELATIVE HUMIDITY (PERCENT)
 HIGHEST    87          1200 AM
 LOWEST     39           300 PM
 AVERAGE    63

..........................................................


THE FAYETTEVILLE REGL AIRPORT NC CLIMATE NORMALS FOR TOMORROW
                         NORMAL    RECORD    YEAR
 MAXIMUM TEMPERATURE (F)   53        79      1955
 MINIMUM TEMPERATURE (F)   33         7      1983


SUNRISE AND SUNSET
DECEMBER 25 2014......SUNRISE   721 AM EST   SUNSET   510 PM EST
DECEMBER 26 2014......SUNRISE   722 AM EST   SUNSET   511 PM EST


-  INDICATES NEGATIVE NUMBERS.
R  INDICATES RECORD WAS SET OR TIED.
MM INDICATES DATA IS MISSING.
T  INDICATES TRACE AMOUNT.




$$
