000
CDUS42 KRAH 220559
CLIFAY


CLIMATE REPORT
NATIONAL WEATHER SERVICE RALEIGH NC
156 AM EDT TUE AUG 22 2017


...................................

...THE FAYETTEVILLE REGL AIRPORT NC CLIMATE SUMMARY FOR AUGUST 21 2017...

CLIMATE NORMAL PERIOD 1981 TO 2010
CLIMATE RECORD PERIOD 1910 TO 2017


WEATHER ITEM   OBSERVED TIME   RECORD YEAR NORMAL DEPARTURE LAST
                VALUE   (LST)  VALUE       VALUE  FROM      YEAR
                                                  NORMAL
..................................................................
TEMPERATURE (F)
 YESTERDAY
  MAXIMUM         91    422 PM 104    2007  89      2       99
  MINIMUM         72    345 AM  56    1957  69      3       75
  AVERAGE         82                        79      3       87

PRECIPITATION (IN)
  YESTERDAY        0.00          2.27 2013   0.17  -0.17     0.00
  MONTH TO DATE    3.34                      3.88  -0.54     1.14
  SINCE JUN 1     15.79                     14.15   1.64     8.90
  SINCE JAN 1     31.43                     29.82   1.61    26.47

DEGREE DAYS
 HEATING
  YESTERDAY        0                         0      0        0
  MONTH TO DATE    0                         0      0        0
  SINCE JUN 1      0                         0      0        0
  SINCE JUL 1      0                         0      0        0

 COOLING
  YESTERDAY       17                        14      3       22
  MONTH TO DATE  345                       319     26      418
  SINCE JUN 1   1345                      1222    123     1489
  SINCE JAN 1   1848                      1506    342     1825
..................................................................


WIND (MPH)
  HIGHEST WIND SPEED    10   HIGHEST WIND DIRECTION     E (100)
  HIGHEST GUST SPEED    20   HIGHEST GUST DIRECTION     S (180)
  AVERAGE WIND SPEED     4.5


SKY COVER
  POSSIBLE SUNSHINE  MM
  AVERAGE SKY COVER 0.2


WEATHER CONDITIONS
 THE FOLLOWING WEATHER WAS RECORDED YESTERDAY.
  FOG


RELATIVE HUMIDITY (PERCENT)
 HIGHEST   100          1200 AM
 LOWEST     52           400 PM
 AVERAGE    76

..........................................................


THE FAYETTEVILLE REGL AIRPORT NC CLIMATE NORMALS FOR TODAY
                         NORMAL    RECORD    YEAR
 MAXIMUM TEMPERATURE (F)   89       105      1983
 MINIMUM TEMPERATURE (F)   69        55      1922


SUNRISE AND SUNSET
AUGUST 22 2017........SUNRISE   641 AM EDT   SUNSET   755 PM EDT
AUGUST 23 2017........SUNRISE   642 AM EDT   SUNSET   754 PM EDT


-  INDICATES NEGATIVE NUMBERS.
R  INDICATES RECORD WAS SET OR TIED.
MM INDICATES DATA IS MISSING.
T  INDICATES TRACE AMOUNT.




$$
