000
CDUS42 KRAH 010602
CLIFAY


CLIMATE REPORT
NATIONAL WEATHER SERVICE RALEIGH NC
200 AM EDT FRI AUG 1 2014


...................................

...THE FAYETTEVILLE REGL AIRPORT NC CLIMATE SUMMARY FOR JULY 31 2014...

CLIMATE NORMAL PERIOD 1981 TO 2010
CLIMATE RECORD PERIOD 1910 TO 2014


WEATHER ITEM   OBSERVED TIME   RECORD YEAR NORMAL DEPARTURE LAST
                VALUE   (LST)  VALUE       VALUE  FROM      YEAR
                                                  NORMAL
..................................................................
TEMPERATURE (F)
 YESTERDAY
  MAXIMUM         89    233 PM 102    1931  91     -2       86
  MINIMUM         70    622 AM  56    1914  71     -1       72
  AVERAGE         80                        81     -1       79

PRECIPITATION (IN)
  YESTERDAY        0.03          1.69 1967   0.19  -0.16      T
  MONTH TO DATE    1.86                      5.92  -4.06     7.10
  SINCE JUN 1      4.55                     10.27  -5.72    15.68
  SINCE JAN 1     23.00                     25.94  -2.94    29.02

DEGREE DAYS
 HEATING
  YESTERDAY        0                         0      0        0
  MONTH TO DATE    0                         0      0        0
  SINCE JUN 1      0                         0      0        0
  SINCE JUL 1      0                         0      0        0

 COOLING
  YESTERDAY       15                        16     -1       14
  MONTH TO DATE  484                       507    -23      499
  SINCE JUN 1    941                       903     38      894
  SINCE JAN 1   1307                      1187    120     1143
..................................................................


WIND (MPH)
  HIGHEST WIND SPEED    15   HIGHEST WIND DIRECTION    SE (140)
  HIGHEST GUST SPEED    19   HIGHEST GUST DIRECTION    SE (140)
  AVERAGE WIND SPEED     5.9


SKY COVER
  POSSIBLE SUNSHINE  MM
  AVERAGE SKY COVER 0.6


WEATHER CONDITIONS
 THE FOLLOWING WEATHER WAS RECORDED YESTERDAY.
  LIGHT RAIN
  FOG


RELATIVE HUMIDITY (PERCENT)
 HIGHEST    93          1000 PM
 LOWEST     43           200 PM
 AVERAGE    68

..........................................................


THE FAYETTEVILLE REGL AIRPORT NC CLIMATE NORMALS FOR TODAY
                         NORMAL    RECORD    YEAR
 MAXIMUM TEMPERATURE (F)   91       103      1953
 MINIMUM TEMPERATURE (F)   71        56      1914


SUNRISE AND SUNSET
AUGUST  1 2014........SUNRISE   625 AM EDT   SUNSET   818 PM EDT
AUGUST  2 2014........SUNRISE   626 AM EDT   SUNSET   817 PM EDT


-  INDICATES NEGATIVE NUMBERS.
R  INDICATES RECORD WAS SET OR TIED.
MM INDICATES DATA IS MISSING.
T  INDICATES TRACE AMOUNT.




$$
