000
CDUS42 KRAH 181540
CLIFAY


CLIMATE REPORT
NATIONAL WEATHER SERVICE RALEIGH NC
1038 AM EST MON DEC 18 2017


...................................

...THE FAYETTEVILLE REGL AIRPORT NC CLIMATE SUMMARY FOR DECEMBER 18 2017...
VALID AS OF 1000 AM LOCAL TIME.

CLIMATE NORMAL PERIOD 1981 TO 2010
CLIMATE RECORD PERIOD 1910 TO 2017


WEATHER ITEM   OBSERVED TIME   RECORD YEAR NORMAL DEPARTURE LAST
                VALUE   (LST)  VALUE       VALUE  FROM      YEAR
                                                  NORMAL
..................................................................
TEMPERATURE (F)
 TODAY

  MINIMUM         48    748 AM  13    1943  34     14       49
  AVERAGE         51                        44      7       63

PRECIPITATION (IN)
  TODAY            0.00          1.48 1959   0.08  -0.08     0.37
  MONTH TO DATE    2.02                      1.72   0.30     1.71
  SINCE DEC 1      2.02                      1.72   0.30     1.71
  SINCE JAN 1     40.85                     43.53  -2.68    55.32

..................................................................


WIND (MPH)
  HIGHEST WIND SPEED     7   HIGHEST WIND DIRECTION     S (170)
  HIGHEST GUST SPEED     8   HIGHEST GUST DIRECTION     S (170)
  AVERAGE WIND SPEED     0.8


SKY COVER
  POSSIBLE SUNSHINE  MM
  AVERAGE SKY COVER 0.9


WEATHER CONDITIONS
 THE FOLLOWING WEATHER WAS RECORDED TODAY.
  NO SIGNIFICANT WEATHER WAS OBSERVED.


RELATIVE HUMIDITY (PERCENT)
 HIGHEST    77           800 AM
 LOWEST     57          1000 AM
 AVERAGE    67

..........................................................




SUNRISE AND SUNSET
DECEMBER 18 2017......SUNRISE   718 AM EST   SUNSET   506 PM EST
DECEMBER 19 2017......SUNRISE   719 AM EST   SUNSET   507 PM EST


-  INDICATES NEGATIVE NUMBERS.
R  INDICATES RECORD WAS SET OR TIED.
MM INDICATES DATA IS MISSING.
T  INDICATES TRACE AMOUNT.




$$
