000
CDUS42 KFFC 270023
CLIFFC


CLIMATE REPORT
NATIONAL WEATHER SERVICE PEACHTREE CITY GA
822 PM EDT THU MAR 26 2015


...................................

...THE PEACHTREE CITY CLIMATE SUMMARY FOR MARCH 26 2015...
VALID AS OF 0800 PM LOCAL TIME.

CLIMATE NORMAL PERIOD 1981 TO 2010
CLIMATE RECORD PERIOD 9999 TO 9999


WEATHER ITEM   OBSERVED RECORD YEAR NORMAL DEPARTURE LAST
                VALUE   VALUE       VALUE  FROM      YEAR
                                           NORMAL
...........................................................
TEMPERATURE (F)
 TODAY
  MAXIMUM         73     MM      MM  69      4       54
  MINIMUM         61     MM      MM  42     19       30
  AVERAGE         67

PRECIPITATION (IN)
  TODAY            0.00  MM      MM   0.16  -0.16     0.00
  MONTH TO DATE    2.30               4.37  -2.07     3.52
  SINCE MAR 1      2.30               4.37  -2.07     3.52

SNOWFALL (IN)
  TODAY           MM     MM      MM  MM              MM
  MONTH TO DATE    0.0               MM               0.0
  SINCE MAR 1      0.0               MM               0.0
  SINCE JUL 1      T                 MM               1.8

DEGREE DAYS
 HEATING
  TODAY            0

 COOLING
  TODAY            2
...........................................................


WIND (MPH)
  RESULTANT WIND SPEED   3   RESULTANT WIND DIRECTION  SW (240)
  HIGHEST WIND SPEED    15   HIGHEST WIND DIRECTION     W (270)
  HIGHEST GUST SPEED    22   HIGHEST GUST DIRECTION     W (290)


SKY COVER
  POSSIBLE SUNSHINE  MM
  AVERAGE SKY COVER 0.7


WEATHER CONDITIONS
 THE FOLLOWING WEATHER WAS RECORDED TODAY.
  NO SIGNIFICANT WEATHER WAS OBSERVED.


RELATIVE HUMIDITY (PERCENT)
 HIGHEST    93
 LOWEST     46
 AVERAGE    70

..........................................................


THE PEACHTREE CITY CLIMATE NORMALS FOR TOMORROW
                         NORMAL    RECORD    YEAR
 MAXIMUM TEMPERATURE (F)   69        MM        MM
 MINIMUM TEMPERATURE (F)   42        MM        MM


SUNRISE AND SUNSET
MARCH 26 2015.........SUNRISE   734 AM EDT   SUNSET   754 PM EDT
MARCH 27 2015.........SUNRISE   733 AM EDT   SUNSET   755 PM EDT


-  INDICATES NEGATIVE NUMBERS.
R  INDICATES RECORD WAS SET OR TIED.
MM INDICATES DATA IS MISSING.
T  INDICATES TRACE AMOUNT.




$$
