000
CDUS43 KLMK 030626
CLIFFT


CLIMATE REPORT
NATIONAL WEATHER SERVICE LOUISVILLE KY
226 AM EDT WED JUN 3 2015


...................................

...THE FRANKFORT KY CLIMATE SUMMARY FOR JUNE 2 2015...

CLIMATE NORMAL PERIOD 1981 TO 2010
CLIMATE RECORD PERIOD 1895 TO 2015


WEATHER ITEM   OBSERVED TIME   RECORD YEAR NORMAL DEPARTURE LAST
                VALUE   (LST)  VALUE       VALUE  FROM      YEAR
                                                  NORMAL
..................................................................
TEMPERATURE (F)
 YESTERDAY
  MAXIMUM         62    249 PM  96    1895  80    -18       80
  MINIMUM         54    656 AM  40    1966  58     -4       70
  AVERAGE         58                        69    -11       75

PRECIPITATION (IN)
  YESTERDAY        0.00          2.03 1995   0.19  -0.19      T
  MONTH TO DATE    0.43                      0.37   0.06      T
  SINCE JUN 1      0.43                      0.37   0.06      T
  SINCE JAN 1     23.83                     19.84   3.99    20.78

SNOWFALL (IN)
  YESTERDAY       MM            MM      MM  MM     MM       MM
  MONTH TO DATE   MM                        MM     MM       MM
  SINCE JUN 1     MM                        MM     MM       MM
  SINCE JUL 1     MM                        MM     MM       MM
  SNOW DEPTH      MM

DEGREE DAYS
 HEATING
  YESTERDAY        7                         1      6        0
  MONTH TO DATE   14                         2     12        0
  SINCE JUN 1     14                         2     12        0
  SINCE JUL 1   5137                      4692    445     5220

 COOLING
  YESTERDAY        0                         5     -5       10
  MONTH TO DATE    0                        10    -10       16
  SINCE JUN 1      0                        10    -10       16
  SINCE JAN 1    155                       109     46      138
..................................................................


WIND (MPH)
  HIGHEST WIND SPEED    10   HIGHEST WIND DIRECTION     E (80)
  HIGHEST GUST SPEED    13   HIGHEST GUST DIRECTION    NE (40)
  AVERAGE WIND SPEED     5.3


SKY COVER
  POSSIBLE SUNSHINE  MM
  AVERAGE SKY COVER 1.0


WEATHER CONDITIONS
 THE FOLLOWING WEATHER WAS RECORDED YESTERDAY.
  FOG


RELATIVE HUMIDITY (PERCENT)
 HIGHEST    93           500 AM
 LOWEST     72           100 PM
 AVERAGE    83

..........................................................


THE FRANKFORT KY CLIMATE NORMALS FOR TODAY
                         NORMAL    RECORD    YEAR
 MAXIMUM TEMPERATURE (F)   80        98      1895
 MINIMUM TEMPERATURE (F)   58        44      1910


SUNRISE AND SUNSET
JUNE  3 2015..........SUNRISE   618 AM EDT   SUNSET   858 PM EDT
JUNE  4 2015..........SUNRISE   617 AM EDT   SUNSET   859 PM EDT


-  INDICATES NEGATIVE NUMBERS.
R  INDICATES RECORD WAS SET OR TIED.
MM INDICATES DATA IS MISSING.
T  INDICATES TRACE AMOUNT.




$$
