462
CDUS43 KLMK 220640
CLIFFT


CLIMATE REPORT
NATIONAL WEATHER SERVICE LOUISVILLE KY
240 AM EDT MON MAY 22 2017


...................................

...THE FRANKFORT KY CLIMATE SUMMARY FOR MAY 21 2017...

CLIMATE NORMAL PERIOD 1981 TO 2010
CLIMATE RECORD PERIOD 1895 TO 2017


WEATHER ITEM   OBSERVED TIME   RECORD YEAR NORMAL DEPARTURE LAST
                VALUE   (LST)  VALUE       VALUE  FROM      YEAR
                                                  NORMAL
..................................................................
TEMPERATURE (F)
 YESTERDAY
  MAXIMUM         79    233 PM  96    1941  77      2       66
  MINIMUM         59   1153 PM  35    2002  54      5       51
  AVERAGE         69                        65      4       59

PRECIPITATION (IN)
  YESTERDAY        0.78          2.48 1935   0.16   0.62     0.10
  MONTH TO DATE    4.86                      3.35   1.51     4.33
  SINCE MAR 1     13.29                     11.42   1.87    13.48
  SINCE JAN 1     19.39                     17.97   1.42    19.50

SNOWFALL (IN)
  YESTERDAY       MM            MM      MM  MM     MM       MM
  MONTH TO DATE   MM                        MM     MM       MM
  SINCE MAR 1     MM                        MM     MM       MM
  SINCE JUL 1     MM                        MM     MM       MM
  SNOW DEPTH      MM

DEGREE DAYS
 HEATING
  YESTERDAY        0                         3     -3        6
  MONTH TO DATE   84                        92     -8      130
  SINCE MAR 1    753                      1031   -278      796
  SINCE JUL 1   3523                      4670  -1147     3868

 COOLING
  YESTERDAY        4                         3      1        0
  MONTH TO DATE   76                        40     36       22
  SINCE MAR 1    149                        60     89       48
  SINCE JAN 1    152                        60     92       48
..................................................................


WIND (MPH)
  HIGHEST WIND SPEED    22   HIGHEST WIND DIRECTION     S (190)
  HIGHEST GUST SPEED    30   HIGHEST GUST DIRECTION     W (270)
  AVERAGE WIND SPEED     6.5


SKY COVER
  POSSIBLE SUNSHINE  MM
  AVERAGE SKY COVER 0.8


WEATHER CONDITIONS
 THE FOLLOWING WEATHER WAS RECORDED YESTERDAY.
  THUNDERSTORM
  HEAVY RAIN
  RAIN
  LIGHT RAIN
  FOG


RELATIVE HUMIDITY (PERCENT)
 HIGHEST    93           900 PM
 LOWEST     67           200 PM
 AVERAGE    80

..........................................................


THE FRANKFORT KY CLIMATE NORMALS FOR TODAY
                         NORMAL    RECORD    YEAR
 MAXIMUM TEMPERATURE (F)   77        95      1941
 MINIMUM TEMPERATURE (F)   54        31      2002


SUNRISE AND SUNSET
MAY 22 2017...........SUNRISE   623 AM EDT   SUNSET   850 PM EDT
MAY 23 2017...........SUNRISE   623 AM EDT   SUNSET   851 PM EDT


-  INDICATES NEGATIVE NUMBERS.
R  INDICATES RECORD WAS SET OR TIED.
MM INDICATES DATA IS MISSING.
T  INDICATES TRACE AMOUNT.




$$
