000
CDUS43 KLMK 100639
CLIFFT


CLIMATE REPORT
NATIONAL WEATHER SERVICE LOUISVILLE KY
139 AM EST WED FEB 10 2016


...................................

...THE FRANKFORT KY CLIMATE SUMMARY FOR FEBRUARY 9 2016...

CLIMATE NORMAL PERIOD 1981 TO 2010
CLIMATE RECORD PERIOD 1895 TO 2016


WEATHER ITEM   OBSERVED TIME   RECORD YEAR NORMAL DEPARTURE LAST
                VALUE   (LST)  VALUE       VALUE  FROM      YEAR
                                                  NORMAL
..................................................................
TEMPERATURE (F)
 YESTERDAY
  MAXIMUM         25    208 PM  71    1925  45    -20       52
  MINIMUM         18   1159 PM -10    1899  26     -8       27
  AVERAGE         22                        35    -13       40

PRECIPITATION (IN)
  YESTERDAY        T             1.55 1950   0.10  -0.10     0.01
  MONTH TO DATE    1.88                      0.99   0.89     0.50
  SINCE DEC 1      9.59                      8.26   1.33     5.11
  SINCE JAN 1      3.33                      4.25  -0.92     1.96

SNOWFALL (IN)
  YESTERDAY       MM            MM      MM  MM     MM       MM
  MONTH TO DATE   MM                        MM     MM       MM
  SINCE DEC 1     MM                        MM     MM       MM
  SINCE JUL 1     MM                        MM     MM       MM
  SNOW DEPTH      MM

DEGREE DAYS
 HEATING
  YESTERDAY       43                        30     13       25
  MONTH TO DATE  241                       275    -34      256
  SINCE DEC 1   1801                      2202   -401     2131
  SINCE JUL 1   2535                      3113   -578     3259

 COOLING
  YESTERDAY        0                         0      0        0
  MONTH TO DATE    0                         0      0        0
  SINCE DEC 1      1                         0      1        0
  SINCE JAN 1      0                         0      0        0
..................................................................


WIND (MPH)
  HIGHEST WIND SPEED    13   HIGHEST WIND DIRECTION     W (260)
  HIGHEST GUST SPEED    20   HIGHEST GUST DIRECTION     W (260)
  AVERAGE WIND SPEED     8.1


SKY COVER
  POSSIBLE SUNSHINE  MM
  AVERAGE SKY COVER 0.9


WEATHER CONDITIONS
 THE FOLLOWING WEATHER WAS RECORDED YESTERDAY.
  LIGHT SNOW


RELATIVE HUMIDITY (PERCENT)
 HIGHEST    77           100 AM
 LOWEST     71           300 AM
 AVERAGE    74

..........................................................


THE FRANKFORT KY CLIMATE NORMALS FOR TODAY
                         NORMAL    RECORD    YEAR
 MAXIMUM TEMPERATURE (F)   45        80      1932
 MINIMUM TEMPERATURE (F)   26       -10      1899


SUNRISE AND SUNSET
FEBRUARY 10 2016......SUNRISE   736 AM EST   SUNSET   612 PM EST
FEBRUARY 11 2016......SUNRISE   735 AM EST   SUNSET   613 PM EST


-  INDICATES NEGATIVE NUMBERS.
R  INDICATES RECORD WAS SET OR TIED.
MM INDICATES DATA IS MISSING.
T  INDICATES TRACE AMOUNT.




$$
