000
CDUS43 KLMK 230627
CLIFFT


CLIMATE REPORT
NATIONAL WEATHER SERVICE LOUISVILLE KY
127 AM EST SUN NOV 23 2014


...................................

...THE FRANKFORT KY CLIMATE SUMMARY FOR NOVEMBER 22 2014...

CLIMATE NORMAL PERIOD 1981 TO 2010
CLIMATE RECORD PERIOD 1895 TO 2014


WEATHER ITEM   OBSERVED TIME   RECORD YEAR NORMAL DEPARTURE LAST
                VALUE   (LST)  VALUE       VALUE  FROM      YEAR
                                                  NORMAL
..................................................................
TEMPERATURE (F)
 YESTERDAY
  MAXIMUM         63    326 PM  78    1931  53     10       56
  MINIMUM         25   1241 AM  10    1964  34     -9       42
  AVERAGE         44                        44      0       49

PRECIPITATION (IN)
  YESTERDAY        T             1.53 1942   0.13  -0.13     0.17
  MONTH TO DATE    1.14                      2.63  -1.49     2.36
  SINCE SEP 1      8.58                      9.20  -0.62     9.85
  SINCE JAN 1     41.87                     40.51   1.36    44.91

SNOWFALL (IN)
  YESTERDAY       MM            MM      MM  MM     MM       MM
  MONTH TO DATE   MM                        MM     MM       MM
  SINCE SEP 1     MM                        MM     MM       MM
  SINCE JUL 1     MM                        MM     MM       MM
  SNOW DEPTH      MM

DEGREE DAYS
 HEATING
  YESTERDAY       21                        22     -1       16
  MONTH TO DATE  597                       383    214      424
  SINCE SEP 1    946                       723    223      759
  SINCE JUL 1    949                       724    225      763

 COOLING
  YESTERDAY        0                         0      0        0
  MONTH TO DATE    0                         0      0        0
  SINCE SEP 1    144                       152     -8      191
  SINCE JAN 1   1070                      1154    -84     1127
..................................................................


WIND (MPH)
  HIGHEST WIND SPEED    23   HIGHEST WIND DIRECTION    SW (220)
  HIGHEST GUST SPEED    30   HIGHEST GUST DIRECTION    SW (220)
  AVERAGE WIND SPEED     7.4


SKY COVER
  POSSIBLE SUNSHINE  MM
  AVERAGE SKY COVER 0.6


WEATHER CONDITIONS
 THE FOLLOWING WEATHER WAS RECORDED YESTERDAY.
  NO SIGNIFICANT WEATHER WAS OBSERVED.


RELATIVE HUMIDITY (PERCENT)
 HIGHEST    64           600 AM
 LOWEST     34           300 PM
 AVERAGE    49

..........................................................


THE FRANKFORT KY CLIMATE NORMALS FOR TODAY
                         NORMAL    RECORD    YEAR
 MAXIMUM TEMPERATURE (F)   53        77      1931
 MINIMUM TEMPERATURE (F)   33        10      1964


SUNRISE AND SUNSET
NOVEMBER 23 2014......SUNRISE   729 AM EST   SUNSET   523 PM EST
NOVEMBER 24 2014......SUNRISE   730 AM EST   SUNSET   522 PM EST


-  INDICATES NEGATIVE NUMBERS.
R  INDICATES RECORD WAS SET OR TIED.
MM INDICATES DATA IS MISSING.
T  INDICATES TRACE AMOUNT.




$$
