000
CSUS97 KFGF 172151
CLIFGF


CLIMATE REPORT
NATIONAL WEATHER SERVICE EASTERN NORTH DAKOTA/GRAND FORKS
450 PM CDT THU APR 17 2014


...................................

...THE GRAND FORKS UNIV. (NWS) ND CLIMATE SUMMARY FOR APRIL 17 2014...
VALID TODAY AS OF 0400 PM LOCAL TIME.

CLIMATE NORMAL PERIOD 1981 TO 2010
CLIMATE RECORD PERIOD 1890 TO 2014


WEATHER ITEM   OBSERVED TIME   RECORD YEAR NORMAL DEPARTURE LAST
                VALUE   (LST)  VALUE       VALUE  FROM      YEAR
                                                  NORMAL
..................................................................
TEMPERATURE (F)
 TODAY
  MAXIMUM         41        MM  82    1931  56    -15       35
                                      1915
  MINIMUM         20        MM  12    1953  32    -12       28
  AVERAGE         31                        44    -13       32

PRECIPITATION (IN)
  TODAY            0.00          1.06   MM   0.02  -0.02     0.01
  MONTH TO DATE    0.16                      0.48  -0.32     0.61
  SINCE MAR 1      1.27                      1.50  -0.23     1.33
  SINCE JAN 1      2.00                      2.80  -0.80     2.15

SNOWFALL (IN)
  TODAY            0.0           3.6    MM   0.1   -0.1       T
  MONTH TO DATE    1.1                       0.8    0.3      6.5
  SINCE MAR 1     14.6                       7.2    7.4     25.7
  SINCE JUL 1     60.3                      42.5   17.8     59.3
  SNOW DEPTH       0

DEGREE DAYS
 HEATING
  TODAY           34                        21     13       33
  MONTH TO DATE  544                       433    111      627
  SINCE MAR 1   1980                      1639    341     2133
  SINCE JUL 1   9726                      8599   1127     9150

 COOLING
  TODAY            0                         0      0        0
  MONTH TO DATE    0                         0      0        0
  SINCE MAR 1      0                         0      0        0
  SINCE JAN 1      0                         0      0        0
..................................................................


WIND (MPH)
  HIGHEST WIND SPEED    MM   HIGHEST WIND DIRECTION    MM
  HIGHEST GUST SPEED    MM   HIGHEST GUST DIRECTION    MM
  AVERAGE WIND SPEED    MM


SKY COVER
  POSSIBLE SUNSHINE  MM
  AVERAGE SKY COVER  MM


WEATHER CONDITIONS
 THE FOLLOWING WEATHER WAS RECORDED TODAY.
  NO SIGNIFICANT WEATHER WAS OBSERVED.


RELATIVE HUMIDITY (PERCENT)
 HIGHEST    MM
 LOWEST     MM
 AVERAGE    MM

..........................................................


THE GRAND FORKS UNIV. (NWS) ND CLIMATE NORMALS FOR TOMORROW
                         NORMAL    RECORD    YEAR
 MAXIMUM TEMPERATURE (F)   57        87      1987
 MINIMUM TEMPERATURE (F)   33        15      1928


SUNRISE AND SUNSET
APRIL 17 2014.........SUNRISE   635 AM CDT   SUNSET   822 PM CDT
APRIL 18 2014.........SUNRISE   633 AM CDT   SUNSET   823 PM CDT


-  INDICATES NEGATIVE NUMBERS.
R  INDICATES RECORD WAS SET OR TIED.
MM INDICATES DATA IS MISSING.
T  INDICATES TRACE AMOUNT.




$$
