000
CDUS43 KFGF 241225
CLIFGF


CLIMATE REPORT
NATIONAL WEATHER SERVICE EASTERN NORTH DAKOTA/GRAND FORKS
724 AM CDT MON APR 24 2017


...................................

...THE GRAND FORKS UNIV. (NWS) ND CLIMATE SUMMARY FOR APRIL 23 2017...

CLIMATE NORMAL PERIOD 1981 TO 2010
CLIMATE RECORD PERIOD 1890 TO 2017


WEATHER ITEM   OBSERVED TIME   RECORD YEAR NORMAL DEPARTURE LAST
                VALUE   (LST)  VALUE       VALUE  FROM      YEAR
                                                  NORMAL
..................................................................
TEMPERATURE (F)
 YESTERDAY
  MAXIMUM         34        MM  91    1990  59    -25       64
  MINIMUM         30        MM  10    1909  35     -5       44
  AVERAGE         32                        47    -15       54

PRECIPITATION (IN)
  YESTERDAY        0.04          1.48 1899   0.04   0.00     0.01
  MONTH TO DATE    0.72                      0.67   0.05     1.04
  SINCE MAR 1      1.56                      1.69  -0.13     1.73
  SINCE JAN 1      2.66                      2.99  -0.33     2.38

SNOWFALL (IN)
  YESTERDAY        0.4 R         0.4  2017   0.0    0.4      0.0
  MONTH TO DATE    0.4                       0.9   -0.5      0.6
  SINCE MAR 1      0.5                       7.3   -6.8      2.3
  SINCE JUL 1     43.4                      42.6    0.8     29.6
  SNOW DEPTH       T

DEGREE DAYS
 HEATING
  YESTERDAY       33                        18     15       11
  MONTH TO DATE  466                       548    -82      593
  SINCE MAR 1   1647                      1754   -107     1481
  SINCE JUL 1   7595                      8714  -1119     7413

 COOLING
  YESTERDAY        0                         0      0        0
  MONTH TO DATE    0                         0      0        0
  SINCE MAR 1      0                         0      0        0
  SINCE JAN 1      0                         0      0        0
..................................................................


WIND (MPH)
  RESULTANT WIND SPEED  MM   RESULTANT WIND DIRECTION  MM
  HIGHEST WIND SPEED    MM   HIGHEST WIND DIRECTION    MM
  HIGHEST GUST SPEED    MM   HIGHEST GUST DIRECTION    MM
  AVERAGE WIND SPEED    MM


SKY COVER
  POSSIBLE SUNSHINE  MM
  AVERAGE SKY COVER  MM


WEATHER CONDITIONS
 THE FOLLOWING WEATHER WAS RECORDED YESTERDAY.
  NO SIGNIFICANT WEATHER WAS OBSERVED.


RELATIVE HUMIDITY (PERCENT)
 HIGHEST    MM
 LOWEST     MM
 AVERAGE    MM

..........................................................


THE GRAND FORKS UNIV. (NWS) ND CLIMATE NORMALS FOR TODAY
                         NORMAL    RECORD    YEAR
 MAXIMUM TEMPERATURE (F)   60        89      1990
 MINIMUM TEMPERATURE (F)   35        15      1909


SUNRISE AND SUNSET
APRIL 24 2017.........SUNRISE   622 AM CDT   SUNSET   832 PM CDT
APRIL 25 2017.........SUNRISE   620 AM CDT   SUNSET   833 PM CDT


-  INDICATES NEGATIVE NUMBERS.
R  INDICATES RECORD WAS SET OR TIED.
MM INDICATES DATA IS MISSING.
T  INDICATES TRACE AMOUNT.




$$
