000
CDUS43 KFGF 220639
CLIFGF


CLIMATE REPORT
NATIONAL WEATHER SERVICE EASTERN NORTH DAKOTA/GRAND FORKS
132 AM CDT FRI MAY 22 2015


...................................

...THE GRAND FORKS UNIV. (NWS) ND CLIMATE SUMMARY FOR MAY 21 2015...

CLIMATE NORMAL PERIOD 1981 TO 2010
CLIMATE RECORD PERIOD 1890 TO 2015


WEATHER ITEM   OBSERVED TIME   RECORD YEAR NORMAL DEPARTURE LAST
                VALUE   (LST)  VALUE       VALUE  FROM      YEAR
                                                  NORMAL
..................................................................
TEMPERATURE (F)
 YESTERDAY
  MAXIMUM         68        MM 100    1964  70     -2       58
  MINIMUM         42        MM  25    1924  45     -3       43
  AVERAGE         55                        58     -3       51

PRECIPITATION (IN)
  YESTERDAY        0.00          1.49 1987   0.09  -0.09     0.00
  MONTH TO DATE    4.01                      1.71   2.30     1.82
  SINCE MAR 1      5.03                      3.71   1.32     5.57
  SINCE JAN 1      5.56                      5.01   0.55     6.30

SNOWFALL (IN)
  YESTERDAY        0.0           0.7    MM   0.0    0.0      0.0
  MONTH TO DATE    T                         0.1   -0.1      0.0
  SINCE MAR 1      3.0                       8.1   -5.1     14.6
  SINCE JUL 1     19.3                      43.4  -24.1     60.3
  SNOW DEPTH       0

DEGREE DAYS
 HEATING
  YESTERDAY       10                         8      2       14
  MONTH TO DATE  295                       242     53      362
  SINCE MAR 1   1899                      2097   -198     2613
  SINCE JUL 1   8748                      9057   -309    10359

 COOLING
  YESTERDAY        0                         1     -1        0
  MONTH TO DATE    2                        16    -14        0
  SINCE MAR 1      2                        19    -17        0
  SINCE JAN 1      2                        19    -17        0
..................................................................


WIND (MPH)
  RESULTANT WIND SPEED  MM   RESULTANT WIND DIRECTION  MM
  HIGHEST WIND SPEED    MM   HIGHEST WIND DIRECTION    MM
  HIGHEST GUST SPEED    MM   HIGHEST GUST DIRECTION    MM
  AVERAGE WIND SPEED    MM


SKY COVER
  POSSIBLE SUNSHINE  MM
  AVERAGE SKY COVER  MM


WEATHER CONDITIONS
 THE FOLLOWING WEATHER WAS RECORDED YESTERDAY.
  NO SIGNIFICANT WEATHER WAS OBSERVED.


RELATIVE HUMIDITY (PERCENT)
 HIGHEST    MM
 LOWEST     MM
 AVERAGE    MM

..........................................................


THE GRAND FORKS UNIV. (NWS) ND CLIMATE NORMALS FOR TODAY
                         NORMAL    RECORD    YEAR
 MAXIMUM TEMPERATURE (F)   70        95      1980
 MINIMUM TEMPERATURE (F)   46        25      1963


SUNRISE AND SUNSET
MAY 22 2015...........SUNRISE   542 AM CDT   SUNSET   909 PM CDT
MAY 23 2015...........SUNRISE   541 AM CDT   SUNSET   910 PM CDT


-  INDICATES NEGATIVE NUMBERS.
R  INDICATES RECORD WAS SET OR TIED.
MM INDICATES DATA IS MISSING.
T  INDICATES TRACE AMOUNT.




$$
