000
CDUS43 KFGF 230645
CLIFGF


CLIMATE REPORT
NATIONAL WEATHER SERVICE EASTERN NORTH DAKOTA/GRAND FORKS
141 AM CDT SAT SEP 23 2017


...................................

...THE GRAND FORKS UNIV. (NWS) ND CLIMATE SUMMARY FOR SEPTEMBER 22 2017...

CLIMATE NORMAL PERIOD 1981 TO 2010
CLIMATE RECORD PERIOD 1893 TO 2017


WEATHER ITEM   OBSERVED TIME   RECORD YEAR NORMAL DEPARTURE LAST
                VALUE   (LST)  VALUE       VALUE  FROM      YEAR
                                                  NORMAL
..................................................................
TEMPERATURE (F)
 YESTERDAY
  MAXIMUM         76        MM  96    1936  67      9       65
                                      1922
  MINIMUM         53        MM  21    1974  44      9       47
  AVERAGE         65                        55     10       56

PRECIPITATION (IN)
  YESTERDAY        0.00          0.97 2000   0.06  -0.06     0.00
  MONTH TO DATE    3.04                      1.53   1.51     4.45
  SINCE SEP 1      3.04                      1.53   1.51     4.45
  SINCE JAN 1     15.53                     17.63  -2.10    26.18

SNOWFALL (IN)
  YESTERDAY        0.0           T    1928   0.0    0.0      0.0
  MONTH TO DATE    0.0                       0.0    0.0      0.0
  SINCE SEP 1      0.0                       0.0    0.0      0.0
  SINCE JUL 1      T                         0.0    0.0       T
  SNOW DEPTH       0

DEGREE DAYS
 HEATING
  YESTERDAY        0                        10    -10        9
  MONTH TO DATE   80                       144    -64       89
  SINCE SEP 1     80                       144    -64       89
  SINCE JUL 1     98                       208   -110      107

 COOLING
  YESTERDAY        0                         0      0        0
  MONTH TO DATE   47                        28     19       19
  SINCE SEP 1     47                        28     19       19
  SINCE JAN 1    444                       460    -16      453
..................................................................


WIND (MPH)
  RESULTANT WIND SPEED  MM   RESULTANT WIND DIRECTION  MM
  HIGHEST WIND SPEED    MM   HIGHEST WIND DIRECTION    MM
  HIGHEST GUST SPEED    MM   HIGHEST GUST DIRECTION    MM
  AVERAGE WIND SPEED    MM


SKY COVER
  POSSIBLE SUNSHINE  MM
  AVERAGE SKY COVER  MM


WEATHER CONDITIONS
 THE FOLLOWING WEATHER WAS RECORDED YESTERDAY.
  NO SIGNIFICANT WEATHER WAS OBSERVED.


RELATIVE HUMIDITY (PERCENT)
 HIGHEST    MM
 LOWEST     MM
 AVERAGE    MM

..........................................................


THE GRAND FORKS UNIV. (NWS) ND CLIMATE NORMALS FOR TODAY
                         NORMAL    RECORD    YEAR
 MAXIMUM TEMPERATURE (F)   66        91      2007
 MINIMUM TEMPERATURE (F)   43        25      1989
                                             1976


SUNRISE AND SUNSET
SEPTEMBER 23 2017.....SUNRISE   717 AM CDT   SUNSET   723 PM CDT
SEPTEMBER 24 2017.....SUNRISE   718 AM CDT   SUNSET   721 PM CDT


-  INDICATES NEGATIVE NUMBERS.
R  INDICATES RECORD WAS SET OR TIED.
MM INDICATES DATA IS MISSING.
T  INDICATES TRACE AMOUNT.




$$
