309
CDUS43 KFGF 280645
CLIFGF


CLIMATE REPORT
NATIONAL WEATHER SERVICE EASTERN NORTH DAKOTA/GRAND FORKS
1242 AM CST TUE FEB 28 2017


...................................

...THE GRAND FORKS UNIV. (NWS) ND CLIMATE SUMMARY FOR FEBRUARY 27 2017...

CLIMATE NORMAL PERIOD 1981 TO 2010
CLIMATE RECORD PERIOD 1890 TO 2017


WEATHER ITEM   OBSERVED TIME   RECORD YEAR NORMAL DEPARTURE LAST
                VALUE   (LST)  VALUE       VALUE  FROM      YEAR
                                                  NORMAL
..................................................................
TEMPERATURE (F)
 YESTERDAY
  MAXIMUM         29        MM  51    1932  26      3       43
  MINIMUM          8        MM -26    1911  10     -2       25
  AVERAGE         19                        18      1       34

PRECIPITATION (IN)
  YESTERDAY        0.00          0.63 1996   0.03  -0.03     0.00
                                      1948
  MONTH TO DATE    0.50                      0.56  -0.06     0.33
  SINCE DEC 1      2.94                      1.92   1.02     1.75
  SINCE JAN 1      1.10                      1.27  -0.17     0.63

SNOWFALL (IN)
  YESTERDAY        0.0          12.0  1996   0.2   -0.2      0.0
  MONTH TO DATE    5.2                       6.6   -1.4      4.3
  SINCE DEC 1     42.0                      27.9   14.1     23.8
  SINCE JUL 1     42.9                      35.0    7.9     27.2
  SNOW DEPTH       1

DEGREE DAYS
 HEATING
  YESTERDAY       46                        47     -1       31
  MONTH TO DATE 1209                      1395   -186     1188
  SINCE DEC 1   4445                      4819   -374     4225
  SINCE JUL 1   5899                      6913  -1014     5834

 COOLING
  YESTERDAY        0                         0      0        0
  MONTH TO DATE    0                         0      0        0
  SINCE DEC 1      0                         0      0        0
  SINCE JAN 1      0                         0      0        0
..................................................................


WIND (MPH)
  RESULTANT WIND SPEED  MM   RESULTANT WIND DIRECTION  MM
  HIGHEST WIND SPEED    MM   HIGHEST WIND DIRECTION    MM
  HIGHEST GUST SPEED    MM   HIGHEST GUST DIRECTION    MM
  AVERAGE WIND SPEED    MM


SKY COVER
  POSSIBLE SUNSHINE  MM
  AVERAGE SKY COVER  MM


WEATHER CONDITIONS
 THE FOLLOWING WEATHER WAS RECORDED YESTERDAY.
  NO SIGNIFICANT WEATHER WAS OBSERVED.


RELATIVE HUMIDITY (PERCENT)
 HIGHEST    MM
 LOWEST     MM
 AVERAGE    MM

..........................................................


THE GRAND FORKS UNIV. (NWS) ND CLIMATE NORMALS FOR TODAY
                         NORMAL    RECORD    YEAR
 MAXIMUM TEMPERATURE (F)   27        59      1901
 MINIMUM TEMPERATURE (F)   10       -32      1962
                                             1897


SUNRISE AND SUNSET
FEBRUARY 28 2017......SUNRISE   711 AM CST   SUNSET   612 PM CST
MARCH  1 2017.........SUNRISE   709 AM CST   SUNSET   613 PM CST


-  INDICATES NEGATIVE NUMBERS.
R  INDICATES RECORD WAS SET OR TIED.
MM INDICATES DATA IS MISSING.
T  INDICATES TRACE AMOUNT.




$$
