000
CDUS45 KFGZ 230815
CLIFLG
CLIMATE REPORT
NATIONAL WEATHER SERVICE FLAGSTAFF, AZ
108 AM MST SAT SEP 23 2017


...................................

...THE FLAGSTAFF AZ AIRPORT CLIMATE SUMMARY FOR SEPTEMBER 22 2017...

CLIMATE NORMAL PERIOD 1981 TO 2010
CLIMATE RECORD PERIOD 1898 TO 2017


WEATHER ITEM   OBSERVED TIME   RECORD YEAR NORMAL DEPARTURE LAST
                VALUE   (LST)  VALUE       VALUE  FROM      YEAR
                                                  NORMAL
..................................................................
TEMPERATURE (F)
 YESTERDAY
  MAXIMUM         62    308 PM  83    1949  71     -9       59
  MINIMUM         40   1159 PM  20    1912  40      0       49
  AVERAGE         51                        55     -4

PRECIPITATION (IN)
  YESTERDAY        0.02          1.03 1958   0.08  -0.06     0.21
  MONTH TO DATE    0.35                      1.83  -1.48     0.78
  SINCE SEP 1      0.35                      1.83  -1.48     0.78
  SINCE JAN 1     17.93                     16.02   1.91    17.97

SNOWFALL (IN)
  YESTERDAY       MM             0.0  2002   0.0             0.0
                                      2001
                                      2000
  MONTH TO DATE    0.0                       0.0             0.0
  SINCE JUL 1      0.0                       0.0             0.0
  SNOW DEPTH       0

DEGREE DAYS
 HEATING
  YESTERDAY       14                        10      4       11
  MONTH TO DATE  110                       139    -29      144
  SINCE JUL 1    161                       227    -66      244

 COOLING
  YESTERDAY        0                         0      0        0
  MONTH TO DATE   11                         0     11        1
  SINCE JAN 1    184                       114     70      131
..................................................................


WIND (MPH)
  HIGHEST WIND SPEED    32   HIGHEST WIND DIRECTION    SW (230)
  HIGHEST GUST SPEED    42   HIGHEST GUST DIRECTION    SW (220)
  AVERAGE WIND SPEED    13.9


SKY COVER
  POSSIBLE SUNSHINE  MM
  AVERAGE SKY COVER 0.2


WEATHER CONDITIONS
 THE FOLLOWING WEATHER WAS RECORDED YESTERDAY.
  NO SIGNIFICANT WEATHER WAS OBSERVED.


RELATIVE HUMIDITY (PERCENT)
 HIGHEST    74           800 AM
 LOWEST     32           400 PM
 AVERAGE    53

..........................................................


THE FLAGSTAFF AZ AIRPORT CLIMATE NORMALS FOR TODAY
                         NORMAL    RECORD    YEAR
 MAXIMUM TEMPERATURE (F)   71        86      1944
 MINIMUM TEMPERATURE (F)   39        25      1970


SUNRISE AND SUNSET
SEPTEMBER 23 2017.....SUNRISE   616 AM MST   SUNSET   622 PM MST
SEPTEMBER 24 2017.....SUNRISE   616 AM MST   SUNSET   620 PM MST


-  INDICATES NEGATIVE NUMBERS.
R  INDICATES RECORD WAS SET OR TIED.
MM INDICATES DATA IS MISSING.
T  INDICATES TRACE AMOUNT.




$$
&&

-------------------------------------------------------------------
SNOW DEPTH DATA FOR FLAGSTAFF AIRPORT IS REPORTED AT 5 AM MST


-------------------------------------------------------------------
SUPPLEMENTARY CLIMATE DATA FOR NWS BELLEMONT, ARIZONA

SNOW DEPTH (IN) AT 11 AM...................................0.0
WATER EQUIVALENT OF SNOW PACK (IN) AT 11 AM*...............
* ONLY MEASURED IF SNOW DEPTH IS 2.0 INCHES OR GREATER
-------------------------------------------------------------------
