000
CDUS45 KFGZ 290057
CLIFLG
CLIMATE REPORT
NATIONAL WEATHER SERVICE FLAGSTAFF, AZ
557 PM MST SUN DEC 28 2014


...................................

...THE FLAGSTAFF AZ AIRPORT CLIMATE SUMMARY FOR DECEMBER 28 2014...
VALID TODAY AS OF 0500 PM LOCAL TIME.

CLIMATE NORMAL PERIOD 1981 TO 2010
CLIMATE RECORD PERIOD 1898 TO 2014


WEATHER ITEM   OBSERVED TIME   RECORD YEAR NORMAL DEPARTURE LAST
                VALUE   (LST)  VALUE       VALUE  FROM      YEAR
                                                  NORMAL
..................................................................
TEMPERATURE (F)
 TODAY
  MAXIMUM         40    401 PM  61    1980  42     -2       46
  MINIMUM          8    335 AM -12    1966  16     -8       18
  AVERAGE         24                        29     -5       32

PRECIPITATION (IN)
  TODAY            0.00          2.50 1992   0.06  -0.06     0.00
  MONTH TO DATE    2.75                      1.66   1.09     1.35
  SINCE SEP 1      7.14                      7.46  -0.32     7.11
  SINCE JAN 1     19.98                     21.65  -1.67    24.79

SNOWFALL (IN)
  TODAY            0.0           9.2  1936   0.6   -0.6      0.0
  MONTH TO DATE    4.9                      15.1  -10.2     17.9
  SINCE SEP 1      4.9                      27.3  -22.4     29.9
  SNOW DEPTH      MM

DEGREE DAYS
 HEATING
  TODAY           41                        36      5       33
  MONTH TO DATE  861                       989   -128     1052
  SINCE JUL 1   2278                      2721   -443     2807

 COOLING
  TODAY            0                         0      0        0
  MONTH TO DATE    0                         0      0        0
  SINCE JAN 1    109                       117     -8      148
..................................................................


WIND (MPH)
  HIGHEST WIND SPEED    17   HIGHEST WIND DIRECTION    SW (220)
  HIGHEST GUST SPEED    20   HIGHEST GUST DIRECTION     W (250)
  AVERAGE WIND SPEED     5.3


SKY COVER
  POSSIBLE SUNSHINE  MM
  AVERAGE SKY COVER 0.0


WEATHER CONDITIONS
 THE FOLLOWING WEATHER WAS RECORDED TODAY.
  NO SIGNIFICANT WEATHER WAS OBSERVED.


RELATIVE HUMIDITY (PERCENT)
 HIGHEST    83          1200 AM
 LOWEST     19           400 PM
 AVERAGE    51

..........................................................


THE FLAGSTAFF AZ AIRPORT CLIMATE NORMALS FOR TOMORROW
                         NORMAL    RECORD    YEAR
 MAXIMUM TEMPERATURE (F)   42        62      1945
 MINIMUM TEMPERATURE (F)   17       -13      1988


SUNRISE AND SUNSET
DECEMBER 28 2014......SUNRISE   734 AM MST   SUNSET   523 PM MST
DECEMBER 29 2014......SUNRISE   734 AM MST   SUNSET   523 PM MST


-  INDICATES NEGATIVE NUMBERS.
R  INDICATES RECORD WAS SET OR TIED.
MM INDICATES DATA IS MISSING.
T  INDICATES TRACE AMOUNT.




$$


&&

-------------------------------------------------------------------
SNOW DEPTH DATA FOR FLAGSTAFF AIRPORT IS REPORTED AT 5 AM MST


-------------------------------------------------------------------
SUPPLEMENTARY CLIMATE DATA FOR NWS BELLEMONT, ARIZONA

SNOW DEPTH (IN) AT 5 AM........................................0
WATER EQUIVALENT OF SNOW PACK (IN) AT 11 AM*....................
* ONLY MEASURED IF SNOW DEPTH IS 2.0 INCHES OR GREATER
-------------------------------------------------------------------
