000
CDUS45 KFGZ 280831
CLIFLG
CLIMATE REPORT
NATIONAL WEATHER SERVICE FLAGSTAFF, AZ
130 AM MST TUE FEB 28 2017


...................................

...THE FLAGSTAFF AZ AIRPORT CLIMATE SUMMARY FOR FEBRUARY 27 2017...

CLIMATE NORMAL PERIOD 1981 TO 2010
CLIMATE RECORD PERIOD 1898 TO 2017


WEATHER ITEM   OBSERVED TIME   RECORD YEAR NORMAL DEPARTURE LAST
                VALUE   (LST)  VALUE       VALUE  FROM      YEAR
                                                  NORMAL
..................................................................
TEMPERATURE (F)
 YESTERDAY
  MAXIMUM         32    106 PM  64    1921  47    -15       62
  MINIMUM         29    533 AM -12    1962  21      8       25
  AVERAGE         31                        34     -3

PRECIPITATION (IN)
  YESTERDAY        0.86R         0.80 1905   0.08   0.78     0.00
  MONTH TO DATE    1.58                      2.08  -0.50     0.37
  SINCE SEP 1     14.75                     11.80   2.95    12.61
  SINCE JAN 1      6.14                      4.13   2.01     3.78

SNOWFALL (IN)
  YESTERDAY       MM             8.4  1951   0.7             0.0
  MONTH TO DATE    1.9                      20.2             7.8
  SINCE JUL 1     66.0                      72.5            71.7
  SNOW DEPTH       0

DEGREE DAYS
 HEATING
  YESTERDAY       34                        31      3       21
  MONTH TO DATE  776                       890   -114      788
  SINCE JUL 1   4429                      4806   -377     4647

 COOLING
  YESTERDAY        0                         0      0        0
  MONTH TO DATE    0                         0      0        0
  SINCE JAN 1      0                         0      0        0
..................................................................


WIND (MPH)
  HIGHEST WIND SPEED    24   HIGHEST WIND DIRECTION    SW (210)
  HIGHEST GUST SPEED    34   HIGHEST GUST DIRECTION    SW (220)
  AVERAGE WIND SPEED    16.4


SKY COVER
  POSSIBLE SUNSHINE  MM
  AVERAGE SKY COVER 1.0


WEATHER CONDITIONS
 THE FOLLOWING WEATHER WAS RECORDED YESTERDAY.
  HEAVY SNOW
  SNOW
  LIGHT SNOW
  FOG
  FOG W/VISIBILITY <= 1/4 MILE


RELATIVE HUMIDITY (PERCENT)
 HIGHEST   100           200 PM
 LOWEST     72          1200 AM
 AVERAGE    86

..........................................................


THE FLAGSTAFF AZ AIRPORT CLIMATE NORMALS FOR TODAY
                         NORMAL    RECORD    YEAR
 MAXIMUM TEMPERATURE (F)   47        65      1999
 MINIMUM TEMPERATURE (F)   21       -16      1962


SUNRISE AND SUNSET
FEBRUARY 28 2017......SUNRISE   657 AM MST   SUNSET   622 PM MST
MARCH  1 2017.........SUNRISE   656 AM MST   SUNSET   623 PM MST


-  INDICATES NEGATIVE NUMBERS.
R  INDICATES RECORD WAS SET OR TIED.
MM INDICATES DATA IS MISSING.
T  INDICATES TRACE AMOUNT.




$$
&&

-------------------------------------------------------------------
SNOW DEPTH DATA FOR FLAGSTAFF AIRPORT IS REPORTED AT 5 AM MST


-------------------------------------------------------------------
SUPPLEMENTARY CLIMATE DATA FOR NWS BELLEMONT, ARIZONA

SNOW DEPTH (IN) AT 11 AM..........................................0
WATER EQUIVALENT OF SNOW PACK (IN) AT 11 AM*......................
* ONLY MEASURED IF SNOW DEPTH IS 2.0 INCHES OR GREATER
-------------------------------------------------------------------
