000
CDUS45 KFGZ 010823
CLIFLG
CLIMATE REPORT
NATIONAL WEATHER SERVICE FLAGSTAFF, AZ
123 AM MST SUN FEB 1 2015


...................................

...THE FLAGSTAFF AZ AIRPORT CLIMATE SUMMARY FOR JANUARY 31 2015...

CLIMATE NORMAL PERIOD 1981 TO 2010
CLIMATE RECORD PERIOD 1898 TO 2015


WEATHER ITEM   OBSERVED TIME   RECORD YEAR NORMAL DEPARTURE LAST
                VALUE   (LST)  VALUE       VALUE  FROM      YEAR
                                                  NORMAL
..................................................................
TEMPERATURE (F)
 YESTERDAY
  MAXIMUM         46    235 PM  63    1971  43      3       41
  MINIMUM         29   1142 PM -25    1916  18     11       30
  AVERAGE         38                        30      8

PRECIPITATION (IN)
  YESTERDAY        0.03          0.87 1919   0.07  -0.04     0.17
  MONTH TO DATE    2.19                      2.05   0.14     0.17
  SINCE SEP 1     10.02                      9.72   0.30     7.28
  SINCE JAN 1      2.19                      2.05   0.14     0.17

SNOWFALL (IN)
  YESTERDAY        0.0          12.0  1922   0.8             1.5
  MONTH TO DATE   10.7                      23.2             1.5
  SINCE JUL 1     29.7                      52.3            31.4
  SNOW DEPTH       0

DEGREE DAYS
 HEATING
  YESTERDAY       27                        34     -7       29
  MONTH TO DATE  954                      1090   -136      906
  SINCE JUL 1   3349                      3916   -567     3819

 COOLING
  YESTERDAY        0                         0      0        0
  MONTH TO DATE    0                         0      0        0
  SINCE JAN 1      0                         0      0        0
..................................................................


WIND (MPH)
  HIGHEST WIND SPEED    13   HIGHEST WIND DIRECTION    NE (60)
  HIGHEST GUST SPEED    15   HIGHEST GUST DIRECTION    NE (60)
  AVERAGE WIND SPEED     3.9


SKY COVER
  POSSIBLE SUNSHINE  MM
  AVERAGE SKY COVER 0.8


WEATHER CONDITIONS
 THE FOLLOWING WEATHER WAS RECORDED YESTERDAY.
  LIGHT RAIN
  FOG


RELATIVE HUMIDITY (PERCENT)
 HIGHEST   100           900 AM
 LOWEST     70          1200 PM
 AVERAGE    85

..........................................................


THE FLAGSTAFF AZ AIRPORT CLIMATE NORMALS FOR TODAY
                         NORMAL    RECORD    YEAR
 MAXIMUM TEMPERATURE (F)   43        60      2003
                                             1934
 MINIMUM TEMPERATURE (F)   18       -23      1985


SUNRISE AND SUNSET
FEBRUARY  1 2015......SUNRISE   726 AM MST   SUNSET   555 PM MST
FEBRUARY  2 2015......SUNRISE   725 AM MST   SUNSET   556 PM MST


-  INDICATES NEGATIVE NUMBERS.
R  INDICATES RECORD WAS SET OR TIED.
MM INDICATES DATA IS MISSING.
T  INDICATES TRACE AMOUNT.




$$


&&

-------------------------------------------------------------------
SNOW DEPTH DATA FOR FLAGSTAFF AIRPORT IS REPORTED AT 5 AM MST


-------------------------------------------------------------------
SUPPLEMENTARY CLIMATE DATA FOR NWS BELLEMONT, ARIZONA

SNOW DEPTH (IN) AT 11 AM........................................0
WATER EQUIVALENT OF SNOW PACK (IN) AT 11 AM*....................
* ONLY MEASURED IF SNOW DEPTH IS 2.0 INCHES OR GREATER
-------------------------------------------------------------------
