245
CDUS42 KMFL 040829
CLIFLL


CLIMATE REPORT
NATIONAL WEATHER SERVICE MIAMI, FL
429 AM EDT WED MAY 4 2016


...................................

...THE FORT LAUDERDALE CLIMATE SUMMARY FOR MAY 3 2016...

CLIMATE NORMAL PERIOD 1981 TO 2010
CLIMATE RECORD PERIOD 1912 TO 2016


WEATHER ITEM   OBSERVED TIME   RECORD YEAR NORMAL DEPARTURE LAST
                VALUE   (LST)  VALUE       VALUE  FROM      YEAR
                                                  NORMAL
..................................................................
TEMPERATURE (F)
 YESTERDAY
  MAXIMUM         89   1227 PM  91    1964  85      4       82
                                      1920
                                      1915
  MINIMUM         77   1155 PM  55    1925  72      5       72
  AVERAGE         83                        78      5       77

PRECIPITATION (IN)
  YESTERDAY        T             4.54 1963   0.06  -0.06      T
  MONTH TO DATE    T                         0.19  -0.19      T
  SINCE NOV 1     25.52                     18.73   6.79    17.19
  SINCE JAN 1     14.30                     13.03   1.27    12.08

SNOWFALL (IN)
  YESTERDAY        0.0
  MONTH TO DATE    0.0
  SINCE MAR 1      0.0
  SINCE JUL 1      0.0
  SNOW DEPTH       0

DEGREE DAYS
 HEATING
  YESTERDAY        0                         0      0        0
  MONTH TO DATE    0                         0      0        0
  SINCE MAR 1      2                        10     -8        0
  SINCE JUL 1     87                       112    -25       97

 COOLING
  YESTERDAY       18                        13      5       12
  MONTH TO DATE   51                        39     12       32
  SINCE MAR 1    738                       630    108      812
  SINCE JAN 1    997                       986     11     1093
..................................................................


WIND (MPH)
  HIGHEST WIND SPEED    22   HIGHEST WIND DIRECTION     S (190)
  HIGHEST GUST SPEED    27   HIGHEST GUST DIRECTION     S (200)
  AVERAGE WIND SPEED    10.6


SKY COVER
  AVERAGE SKY COVER 0.6


WEATHER CONDITIONS
 THE FOLLOWING WEATHER WAS RECORDED YESTERDAY.
  LIGHT RAIN


RELATIVE HUMIDITY (PERCENT)
 HIGHEST    79
 LOWEST     51
 AVERAGE    65

..........................................................


THE FORT LAUDERDALE CLIMATE NORMALS FOR TODAY
                         NORMAL    RECORD    YEAR
 MAXIMUM TEMPERATURE (F)   85        95      1915
 MINIMUM TEMPERATURE (F)   72        52      1921


SUNRISE AND SUNSET
MAY  4 2016...........SUNRISE   641 AM EDT   SUNSET   754 PM EDT
MAY  5 2016...........SUNRISE   640 AM EDT   SUNSET   755 PM EDT


-  INDICATES NEGATIVE NUMBERS.
R  INDICATES RECORD WAS SET OR TIED.
MM INDICATES DATA IS MISSING.
T  INDICATES TRACE AMOUNT.




$$
