000
CDUS42 KMFL 030936
CLIFLL


CLIMATE REPORT
NATIONAL WEATHER SERVICE MIAMI, FL
436 AM EST TUE MAR 3 2015


...................................

...THE FORT LAUDERDALE CLIMATE SUMMARY FOR MARCH 2 2015...

CLIMATE NORMAL PERIOD 1981 TO 2010
CLIMATE RECORD PERIOD 1839 TO 2015


WEATHER ITEM   OBSERVED TIME   RECORD YEAR NORMAL DEPARTURE LAST
                VALUE   (LST)  VALUE       VALUE  FROM      YEAR
                                                  NORMAL
..................................................................
TEMPERATURE (F)
 YESTERDAY
  MAXIMUM         80   1127 AM  90    2003  79      1       81
  MINIMUM         71    632 AM  32    1920  65      6       69
  AVERAGE         76                        72      4       75

PRECIPITATION (IN)
  YESTERDAY        0.01          4.43 1931   0.07  -0.06      T
  MONTH TO DATE    0.02                      0.14  -0.12      T
  SINCE NOV 1     12.47                     12.43   0.04    17.63
  SINCE JAN 1      7.36                      6.73   0.63     5.51

SNOWFALL (IN)
  YESTERDAY        0.0
  MONTH TO DATE    0.0
  SINCE MAR 1      0.0
  SINCE JUL 1      0.0
  SNOW DEPTH       0

DEGREE DAYS
 HEATING
  YESTERDAY        0                         1     -1        0
  MONTH TO DATE    0                         2     -2        0
  SINCE MAR 1      0                         2     -2        0
  SINCE JUL 1     97                       104     -7       80

 COOLING
  YESTERDAY       11                         7      4       10
  MONTH TO DATE   22                        14      8       15
  SINCE MAR 1     22                        14      8       15
  SINCE JAN 1    303                       370    -67      403
..................................................................


WIND (MPH)
  HIGHEST WIND SPEED    15   HIGHEST WIND DIRECTION     E (100)
  HIGHEST GUST SPEED    21   HIGHEST GUST DIRECTION    SE (130)
  AVERAGE WIND SPEED    10.5


SKY COVER
  AVERAGE SKY COVER 0.3


WEATHER CONDITIONS
 THE FOLLOWING WEATHER WAS RECORDED YESTERDAY.
  RAIN
  LIGHT RAIN


RELATIVE HUMIDITY (PERCENT)
 HIGHEST    90
 LOWEST     67
 AVERAGE    79

..........................................................


THE FORT LAUDERDALE CLIMATE NORMALS FOR TODAY
                         NORMAL    RECORD    YEAR
 MAXIMUM TEMPERATURE (F)   79        89      2007
 MINIMUM TEMPERATURE (F)   65        32      1980


SUNRISE AND SUNSET
MARCH  3 2015.........SUNRISE   642 AM EST   SUNSET   623 PM EST
MARCH  4 2015.........SUNRISE   641 AM EST   SUNSET   624 PM EST


-  INDICATES NEGATIVE NUMBERS.
R  INDICATES RECORD WAS SET OR TIED.
MM INDICATES DATA IS MISSING.
T  INDICATES TRACE AMOUNT.




$$
