000
CDUS42 KMFL 300821
CLIFLL


CLIMATE REPORT
NATIONAL WEATHER SERVICE MIAMI, FL
421 AM EDT TUE JUN 30 2015


...................................

...THE FORT LAUDERDALE CLIMATE SUMMARY FOR JUNE 29 2015...

CLIMATE NORMAL PERIOD 1981 TO 2010
CLIMATE RECORD PERIOD 1839 TO 2015


WEATHER ITEM   OBSERVED TIME   RECORD YEAR NORMAL DEPARTURE LAST
                VALUE   (LST)  VALUE       VALUE  FROM      YEAR
                                                  NORMAL
..................................................................
TEMPERATURE (F)
 YESTERDAY
  MAXIMUM         93   1255 PM  96    1924  89      4       95
                                      1923
  MINIMUM         75    606 PM  67    1930  78     -3       77
  AVERAGE         84                        84      0       86

PRECIPITATION (IN)
  YESTERDAY        0.13          3.73 2007   0.35  -0.22     0.02
  MONTH TO DATE    1.09                      9.80  -8.71     8.58
  SINCE JUN 1      1.09                      9.80  -8.71     8.58
  SINCE JAN 1     15.14                     27.29 -12.15    29.18

SNOWFALL (IN)
  YESTERDAY        0.0
  MONTH TO DATE    0.0
  SINCE JUN 1      0.0
  SINCE JUL 1      0.0
  SNOW DEPTH       0

DEGREE DAYS
 HEATING
  YESTERDAY        0                         0      0        0
  MONTH TO DATE    0                         0      0        0
  SINCE JUN 1      0                         0      0        0
  SINCE JUL 1     97                       112    -15       81

 COOLING
  YESTERDAY       19                        19      0       21
  MONTH TO DATE  540                       520     20      497
  SINCE JUN 1    540                       520     20      497
  SINCE JAN 1   2076                      1938    138     2032
..................................................................


WIND (MPH)
  HIGHEST WIND SPEED    23   HIGHEST WIND DIRECTION     W (250)
  HIGHEST GUST SPEED    32   HIGHEST GUST DIRECTION     W (250)
  AVERAGE WIND SPEED     5.4


SKY COVER
  AVERAGE SKY COVER 0.7


WEATHER CONDITIONS
 THE FOLLOWING WEATHER WAS RECORDED YESTERDAY.
  THUNDERSTORM
  RAIN
  LIGHT RAIN


RELATIVE HUMIDITY (PERCENT)
 HIGHEST    91
 LOWEST     52
 AVERAGE    72

..........................................................


THE FORT LAUDERDALE CLIMATE NORMALS FOR TODAY
                         NORMAL    RECORD    YEAR
 MAXIMUM TEMPERATURE (F)   89        96      1923
 MINIMUM TEMPERATURE (F)   78        68      1937
                                             1929


SUNRISE AND SUNSET
JUNE 30 2015..........SUNRISE   632 AM EDT   SUNSET   817 PM EDT
JULY  1 2015..........SUNRISE   632 AM EDT   SUNSET   817 PM EDT


-  INDICATES NEGATIVE NUMBERS.
R  INDICATES RECORD WAS SET OR TIED.
MM INDICATES DATA IS MISSING.
T  INDICATES TRACE AMOUNT.




$$
