000
CDUS42 KMFL 292022
CLIFLL


CLIMATE REPORT
NATIONAL WEATHER SERVICE MIAMI, FL
422 PM EDT SAT AUG 29 2015


...................................

...THE FORT LAUDERDALE CLIMATE SUMMARY FOR AUGUST 29 2015...
VALID TODAY AS OF 0400 PM LOCAL TIME.

CLIMATE NORMAL PERIOD 1981 TO 2010
CLIMATE RECORD PERIOD 1839 TO 2015


WEATHER ITEM   OBSERVED TIME   RECORD YEAR NORMAL DEPARTURE LAST
                VALUE   (LST)  VALUE       VALUE  FROM      YEAR
                                                  NORMAL
..................................................................
TEMPERATURE (F)
 TODAY
  MAXIMUM         91   1208 PM  96    1944  90      1       92
  MINIMUM         80   1201 AM  69    1930  78      2       83
                                      1920
  AVERAGE         86                        84      2       88

PRECIPITATION (IN)
  TODAY            0.07          4.80 1953   0.27  -0.20     0.01
  MONTH TO DATE    4.98                      6.89  -1.91     5.33
  SINCE JUN 1      9.10                     23.03 -13.93    23.15
  SINCE JAN 1     23.15                     40.52 -17.37    43.75

SNOWFALL (IN)
  TODAY            0.0
  MONTH TO DATE    0.0
  SINCE JUN 1      0.0
  SINCE JUL 1      0.0
  SNOW DEPTH       0

DEGREE DAYS
 HEATING
  TODAY            0                         0      0        0
  MONTH TO DATE    0                         0      0        0
  SINCE JUN 1      0                         0      0        0
  SINCE JUL 1      0                         0      0        0

 COOLING
  TODAY           21                        19      2       23
  MONTH TO DATE  579                       570      9      602
  SINCE JUN 1   1763                      1711     52     1733
  SINCE JAN 1   3299                      3129    170     3268
..................................................................


WIND (MPH)
  HIGHEST WIND SPEED    28   HIGHEST WIND DIRECTION     E (110)
  HIGHEST GUST SPEED    32   HIGHEST GUST DIRECTION     E (110)
  AVERAGE WIND SPEED    13.5


SKY COVER
  AVERAGE SKY COVER 0.7


WEATHER CONDITIONS
 THE FOLLOWING WEATHER WAS RECORDED TODAY.
  RAIN
  FOG
  HAZE


RELATIVE HUMIDITY (PERCENT)
 HIGHEST    88
 LOWEST     66
 AVERAGE    77

..........................................................


THE FORT LAUDERDALE CLIMATE NORMALS FOR TOMORROW
                         NORMAL    RECORD    YEAR
 MAXIMUM TEMPERATURE (F)   90        98      1964
 MINIMUM TEMPERATURE (F)   78        68      1969
                                             1930


SUNRISE AND SUNSET
AUGUST 29 2015........SUNRISE   659 AM EDT   SUNSET   743 PM EDT
AUGUST 30 2015........SUNRISE   700 AM EDT   SUNSET   742 PM EDT


-  INDICATES NEGATIVE NUMBERS.
R  INDICATES RECORD WAS SET OR TIED.
MM INDICATES DATA IS MISSING.
T  INDICATES TRACE AMOUNT.




$$
