000
CDUS42 KMFL 302245
CLIFLL


CLIMATE REPORT
NATIONAL WEATHER SERVICE MIAMI, FL
645 PM EDT TUE SEP 30 2014


...................................

...THE FORT LAUDERDALE CLIMATE SUMMARY FOR SEPTEMBER 30 2014...
VALID TODAY AS OF 0500 PM LOCAL TIME.

CLIMATE NORMAL PERIOD 1981 TO 2010
CLIMATE RECORD PERIOD 1839 TO 2014


WEATHER ITEM   OBSERVED TIME   RECORD YEAR NORMAL DEPARTURE LAST
                VALUE   (LST)  VALUE       VALUE  FROM      YEAR
                                                  NORMAL
..................................................................
TEMPERATURE (F)
 TODAY
  MAXIMUM         90    130 PM  95    1980  88      2       87
  MINIMUM         78    607 AM  63    1919  77      1       77
  AVERAGE         84                        83      1       82

PRECIPITATION (IN)
  TODAY            0.01          3.30 1914   0.25  -0.24     0.00
  MONTH TO DATE    9.84                      8.59   1.25     3.73
  SINCE JUN 1     33.37                     32.17   1.20    35.98
  SINCE JAN 1     53.97                     49.66   4.31    60.76

SNOWFALL (IN)
  TODAY            0.0
  MONTH TO DATE    0.0
  SINCE SEP 1      0.0
  SINCE JUL 1      0.0
  SNOW DEPTH       0

DEGREE DAYS
 HEATING
  TODAY            0                         0      0
  MONTH TO DATE    0                         0      0
  SINCE SEP 1      0                         0      0
  SINCE JUL 1      0                         0      0

 COOLING
  TODAY           19                        18      1
  MONTH TO DATE  555                       546      9
  SINCE SEP 1    555                       546      9
  SINCE JAN 1   3865                      3712    153
..................................................................


WIND (MPH)
  HIGHEST WIND SPEED    18   HIGHEST WIND DIRECTION     W (260)
  HIGHEST GUST SPEED    24   HIGHEST GUST DIRECTION     W (250)
  AVERAGE WIND SPEED     5.8


SKY COVER
  AVERAGE SKY COVER 0.6


WEATHER CONDITIONS
 THE FOLLOWING WEATHER WAS RECORDED TODAY.
  THUNDERSTORM
  LIGHT RAIN


RELATIVE HUMIDITY (PERCENT)
 HIGHEST    91
 LOWEST     63
 AVERAGE    77

..........................................................


THE FORT LAUDERDALE CLIMATE NORMALS FOR TOMORROW
                         NORMAL    RECORD    YEAR
 MAXIMUM TEMPERATURE (F)   88        94      1980
 MINIMUM TEMPERATURE (F)   77        55      1920


SUNRISE AND SUNSET
SEPTEMBER 30 2014.....SUNRISE   712 AM EDT   SUNSET   708 PM EDT
OCTOBER  1 2014.......SUNRISE   713 AM EDT   SUNSET   707 PM EDT


-  INDICATES NEGATIVE NUMBERS.
R  INDICATES RECORD WAS SET OR TIED.
MM INDICATES DATA IS MISSING.
T  INDICATES TRACE AMOUNT.




$$
