000
CDUS42 KMFL 302019
CLIFLL


CLIMATE REPORT
NATIONAL WEATHER SERVICE MIAMI, FL
419 PM EDT MON MAR 30 2015


...................................

...THE FORT LAUDERDALE CLIMATE SUMMARY FOR MARCH 30 2015...
VALID TODAY AS OF 0400 PM LOCAL TIME.

CLIMATE NORMAL PERIOD 1981 TO 2010
CLIMATE RECORD PERIOD 1839 TO 2015


WEATHER ITEM   OBSERVED TIME   RECORD YEAR NORMAL DEPARTURE LAST
                VALUE   (LST)  VALUE       VALUE  FROM      YEAR
                                                  NORMAL
..................................................................
TEMPERATURE (F)
 TODAY
  MAXIMUM         78    203 PM  90    1970  81     -3       80
  MINIMUM         58    622 AM  41    1953  68    -10       65
  AVERAGE         68                        74     -6       73

PRECIPITATION (IN)
  TODAY            0.00          1.72 1950   0.13  -0.13     0.00
  MONTH TO DATE    0.62                      3.22  -2.60     2.66
  SINCE NOV 1     13.07                     15.51  -2.44    20.29
  SINCE JAN 1      7.96                      9.81  -1.85     8.17

SNOWFALL (IN)
  TODAY            0.0
  MONTH TO DATE    0.0
  SINCE MAR 1      0.0
  SINCE JUL 1      0.0
  SNOW DEPTH       0

DEGREE DAYS
 HEATING
  TODAY            0                         0      0        0
  MONTH TO DATE    0                         7     -7        1
  SINCE MAR 1      0                         7     -7        1
  SINCE JUL 1     97                       109    -12       81

 COOLING
  TODAY            3                         9     -6        8
  MONTH TO DATE  326                       245     81      267
  SINCE MAR 1    326                       245     81      267
  SINCE JAN 1    607                       601      6      655
..................................................................


WIND (MPH)
  HIGHEST WIND SPEED    15   HIGHEST WIND DIRECTION     E (90)
  HIGHEST GUST SPEED    19   HIGHEST GUST DIRECTION     E (70)
  AVERAGE WIND SPEED     7.1


SKY COVER
  AVERAGE SKY COVER 0.2


WEATHER CONDITIONS
 THE FOLLOWING WEATHER WAS RECORDED TODAY.
  NO SIGNIFICANT WEATHER WAS OBSERVED.


RELATIVE HUMIDITY (PERCENT)
 HIGHEST    80
 LOWEST     43
 AVERAGE    62

..........................................................


THE FORT LAUDERDALE CLIMATE NORMALS FOR TOMORROW
                         NORMAL    RECORD    YEAR
 MAXIMUM TEMPERATURE (F)   81        92      2011
                                             2000
                                             1974
 MINIMUM TEMPERATURE (F)   68        46      1971


SUNRISE AND SUNSET
MARCH 30 2015.........SUNRISE   714 AM EDT   SUNSET   736 PM EDT
MARCH 31 2015.........SUNRISE   713 AM EDT   SUNSET   737 PM EDT


-  INDICATES NEGATIVE NUMBERS.
R  INDICATES RECORD WAS SET OR TIED.
MM INDICATES DATA IS MISSING.
T  INDICATES TRACE AMOUNT.




$$
