588
CDUS42 KMFL 272026
CLIFLL


CLIMATE REPORT
NATIONAL WEATHER SERVICE MIAMI, FL
425 PM EDT THU APR 27 2017


...................................

...THE FORT LAUDERDALE CLIMATE SUMMARY FOR APRIL 27 2017...
VALID TODAY AS OF 0400 PM LOCAL TIME.

CLIMATE NORMAL PERIOD 1981 TO 2010
CLIMATE RECORD PERIOD 1912 TO 2017


WEATHER ITEM   OBSERVED TIME   RECORD YEAR NORMAL DEPARTURE LAST
                VALUE   (LST)  VALUE       VALUE  FROM      YEAR
                                                  NORMAL
..................................................................
TEMPERATURE (F)
 TODAY
  MAXIMUM         87    205 PM  94    2015  84      3       83
  MINIMUM         77    614 AM  56    1955  71      6       73
  AVERAGE         82                        78      4       78

PRECIPITATION (IN)
  TODAY            T             1.40 1916   0.07  -0.07     0.00
  MONTH TO DATE    4.00                      2.70   1.30     0.73
  SINCE NOV 1     13.41                     18.35  -4.94    25.52
  SINCE JAN 1      8.78                     12.65  -3.87    14.30

SNOWFALL (IN)
  TODAY            0.0
  MONTH TO DATE    0.0
  SINCE MAR 1      0.0
  SINCE JUL 1      0.0
  SNOW DEPTH       0

DEGREE DAYS
 HEATING
  TODAY            0                         0      0        0
  MONTH TO DATE    0                         0      0        0
  SINCE MAR 1      6                         9     -3        2
  SINCE JUL 1     35                       111    -76       87

 COOLING
  TODAY           17                        13      4       13
  MONTH TO DATE  326                       298     28      320
  SINCE MAR 1    579                       552     27      643
  SINCE JAN 1   1035                       908    127      902
..................................................................


WIND (MPH)
  HIGHEST WIND SPEED    22   HIGHEST WIND DIRECTION    SE (130)
  HIGHEST GUST SPEED    26   HIGHEST GUST DIRECTION    SE (140)
  AVERAGE WIND SPEED    12.4


SKY COVER
  AVERAGE SKY COVER 0.5


WEATHER CONDITIONS
 THE FOLLOWING WEATHER WAS RECORDED TODAY.
  LIGHT RAIN


RELATIVE HUMIDITY (PERCENT)
 HIGHEST    91
 LOWEST     65
 AVERAGE    78

..........................................................


THE FORT LAUDERDALE CLIMATE NORMALS FOR TOMORROW
                         NORMAL    RECORD    YEAR
 MAXIMUM TEMPERATURE (F)   84        93      1939
 MINIMUM TEMPERATURE (F)   71        51      1946


SUNRISE AND SUNSET
APRIL 27 2017.........SUNRISE   646 AM EDT   SUNSET   750 PM EDT
APRIL 28 2017.........SUNRISE   646 AM EDT   SUNSET   751 PM EDT


-  INDICATES NEGATIVE NUMBERS.
R  INDICATES RECORD WAS SET OR TIED.
MM INDICATES DATA IS MISSING.
T  INDICATES TRACE AMOUNT.




$$
