000
CDUS42 KMFL 222116
CLIFLL


CLIMATE REPORT
NATIONAL WEATHER SERVICE MIAMI, FL
415 PM EST MON JAN 22 2018


...................................

...THE FORT LAUDERDALE CLIMATE SUMMARY FOR JANUARY 22 2018...
VALID TODAY AS OF 0400 PM LOCAL TIME.

CLIMATE NORMAL PERIOD 1981 TO 2010
CLIMATE RECORD PERIOD 1912 TO 2018


WEATHER ITEM   OBSERVED TIME   RECORD YEAR NORMAL DEPARTURE LAST
                VALUE   (LST)  VALUE       VALUE  FROM      YEAR
                                                  NORMAL
..................................................................
TEMPERATURE (F)
 TODAY
  MAXIMUM         77    329 PM  88    1926  76      1       85
  MINIMUM         71    734 AM  29    1985  62      9       72
  AVERAGE         74                        69      5       79

PRECIPITATION (IN)
  TODAY            0.00          2.02 2016   0.17  -0.17     0.00
  MONTH TO DATE    2.10                      2.06   0.04     0.65
  SINCE NOV 1      8.73                      7.76   0.97     5.28
  SINCE JAN 1      2.10                      2.06   0.04     0.65

SNOWFALL (IN)
  TODAY            0.0
  MONTH TO DATE    0.0
  SINCE DEC 1      0.0
  SINCE JUL 1      0.0
  SNOW DEPTH       0

DEGREE DAYS
 HEATING
  TODAY            0                         1     -1        0
  MONTH TO DATE   79                        38     41       11
  SINCE DEC 1    119                        68     51       13
  SINCE JUL 1    121                        70     51       13

 COOLING
  TODAY            9                         5      4       14
  MONTH TO DATE   65                       119    -54      181
  SINCE DEC 1    272                       335    -63      524
  SINCE JAN 1     65                       119    -54      181
..................................................................


WIND (MPH)
  HIGHEST WIND SPEED    20   HIGHEST WIND DIRECTION    SE (140)
  HIGHEST GUST SPEED    23   HIGHEST GUST DIRECTION     E (110)
  AVERAGE WIND SPEED    13.6


SKY COVER
  AVERAGE SKY COVER 0.3


WEATHER CONDITIONS
 THE FOLLOWING WEATHER WAS RECORDED TODAY.
  NO SIGNIFICANT WEATHER WAS OBSERVED.


RELATIVE HUMIDITY (PERCENT)
 HIGHEST    93
 LOWEST     69
 AVERAGE    81

..........................................................


THE FORT LAUDERDALE CLIMATE NORMALS FOR TOMORROW
                         NORMAL    RECORD    YEAR
 MAXIMUM TEMPERATURE (F)   77        86      2007
 MINIMUM TEMPERATURE (F)   62        33      1960


SUNRISE AND SUNSET
JANUARY 22 2018.......SUNRISE   708 AM EST   SUNSET   556 PM EST
JANUARY 23 2018.......SUNRISE   708 AM EST   SUNSET   557 PM EST


-  INDICATES NEGATIVE NUMBERS.
R  INDICATES RECORD WAS SET OR TIED.
MM INDICATES DATA IS MISSING.
T  INDICATES TRACE AMOUNT.




$$
