000
CDUS42 KMFL 281320
CLIFLL


CLIMATE REPORT
NATIONAL WEATHER SERVICE MIAMI, FL
919 AM EDT WED JUN 28 2017


...................................

...THE FORT LAUDERDALE CLIMATE SUMMARY FOR JUNE 27 2017...

CLIMATE NORMAL PERIOD 1981 TO 2010
CLIMATE RECORD PERIOD 1912 TO 2017


WEATHER ITEM   OBSERVED TIME   RECORD YEAR NORMAL DEPARTURE LAST
                VALUE   (LST)  VALUE       VALUE  FROM      YEAR
                                                  NORMAL
..................................................................
TEMPERATURE (F)
 YESTERDAY
  MAXIMUM         89   1218 PM  96    1970  89      0       89
  MINIMUM         78    151 PM  66    1935  78      0       76
  AVERAGE         84                        84      0       83

PRECIPITATION (IN)
  YESTERDAY        0.07          1.37 2005   0.36  -0.29     0.49
  MONTH TO DATE   11.78                      9.10   2.68     7.50
  SINCE JUN 1     11.78                      9.10   2.68     7.50
  SINCE JAN 1     23.38                     26.59  -3.21    26.45

SNOWFALL (IN)
  YESTERDAY        0.0
  MONTH TO DATE    0.0
  SINCE JUN 1      0.0
  SINCE JUL 1      0.0
  SNOW DEPTH       0

DEGREE DAYS
 HEATING
  YESTERDAY        0                         0      0        0
  MONTH TO DATE    0                         0      0        0
  SINCE JUN 1      0                         0      0        0
  SINCE JUL 1     35                       112    -77       87

 COOLING
  YESTERDAY       19                        18      1       18
  MONTH TO DATE  472                       483    -11      506
  SINCE JUN 1    472                       483    -11      506
  SINCE JAN 1   2049                      1901    148     1920
..................................................................


WIND (MPH)
  HIGHEST WIND SPEED    17   HIGHEST WIND DIRECTION     S (190)
  HIGHEST GUST SPEED    21   HIGHEST GUST DIRECTION     S (200)
  AVERAGE WIND SPEED     4.7


SKY COVER
  AVERAGE SKY COVER 0.7


WEATHER CONDITIONS
 THE FOLLOWING WEATHER WAS RECORDED YESTERDAY.
  THUNDERSTORM
  LIGHT RAIN


RELATIVE HUMIDITY (PERCENT)
 HIGHEST    85
 LOWEST     63
 AVERAGE    74

..........................................................


THE FORT LAUDERDALE CLIMATE NORMALS FOR TODAY
                         NORMAL    RECORD    YEAR
 MAXIMUM TEMPERATURE (F)   89        95      1998
                                             1923
 MINIMUM TEMPERATURE (F)   78        68      1950


SUNRISE AND SUNSET
JUNE 28 2017..........SUNRISE   631 AM EDT   SUNSET   817 PM EDT
JUNE 29 2017..........SUNRISE   632 AM EDT   SUNSET   817 PM EDT


-  INDICATES NEGATIVE NUMBERS.
R  INDICATES RECORD WAS SET OR TIED.
MM INDICATES DATA IS MISSING.
T  INDICATES TRACE AMOUNT.




$$
