000
CDUS42 KMFL 042018
CLIFLL


CLIMATE REPORT
NATIONAL WEATHER SERVICE MIAMI, FL
418 PM EDT TUE AUG 4 2015


...................................

...THE FORT LAUDERDALE CLIMATE SUMMARY FOR AUGUST 4 2015...
VALID TODAY AS OF 0400 PM LOCAL TIME.

CLIMATE NORMAL PERIOD 1981 TO 2010
CLIMATE RECORD PERIOD 1839 TO 2015


WEATHER ITEM   OBSERVED TIME   RECORD YEAR NORMAL DEPARTURE LAST
                VALUE   (LST)  VALUE       VALUE  FROM      YEAR
                                                  NORMAL
..................................................................
TEMPERATURE (F)
 TODAY
  MAXIMUM         91    108 PM 100    1944  91      0       89
  MINIMUM         78    545 AM  66    1937  79     -1       76
  AVERAGE         85                        85      0       83

PRECIPITATION (IN)
  TODAY            0.00          2.91 1936   0.21  -0.21     1.43
  MONTH TO DATE    0.69                      0.85  -0.16     2.35
  SINCE JUN 1      4.81                     16.99 -12.18    20.17
  SINCE JAN 1     18.86                     34.48 -15.62    40.77

SNOWFALL (IN)
  TODAY            0.0
  MONTH TO DATE    0.0
  SINCE JUN 1      0.0
  SINCE JUL 1      0.0
  SNOW DEPTH       0

DEGREE DAYS
 HEATING
  TODAY            0                         0      0        0
  MONTH TO DATE    0                         0      0        0
  SINCE JUN 1      0                         0      0        0
  SINCE JUL 1      0                         0      0        0

 COOLING
  TODAY           20                        20      0       18
  MONTH TO DATE   77                        80     -3       76
  SINCE JUN 1   1261                      1221     40     1207
  SINCE JAN 1   2797                      2639    158     2742
..................................................................


WIND (MPH)
  HIGHEST WIND SPEED    15   HIGHEST WIND DIRECTION     E (100)
  HIGHEST GUST SPEED    20   HIGHEST GUST DIRECTION     E (80)
  AVERAGE WIND SPEED     4.6


SKY COVER
  AVERAGE SKY COVER 0.3


WEATHER CONDITIONS
 THE FOLLOWING WEATHER WAS RECORDED TODAY.
  NO SIGNIFICANT WEATHER WAS OBSERVED.


RELATIVE HUMIDITY (PERCENT)
 HIGHEST    91
 LOWEST     64
 AVERAGE    78

..........................................................


THE FORT LAUDERDALE CLIMATE NORMALS FOR TOMORROW
                         NORMAL    RECORD    YEAR
 MAXIMUM TEMPERATURE (F)   91        97      1958
                                             1944
 MINIMUM TEMPERATURE (F)   79        67      1922


SUNRISE AND SUNSET
AUGUST  4 2015........SUNRISE   648 AM EDT   SUNSET   805 PM EDT
AUGUST  5 2015........SUNRISE   648 AM EDT   SUNSET   805 PM EDT


-  INDICATES NEGATIVE NUMBERS.
R  INDICATES RECORD WAS SET OR TIED.
MM INDICATES DATA IS MISSING.
T  INDICATES TRACE AMOUNT.




$$
