000
CDUS42 KMFL 030827
CLIFLL


CLIMATE REPORT
NATIONAL WEATHER SERVICE MIAMI, FL
427 AM EDT WED JUN 3 2015


...................................

...THE FORT LAUDERDALE CLIMATE SUMMARY FOR JUNE 2 2015...

CLIMATE NORMAL PERIOD 1981 TO 2010
CLIMATE RECORD PERIOD 1839 TO 2015


WEATHER ITEM   OBSERVED TIME   RECORD YEAR NORMAL DEPARTURE LAST
                VALUE   (LST)  VALUE       VALUE  FROM      YEAR
                                                  NORMAL
..................................................................
TEMPERATURE (F)
 YESTERDAY
  MAXIMUM         85   1103 AM  97    1998  88     -3       82
  MINIMUM         71    945 PM  62    1926  77     -6       75
  AVERAGE         78                        82     -4       79

PRECIPITATION (IN)
  YESTERDAY        0.33          8.60 1930   0.31   0.02     0.40
  MONTH TO DATE    0.33                      0.64  -0.31     0.68
  SINCE NOV 1     19.49                     23.83  -4.34    33.40
  SINCE JAN 1     14.38                     18.13  -3.75    21.28

SNOWFALL (IN)
  YESTERDAY        0.0
  MONTH TO DATE    0.0
  SINCE JUN 1      0.0
  SINCE JUL 1      0.0
  SNOW DEPTH       0

DEGREE DAYS
 HEATING
  YESTERDAY        0                         0      0        0
  MONTH TO DATE    0                         0      0        0
  SINCE JUN 1      0                         0      0        0
  SINCE JUL 1     97                       112    -15       81

 COOLING
  YESTERDAY       13                        17     -4       14
  MONTH TO DATE   30                        34     -4       31
  SINCE JUN 1     30                        34     -4       31
  SINCE JAN 1   1566                      1452    114     1566
..................................................................


WIND (MPH)
  HIGHEST WIND SPEED    23   HIGHEST WIND DIRECTION    SE (150)
  HIGHEST GUST SPEED    29   HIGHEST GUST DIRECTION     S (170)
  AVERAGE WIND SPEED     7.4


SKY COVER
  AVERAGE SKY COVER 0.9


WEATHER CONDITIONS
 THE FOLLOWING WEATHER WAS RECORDED YESTERDAY.
  LIGHT RAIN
  FOG


RELATIVE HUMIDITY (PERCENT)
 HIGHEST    79
 LOWEST     61
 AVERAGE    70

..........................................................


THE FORT LAUDERDALE CLIMATE NORMALS FOR TODAY
                         NORMAL    RECORD    YEAR
 MAXIMUM TEMPERATURE (F)   88        96      1998
                                             1985
 MINIMUM TEMPERATURE (F)   77        60      1933


SUNRISE AND SUNSET
JUNE  3 2015..........SUNRISE   628 AM EDT   SUNSET   809 PM EDT
JUNE  4 2015..........SUNRISE   628 AM EDT   SUNSET   810 PM EDT


-  INDICATES NEGATIVE NUMBERS.
R  INDICATES RECORD WAS SET OR TIED.
MM INDICATES DATA IS MISSING.
T  INDICATES TRACE AMOUNT.




$$
