000
CDUS42 KMFL 290840
CLIFLL


CLIMATE REPORT
NATIONAL WEATHER SERVICE MIAMI, FL
439 AM EDT SUN MAY 29 2016


...................................

...THE FORT LAUDERDALE CLIMATE SUMMARY FOR MAY 28 2016...

CLIMATE NORMAL PERIOD 1981 TO 2010
CLIMATE RECORD PERIOD 1912 TO 2016


WEATHER ITEM   OBSERVED TIME   RECORD YEAR NORMAL DEPARTURE LAST
                VALUE   (LST)  VALUE       VALUE  FROM      YEAR
                                                  NORMAL
..................................................................
TEMPERATURE (F)
 YESTERDAY
  MAXIMUM         83    430 PM  96    1967  88     -5       85
  MINIMUM         72   1047 AM  63    1928  76     -4       77
  AVERAGE         78                        82     -4       81

PRECIPITATION (IN)
  YESTERDAY        1.18          3.90 1998   0.23   0.95      T
  MONTH TO DATE    4.63                      3.98   0.65     1.94
  SINCE NOV 1     30.15                     22.52   7.63    19.13
  SINCE JAN 1     18.93                     16.82   2.11    14.02

SNOWFALL (IN)
  YESTERDAY        0.0
  MONTH TO DATE    0.0
  SINCE MAR 1      0.0
  SINCE JUL 1      0.0
  SNOW DEPTH       0

DEGREE DAYS
 HEATING
  YESTERDAY        0                         0      0        0
  MONTH TO DATE    0                         0      0        0
  SINCE MAR 1      2                        10     -8        0
  SINCE JUL 1     87                       112    -25       97

 COOLING
  YESTERDAY       13                        17     -4       16
  MONTH TO DATE  418                       420     -2      426
  SINCE MAR 1   1105                      1011     94     1206
  SINCE JAN 1   1364                      1367     -3     1487
..................................................................


WIND (MPH)
  HIGHEST WIND SPEED    15   HIGHEST WIND DIRECTION    NE (40)
  HIGHEST GUST SPEED    19   HIGHEST GUST DIRECTION    NE (40)
  AVERAGE WIND SPEED     4.3


SKY COVER
  AVERAGE SKY COVER 0.7


WEATHER CONDITIONS
 THE FOLLOWING WEATHER WAS RECORDED YESTERDAY.
  THUNDERSTORM
  HEAVY RAIN
  RAIN
  LIGHT RAIN
  FOG


RELATIVE HUMIDITY (PERCENT)
 HIGHEST    87
 LOWEST     62
 AVERAGE    75

..........................................................


THE FORT LAUDERDALE CLIMATE NORMALS FOR TODAY
                         NORMAL    RECORD    YEAR
 MAXIMUM TEMPERATURE (F)   88        95      1915
 MINIMUM TEMPERATURE (F)   76        57      1934


SUNRISE AND SUNSET
MAY 29 2016...........SUNRISE   629 AM EDT   SUNSET   807 PM EDT
MAY 30 2016...........SUNRISE   629 AM EDT   SUNSET   808 PM EDT


-  INDICATES NEGATIVE NUMBERS.
R  INDICATES RECORD WAS SET OR TIED.
MM INDICATES DATA IS MISSING.
T  INDICATES TRACE AMOUNT.




$$
