000
CDUS42 KMFL 190923
CLIFLL


CLIMATE REPORT
NATIONAL WEATHER SERVICE MIAMI, FL
423 AM EST THU JAN 19 2017


...................................

...THE FORT LAUDERDALE CLIMATE SUMMARY FOR JANUARY 18 2017...

CLIMATE NORMAL PERIOD 1981 TO 2010
CLIMATE RECORD PERIOD 1912 TO 2017


WEATHER ITEM   OBSERVED TIME   RECORD YEAR NORMAL DEPARTURE LAST
                VALUE   (LST)  VALUE       VALUE  FROM      YEAR
                                                  NORMAL
..................................................................
TEMPERATURE (F)
 YESTERDAY
  MAXIMUM         79    151 PM  86    1925  76      3       68
                                      1924
  MINIMUM         67    156 AM  33    1977  61      6       55
  AVERAGE         73                        69      4       62

PRECIPITATION (IN)
  YESTERDAY        0.00          0.75 1970   0.11  -0.11     0.00
  MONTH TO DATE    0.65                      1.49  -0.84     2.98
  SINCE NOV 1      5.28                      7.19  -1.91    14.20
  SINCE JAN 1      0.65                      1.49  -0.84     2.98

SNOWFALL (IN)
  YESTERDAY        0.0
  MONTH TO DATE    0.0
  SINCE DEC 1      0.0
  SINCE JUL 1      0.0
  SNOW DEPTH       0

DEGREE DAYS
 HEATING
  YESTERDAY        0                         1     -1        3
  MONTH TO DATE   11                        34    -23        6
  SINCE DEC 1     13                        64    -51        6
  SINCE JUL 1     13                        66    -53        6

 COOLING
  YESTERDAY        8                         5      3        0
  MONTH TO DATE  143                        99     44       93
  SINCE DEC 1    486                       315    171      490
  SINCE JAN 1    143                        99     44       93
..................................................................


WIND (MPH)
  HIGHEST WIND SPEED    14   HIGHEST WIND DIRECTION    SE (140)
  HIGHEST GUST SPEED    18   HIGHEST GUST DIRECTION    SE (120)
  AVERAGE WIND SPEED     5.5


SKY COVER
  AVERAGE SKY COVER 0.3


WEATHER CONDITIONS
 THE FOLLOWING WEATHER WAS RECORDED YESTERDAY.
  NO SIGNIFICANT WEATHER WAS OBSERVED.


RELATIVE HUMIDITY (PERCENT)
 HIGHEST    87
 LOWEST     73
 AVERAGE    80

..........................................................


THE FORT LAUDERDALE CLIMATE NORMALS FOR TODAY
                         NORMAL    RECORD    YEAR
 MAXIMUM TEMPERATURE (F)   76        87      1936
 MINIMUM TEMPERATURE (F)   62        28      1977


SUNRISE AND SUNSET
JANUARY 19 2017.......SUNRISE   709 AM EST   SUNSET   554 PM EST
JANUARY 20 2017.......SUNRISE   709 AM EST   SUNSET   555 PM EST


-  INDICATES NEGATIVE NUMBERS.
R  INDICATES RECORD WAS SET OR TIED.
MM INDICATES DATA IS MISSING.
T  INDICATES TRACE AMOUNT.




$$
