000
CDUS42 KMFL 010822
CLIFLL


CLIMATE REPORT
NATIONAL WEATHER SERVICE MIAMI, FL
420 AM EDT FRI AUG 1 2014


...................................

...THE FORT LAUDERDALE CLIMATE SUMMARY FOR JULY 31 2014...

CLIMATE NORMAL PERIOD 1981 TO 2010
CLIMATE RECORD PERIOD 1839 TO 2014


WEATHER ITEM   OBSERVED TIME   RECORD YEAR NORMAL DEPARTURE LAST
                VALUE   (LST)  VALUE       VALUE  FROM      YEAR
                                                  NORMAL
..................................................................
TEMPERATURE (F)
 YESTERDAY
  MAXIMUM         93    157 PM  96    1986  91      2       89
                                      1915
  MINIMUM         78    407 PM  68    1978  79     -1       81
  AVERAGE         86                        85      1       85

PRECIPITATION (IN)
  YESTERDAY        T             2.48 1915   0.18  -0.18     0.00
  MONTH TO DATE    9.18                      5.98   3.20    15.49
  SINCE JUN 1     17.82                     16.14   1.68    30.21
  SINCE JAN 1     38.42                     33.63   4.79    54.99

SNOWFALL (IN)
  YESTERDAY        0.0
  MONTH TO DATE    0.0
  SINCE JUN 1      0.0
  SINCE JUL 1      0.0
  SNOW DEPTH       0

DEGREE DAYS
 HEATING
  YESTERDAY        0                         0      0        0
  MONTH TO DATE    0                         0      0        0
  SINCE JUN 1      0                         0      0        0
  SINCE JUL 1      0                         0      0        0

 COOLING
  YESTERDAY       21                        20      1       20
  MONTH TO DATE  614                       598     16      525
  SINCE JUN 1   1130                      1141    -11     1069
  SINCE JAN 1   2665                      2559    106     2465
..................................................................


WIND (MPH)
  HIGHEST WIND SPEED    20   HIGHEST WIND DIRECTION    SE (140)
  HIGHEST GUST SPEED    24   HIGHEST GUST DIRECTION    SE (140)
  AVERAGE WIND SPEED     6.9


SKY COVER
  AVERAGE SKY COVER 0.7


WEATHER CONDITIONS
 THE FOLLOWING WEATHER WAS RECORDED YESTERDAY.
  THUNDERSTORM
  LIGHT RAIN
  FOG


RELATIVE HUMIDITY (PERCENT)
 HIGHEST    91
 LOWEST     52
 AVERAGE    72

..........................................................


THE FORT LAUDERDALE CLIMATE NORMALS FOR TODAY
                         NORMAL    RECORD    YEAR
 MAXIMUM TEMPERATURE (F)   91        95      2002
                                             1995
 MINIMUM TEMPERATURE (F)   79        69      1950
                                             1920
                                             1917


SUNRISE AND SUNSET
AUGUST  1 2014........SUNRISE   646 AM EDT   SUNSET   807 PM EDT
AUGUST  2 2014........SUNRISE   647 AM EDT   SUNSET   806 PM EDT


-  INDICATES NEGATIVE NUMBERS.
R  INDICATES RECORD WAS SET OR TIED.
MM INDICATES DATA IS MISSING.
T  INDICATES TRACE AMOUNT.




$$
