000
CDUS42 KMFL 162016
CLIFLL


CLIMATE REPORT
NATIONAL WEATHER SERVICE MIAMI, FL
416 PM EDT WED AUG 16 2017


...................................

...THE FORT LAUDERDALE CLIMATE SUMMARY FOR AUGUST 16 2017...
VALID TODAY AS OF 0400 PM LOCAL TIME.

CLIMATE NORMAL PERIOD 1981 TO 2010
CLIMATE RECORD PERIOD 1912 TO 2017


WEATHER ITEM   OBSERVED TIME   RECORD YEAR NORMAL DEPARTURE LAST
                VALUE   (LST)  VALUE       VALUE  FROM      YEAR
                                                  NORMAL
..................................................................
TEMPERATURE (F)
 TODAY
  MAXIMUM         92    239 PM  96    1956  91      1       89
  MINIMUM         81    236 AM  68    1923  79      2       80
  AVERAGE         87                        85      2       85

PRECIPITATION (IN)
  TODAY            0.00          1.67 1937   0.23  -0.23     0.34
  MONTH TO DATE    4.60                      3.64   0.96     4.16
  SINCE JUN 1     22.18                     19.78   2.40    15.62
  SINCE JAN 1     33.78                     37.27  -3.49    34.57

SNOWFALL (IN)
  TODAY            0.0
  MONTH TO DATE    0.0
  SINCE JUN 1      0.0
  SINCE JUL 1      0.0
  SNOW DEPTH       0

DEGREE DAYS
 HEATING
  TODAY            0                         0      0        0
  MONTH TO DATE    0                         0      0        0
  SINCE JUN 1      0                         0      0        0
  SINCE JUL 1      0                         0      0        0

 COOLING
  TODAY           22                        20      2       20
  MONTH TO DATE  325                       320      5      294
  SINCE JUN 1   1464                      1461      3     1489
  SINCE JAN 1   3041                      2879    162     2903
..................................................................


WIND (MPH)
  HIGHEST WIND SPEED    15   HIGHEST WIND DIRECTION     E (110)
  HIGHEST GUST SPEED    18   HIGHEST GUST DIRECTION    SE (130)
  AVERAGE WIND SPEED     4.4


SKY COVER
  AVERAGE SKY COVER 0.4


WEATHER CONDITIONS
 THE FOLLOWING WEATHER WAS RECORDED TODAY.
  THUNDERSTORM


RELATIVE HUMIDITY (PERCENT)
 HIGHEST    85
 LOWEST     60
 AVERAGE    73

..........................................................


THE FORT LAUDERDALE CLIMATE NORMALS FOR TOMORROW
                         NORMAL    RECORD    YEAR
 MAXIMUM TEMPERATURE (F)   90        98      1924
 MINIMUM TEMPERATURE (F)   79        66      1974


SUNRISE AND SUNSET
AUGUST 16 2017........SUNRISE   654 AM EDT   SUNSET   755 PM EDT
AUGUST 17 2017........SUNRISE   654 AM EDT   SUNSET   754 PM EDT


-  INDICATES NEGATIVE NUMBERS.
R  INDICATES RECORD WAS SET OR TIED.
MM INDICATES DATA IS MISSING.
T  INDICATES TRACE AMOUNT.




$$
