000
CDUS42 KILM 250843
CLIFLO


CLIMATE REPORT
NATIONAL WEATHER SERVICE WILMINGTON NC
443 AM EDT MON JUL 25 2016


...................................

...THE FLORENCE SC CLIMATE SUMMARY FOR JULY 24 2016...

CLIMATE NORMAL PERIOD 1981 TO 2010
CLIMATE RECORD PERIOD 1948 TO 2016


WEATHER ITEM   OBSERVED TIME   RECORD YEAR NORMAL DEPARTURE LAST
                VALUE   (LST)  VALUE       VALUE  FROM      YEAR
                                                  NORMAL
..................................................................
TEMPERATURE (F)
 YESTERDAY
  MAXIMUM         96    402 PM 104    1952  91      5       89
  MINIMUM         77    546 AM  62    2007  72      5       73
  AVERAGE         87                        81      6       81

PRECIPITATION (IN)
  YESTERDAY        0.00          1.89 1963   0.18  -0.18     0.01
  MONTH TO DATE    5.87                      4.00   1.87     3.40
  SINCE JUN 1      9.83                      8.62   1.21     6.90
  SINCE JAN 1     30.92                     23.98   6.94    21.92

DEGREE DAYS
 HEATING
  YESTERDAY        0                         0      0        0
  MONTH TO DATE    0                         0      0        0
  SINCE JUN 1      0                         1     -1        0
  SINCE JUL 1      0                         0      0        0

 COOLING
  YESTERDAY       22                        16      6       16
  MONTH TO DATE  474                       384     90      460
  SINCE JUN 1    961                       781    180     1001
  SINCE JAN 1   1308                      1088    220     1386
..................................................................


WIND (MPH)
  HIGHEST WIND SPEED    17   HIGHEST WIND DIRECTION     S (170)
  HIGHEST GUST SPEED    20   HIGHEST GUST DIRECTION     S (160)
  AVERAGE WIND SPEED     5.8


SKY COVER
  POSSIBLE SUNSHINE  MM
  AVERAGE SKY COVER 0.0


WEATHER CONDITIONS
 THE FOLLOWING WEATHER WAS RECORDED YESTERDAY.
  NO SIGNIFICANT WEATHER WAS OBSERVED.


RELATIVE HUMIDITY (PERCENT)
 HIGHEST    91           100 AM
 LOWEST     46           200 PM
 AVERAGE    69

..........................................................


THE FLORENCE SC CLIMATE NORMALS FOR TODAY
                         NORMAL    RECORD    YEAR
 MAXIMUM TEMPERATURE (F)   91        98      1949
 MINIMUM TEMPERATURE (F)   72        66      2008
                                             1977


SUNRISE AND SUNSET
JULY 25 2016..........SUNRISE   625 AM EDT   SUNSET   825 PM EDT
JULY 26 2016..........SUNRISE   626 AM EDT   SUNSET   824 PM EDT


-  INDICATES NEGATIVE NUMBERS.
R  INDICATES RECORD WAS SET OR TIED.
MM INDICATES DATA IS MISSING.
T  INDICATES TRACE AMOUNT.




$$
