000
CDUS42 KILM 192147
CLIFLO


CLIMATE REPORT
NATIONAL WEATHER SERVICE WILMINGTON NC
447 PM EST SUN FEB 19 2017


...................................

...THE FLORENCE SC CLIMATE SUMMARY FOR FEBRUARY 19 2017...
VALID TODAY AS OF 0400 PM LOCAL TIME.

CLIMATE NORMAL PERIOD 1981 TO 2010
CLIMATE RECORD PERIOD 1948 TO 2017


WEATHER ITEM   OBSERVED TIME   RECORD YEAR NORMAL DEPARTURE LAST
                VALUE   (LST)  VALUE       VALUE  FROM      YEAR
                                                  NORMAL
..................................................................
TEMPERATURE (F)
 TODAY
  MAXIMUM         72    357 PM  80    2014  61     11       58
                                      1951
  MINIMUM         49    629 AM  16    1979  38     11       32
  AVERAGE         61                        49     12       45

PRECIPITATION (IN)
  TODAY            0.00          1.84 1975   0.11  -0.11     0.00
  MONTH TO DATE    1.60                      1.95  -0.35     4.09
  SINCE DEC 1      9.43                      8.19   1.24    13.31
  SINCE JAN 1      4.86                      5.18  -0.32     6.22

SNOWFALL (IN)
  TODAY           MM
  MONTH TO DATE   MM
  SINCE DEC 1     MM
  SINCE JUL 1     MM
  SNOW DEPTH      MM

DEGREE DAYS
 HEATING
  TODAY            4                        16    -12       20
  MONTH TO DATE  204                       332   -128      392
  SINCE DEC 1   1088                      1512   -424     1288
  SINCE JUL 1   1401                      1934   -533     1552

 COOLING
  TODAY            0                         0      0        0
  MONTH TO DATE    6                         0      6        1
  SINCE DEC 1     10                         6      4       58
  SINCE JAN 1      6                         2      4        1
..................................................................


WIND (MPH)
  HIGHEST WIND SPEED    16   HIGHEST WIND DIRECTION     N (340)
  HIGHEST GUST SPEED    23   HIGHEST GUST DIRECTION    NW (330)
  AVERAGE WIND SPEED     7.5


SKY COVER
  POSSIBLE SUNSHINE  MM
  AVERAGE SKY COVER 0.1


WEATHER CONDITIONS
 THE FOLLOWING WEATHER WAS RECORDED TODAY.
  NO SIGNIFICANT WEATHER WAS OBSERVED.


RELATIVE HUMIDITY (PERCENT)
 HIGHEST    93           300 AM
 LOWEST     41           300 PM
 AVERAGE    67

..........................................................


THE FLORENCE SC CLIMATE NORMALS FOR TOMORROW
                         NORMAL    RECORD    YEAR
 MAXIMUM TEMPERATURE (F)   61        83      2014
 MINIMUM TEMPERATURE (F)   38        13      2015


SUNRISE AND SUNSET
FEBRUARY 19 2017......SUNRISE   659 AM EST   SUNSET   607 PM EST
FEBRUARY 20 2017......SUNRISE   658 AM EST   SUNSET   607 PM EST


-  INDICATES NEGATIVE NUMBERS.
R  INDICATES RECORD WAS SET OR TIED.
MM INDICATES DATA IS MISSING.
T  INDICATES TRACE AMOUNT.




$$
