000
CDUS42 KILM 310844
CLIFLO


CLIMATE REPORT
NATIONAL WEATHER SERVICE WILMINGTON NC
444 AM EDT TUE MAY 31 2016


...................................

...THE FLORENCE SC CLIMATE SUMMARY FOR MAY 30 2016...

CLIMATE NORMAL PERIOD 1981 TO 2010
CLIMATE RECORD PERIOD 1948 TO 2016


WEATHER ITEM   OBSERVED TIME   RECORD YEAR NORMAL DEPARTURE LAST
                VALUE   (LST)  VALUE       VALUE  FROM      YEAR
                                                  NORMAL
..................................................................
TEMPERATURE (F)
 YESTERDAY
  MAXIMUM         82    139 PM  96    1953  86     -4       90
  MINIMUM         71    254 AM  53    1984  64      7       66
  AVERAGE         77                        75      2       78

PRECIPITATION (IN)
  YESTERDAY        0.10          1.99 2012   0.13  -0.03     0.00
  MONTH TO DATE    6.66                      3.13   3.53     1.29
  SINCE MAR 1     13.63                      9.08   4.55     8.09
  SINCE JAN 1     21.09                     15.23   5.86    15.02

DEGREE DAYS
 HEATING
  YESTERDAY        0                         0      0        0
  MONTH TO DATE   10                        22    -12        1
  SINCE MAR 1    288                       456   -168      306
  SINCE JUL 1   1948                      2522   -574     2544

 COOLING
  YESTERDAY       12                        10      2       13
  MONTH TO DATE  200                       200      0      255
  SINCE MAR 1    331                       290     41      369
  SINCE JAN 1    332                       296     36      372
..................................................................


WIND (MPH)
  HIGHEST WIND SPEED    21   HIGHEST WIND DIRECTION     E (100)
  HIGHEST GUST SPEED    24   HIGHEST GUST DIRECTION     E (100)
  AVERAGE WIND SPEED     7.3


SKY COVER
  POSSIBLE SUNSHINE  MM
  AVERAGE SKY COVER 0.9


WEATHER CONDITIONS
 THE FOLLOWING WEATHER WAS RECORDED YESTERDAY.
  LIGHT RAIN
  FOG


RELATIVE HUMIDITY (PERCENT)
 HIGHEST    93           200 AM
 LOWEST     65          1200 PM
 AVERAGE    79

..........................................................


THE FLORENCE SC CLIMATE NORMALS FOR TODAY
                         NORMAL    RECORD    YEAR
 MAXIMUM TEMPERATURE (F)   86       102      1953
 MINIMUM TEMPERATURE (F)   64        45      1984


SUNRISE AND SUNSET
MAY 31 2016...........SUNRISE   608 AM EDT   SUNSET   825 PM EDT
JUNE  1 2016..........SUNRISE   608 AM EDT   SUNSET   826 PM EDT


-  INDICATES NEGATIVE NUMBERS.
R  INDICATES RECORD WAS SET OR TIED.
MM INDICATES DATA IS MISSING.
T  INDICATES TRACE AMOUNT.




$$
