000
CDUS42 KILM 022200
CLIFLO


CLIMATE REPORT
NATIONAL WEATHER SERVICE WILMINGTON NC
500 PM EST FRI DEC 2 2016


...................................

...THE FLORENCE SC CLIMATE SUMMARY FOR DECEMBER 2 2016...
VALID TODAY AS OF 0400 PM LOCAL TIME.

CLIMATE NORMAL PERIOD 1981 TO 2010
CLIMATE RECORD PERIOD 1948 TO 2016


WEATHER ITEM   OBSERVED TIME   RECORD YEAR NORMAL DEPARTURE LAST
                VALUE   (LST)  VALUE       VALUE  FROM      YEAR
                                                  NORMAL
..................................................................
TEMPERATURE (F)
 TODAY
  MAXIMUM         60    307 PM  83    1991  62     -2       68
  MINIMUM         37    721 AM  21    1965  39     -2       55
  AVERAGE         49                        50     -1       62

PRECIPITATION (IN)
  TODAY            0.00          0.74 2009   0.09  -0.09     0.20
  MONTH TO DATE    0.03                      0.18  -0.15     0.20
  SINCE DEC 1      0.03                      0.18  -0.15     0.20
  SINCE JAN 1     56.43                     40.08  16.35    50.14

SNOWFALL (IN)
  TODAY           MM
  MONTH TO DATE   MM
  SINCE DEC 1     MM
  SINCE JUL 1     MM
  SNOW DEPTH      MM

DEGREE DAYS
 HEATING
  TODAY           16                        15      1        3
  MONTH TO DATE   23                        30     -7       10
  SINCE DEC 1     23                        30     -7       10
  SINCE JUL 1    336                       452   -116      274

 COOLING
  TODAY            0                         0      0        0
  MONTH TO DATE    0                         0      0        0
  SINCE DEC 1      0                         0      0        0
  SINCE JAN 1   2582                      2059    523     2470
..................................................................


WIND (MPH)
  HIGHEST WIND SPEED    13   HIGHEST WIND DIRECTION    NW (330)
  HIGHEST GUST SPEED    16   HIGHEST GUST DIRECTION     W (290)
  AVERAGE WIND SPEED     6.4


SKY COVER
  POSSIBLE SUNSHINE  MM
  AVERAGE SKY COVER 0.0


WEATHER CONDITIONS
 THE FOLLOWING WEATHER WAS RECORDED TODAY.
  NO SIGNIFICANT WEATHER WAS OBSERVED.


RELATIVE HUMIDITY (PERCENT)
 HIGHEST    86           800 AM
 LOWEST     37           300 PM
 AVERAGE    62

..........................................................


THE FLORENCE SC CLIMATE NORMALS FOR TOMORROW
                         NORMAL    RECORD    YEAR
 MAXIMUM TEMPERATURE (F)   61        86      1991
 MINIMUM TEMPERATURE (F)   39        22      1960


SUNRISE AND SUNSET
DECEMBER  2 2016......SUNRISE   708 AM EST   SUNSET   509 PM EST
DECEMBER  3 2016......SUNRISE   709 AM EST   SUNSET   509 PM EST


-  INDICATES NEGATIVE NUMBERS.
R  INDICATES RECORD WAS SET OR TIED.
MM INDICATES DATA IS MISSING.
T  INDICATES TRACE AMOUNT.




$$
