000
CDUS42 KILM 062045
CLIFLO


CLIMATE REPORT
NATIONAL WEATHER SERVICE WILMINGTON NC
444 PM EDT FRI MAY 6 2016


...................................

...THE FLORENCE SC CLIMATE SUMMARY FOR MAY 6 2016...
VALID TODAY AS OF 0400 PM LOCAL TIME.

CLIMATE NORMAL PERIOD 1981 TO 2010
CLIMATE RECORD PERIOD 1948 TO 2016


WEATHER ITEM   OBSERVED TIME   RECORD YEAR NORMAL DEPARTURE LAST
                VALUE   (LST)  VALUE       VALUE  FROM      YEAR
                                                  NORMAL
..................................................................
TEMPERATURE (F)
 TODAY
  MAXIMUM         71    259 PM  97    1952  81    -10       83
  MINIMUM         50    105 AM  45    2005  56     -6       56
                                      1987
  AVERAGE         61                        68     -7       70

PRECIPITATION (IN)
  TODAY            0.00          0.94 1984   0.09  -0.09     0.00
  MONTH TO DATE    1.59                      0.53   1.06      T
  SINCE MAR 1      8.56                      6.48   2.08     6.80
  SINCE JAN 1     16.02                     12.63   3.39    13.73

DEGREE DAYS
 HEATING
  TODAY            4                         1      3        0
  MONTH TO DATE    9                        10     -1        1
  SINCE MAR 1    287                       444   -157      306
  SINCE JUL 1   1947                      2510   -563     2544

 COOLING
  TODAY            0                         5     -5        5
  MONTH TO DATE   34                        26      8       14
  SINCE MAR 1    165                       116     49      128
  SINCE JAN 1    166                       122     44      131
..................................................................


WIND (MPH)
  HIGHEST WIND SPEED    17   HIGHEST WIND DIRECTION     N (350)
  HIGHEST GUST SPEED    23   HIGHEST GUST DIRECTION    NW (330)
  AVERAGE WIND SPEED     8.2


SKY COVER
  POSSIBLE SUNSHINE  MM
  AVERAGE SKY COVER 0.7


WEATHER CONDITIONS
 THE FOLLOWING WEATHER WAS RECORDED TODAY.
  FOG


RELATIVE HUMIDITY (PERCENT)
 HIGHEST    89           300 AM
 LOWEST     41           300 PM
 AVERAGE    65

..........................................................


THE FLORENCE SC CLIMATE NORMALS FOR TOMORROW
                         NORMAL    RECORD    YEAR
 MAXIMUM TEMPERATURE (F)   81        97      1977
 MINIMUM TEMPERATURE (F)   57        41      1989


SUNRISE AND SUNSET
MAY  6 2016...........SUNRISE   624 AM EDT   SUNSET   807 PM EDT
MAY  7 2016...........SUNRISE   623 AM EDT   SUNSET   808 PM EDT


-  INDICATES NEGATIVE NUMBERS.
R  INDICATES RECORD WAS SET OR TIED.
MM INDICATES DATA IS MISSING.
T  INDICATES TRACE AMOUNT.




$$
