000
CDUS42 KILM 120944
CLIFLO


CLIMATE REPORT
NATIONAL WEATHER SERVICE WILMINGTON NC
443 AM EST FRI FEB 12 2016


...................................

...THE FLORENCE SC CLIMATE SUMMARY FOR FEBRUARY 11 2016...

CLIMATE NORMAL PERIOD 1981 TO 2010
CLIMATE RECORD PERIOD 1948 TO 2016


WEATHER ITEM   OBSERVED TIME   RECORD YEAR NORMAL DEPARTURE LAST
                VALUE   (LST)  VALUE       VALUE  FROM      YEAR
                                                  NORMAL
..................................................................
TEMPERATURE (F)
 YESTERDAY
  MAXIMUM         48    448 PM  79    1999  59    -11       56
  MINIMUM         22    720 AM  19    1973  37    -15       35
  AVERAGE         35                        48    -13       46

PRECIPITATION (IN)
  YESTERDAY        0.00          1.22 1981   0.09  -0.09     0.00
  MONTH TO DATE    2.92                      1.11   1.81     1.42
  SINCE DEC 1     12.14                      7.35   4.79     7.05
  SINCE JAN 1      5.05                      4.34   0.71     3.85

SNOWFALL (IN)
  YESTERDAY       MM
  MONTH TO DATE   MM
  SINCE DEC 1     MM
  SINCE JUL 1     MM
  SNOW DEPTH      MM

DEGREE DAYS
 HEATING
  YESTERDAY       30                        17     13       19
  MONTH TO DATE  201                       200      1      195
  SINCE DEC 1   1097                      1380   -283     1287
  SINCE JUL 1   1361                      1802   -441     1787

 COOLING
  YESTERDAY        0                         0      0        0
  MONTH TO DATE    1                         0      1        0
  SINCE DEC 1     58                         6     52        3
  SINCE JAN 1      1                         2     -1        3
..................................................................


WIND (MPH)
  HIGHEST WIND SPEED    12   HIGHEST WIND DIRECTION     W (260)
  HIGHEST GUST SPEED    19   HIGHEST GUST DIRECTION    SW (230)
  AVERAGE WIND SPEED     4.4


SKY COVER
  POSSIBLE SUNSHINE  MM
  AVERAGE SKY COVER 0.1


WEATHER CONDITIONS
 THE FOLLOWING WEATHER WAS RECORDED YESTERDAY.
  NO SIGNIFICANT WEATHER WAS OBSERVED.


RELATIVE HUMIDITY (PERCENT)
 HIGHEST    85          1100 PM
 LOWEST     31           300 PM
 AVERAGE    58

..........................................................


THE FLORENCE SC CLIMATE NORMALS FOR TODAY
                         NORMAL    RECORD    YEAR
 MAXIMUM TEMPERATURE (F)   59        80      1999
 MINIMUM TEMPERATURE (F)   37        15      1973


SUNRISE AND SUNSET
FEBRUARY 12 2016......SUNRISE   707 AM EST   SUNSET   559 PM EST
FEBRUARY 13 2016......SUNRISE   706 AM EST   SUNSET   600 PM EST


-  INDICATES NEGATIVE NUMBERS.
R  INDICATES RECORD WAS SET OR TIED.
MM INDICATES DATA IS MISSING.
T  INDICATES TRACE AMOUNT.




$$
