000
CDUS42 KILM 140943
CLIFLO


CLIMATE REPORT
NATIONAL WEATHER SERVICE WILMINGTON NC
443 AM EST THU DEC 14 2017


...................................

...THE FLORENCE SC CLIMATE SUMMARY FOR DECEMBER 13 2017...

CLIMATE NORMAL PERIOD 1981 TO 2010
CLIMATE RECORD PERIOD 1948 TO 2017


WEATHER ITEM   OBSERVED TIME   RECORD YEAR NORMAL DEPARTURE LAST
                VALUE   (LST)  VALUE       VALUE  FROM      YEAR
                                                  NORMAL
..................................................................
TEMPERATURE (F)
 YESTERDAY
  MAXIMUM         48    418 PM  80    1991  58    -10       52
  MINIMUM         25    745 AM   8    1962  37    -12       46
  AVERAGE         37                        48    -11       49

PRECIPITATION (IN)
  YESTERDAY        0.00          0.78 1973   0.09  -0.09     0.70
  MONTH TO DATE    3.30                      1.19   2.11     2.75
  SINCE DEC 1      3.30                      1.19   2.11     2.75
  SINCE JAN 1     41.27                     41.09   0.18    59.15

SNOWFALL (IN)
  YESTERDAY       MM
  MONTH TO DATE   MM
  SINCE DEC 1     MM
  SINCE JUL 1     MM
  SNOW DEPTH      MM

DEGREE DAYS
 HEATING
  YESTERDAY       28                        18     10       16
  MONTH TO DATE  213                       210      3      222
  SINCE DEC 1    213                       210      3      222
  SINCE JUL 1    618                       632    -14      535

 COOLING
  YESTERDAY        0                         0      0        0
  MONTH TO DATE    0                         0      0        0
  SINCE DEC 1      0                         0      0        0
  SINCE JAN 1   2248                      2059    189     2582
..................................................................


WIND (MPH)
  HIGHEST WIND SPEED    14   HIGHEST WIND DIRECTION    SW (220)
  HIGHEST GUST SPEED    19   HIGHEST GUST DIRECTION    SW (210)
  AVERAGE WIND SPEED     6.2


SKY COVER
  POSSIBLE SUNSHINE  MM
  AVERAGE SKY COVER 0.0


WEATHER CONDITIONS
 THE FOLLOWING WEATHER WAS RECORDED YESTERDAY.
  NO SIGNIFICANT WEATHER WAS OBSERVED.


RELATIVE HUMIDITY (PERCENT)
 HIGHEST    81           400 AM
 LOWEST     23           200 PM
 AVERAGE    52

..........................................................


THE FLORENCE SC CLIMATE NORMALS FOR TODAY
                         NORMAL    RECORD    YEAR
 MAXIMUM TEMPERATURE (F)   58        80      1956
 MINIMUM TEMPERATURE (F)   37        15      1960


SUNRISE AND SUNSET
DECEMBER 14 2017......SUNRISE   717 AM EST   SUNSET   511 PM EST
DECEMBER 15 2017......SUNRISE   717 AM EST   SUNSET   511 PM EST


-  INDICATES NEGATIVE NUMBERS.
R  INDICATES RECORD WAS SET OR TIED.
MM INDICATES DATA IS MISSING.
T  INDICATES TRACE AMOUNT.




$$
