000
CDUS42 KILM 272100
CLIFLO


CLIMATE REPORT
NATIONAL WEATHER SERVICE WILMINGTON NC
500 PM EDT SAT MAY 27 2017


...................................

...THE FLORENCE SC CLIMATE SUMMARY FOR MAY 27 2017...
VALID TODAY AS OF 0400 PM LOCAL TIME.

CLIMATE NORMAL PERIOD 1981 TO 2010
CLIMATE RECORD PERIOD 1948 TO 2017


WEATHER ITEM   OBSERVED TIME   RECORD YEAR NORMAL DEPARTURE LAST
                VALUE   (LST)  VALUE       VALUE  FROM      YEAR
                                                  NORMAL
..................................................................
TEMPERATURE (F)
 TODAY
  MAXIMUM         90    237 PM  97    1998  85      5       87
  MINIMUM         61    538 AM  46    1961  63     -2       63
  AVERAGE         76                        74      2       75

PRECIPITATION (IN)
  TODAY            0.00          1.93 1981   0.12  -0.12     0.00
  MONTH TO DATE    3.02                      2.74   0.28     6.27
  SINCE MAR 1      9.17                      8.69   0.48    13.24
  SINCE JAN 1     14.04                     14.84  -0.80    20.70

DEGREE DAYS
 HEATING
  TODAY            0                         0      0        0
  MONTH TO DATE   11                        22    -11       10
  SINCE MAR 1    391                       456    -65      288
  SINCE JUL 1   1836                      2522   -686     1948

 COOLING
  TODAY           11                         9      2       10
  MONTH TO DATE  186                       171     15      165
  SINCE MAR 1    364                       261    103      296
  SINCE JAN 1    377                       267    110      297
..................................................................


WIND (MPH)
  HIGHEST WIND SPEED    20   HIGHEST WIND DIRECTION     W (270)
  HIGHEST GUST SPEED    26   HIGHEST GUST DIRECTION     W (270)
  AVERAGE WIND SPEED     6.8


SKY COVER
  POSSIBLE SUNSHINE  MM
  AVERAGE SKY COVER 0.1


WEATHER CONDITIONS
 THE FOLLOWING WEATHER WAS RECORDED TODAY.
  NO SIGNIFICANT WEATHER WAS OBSERVED.


RELATIVE HUMIDITY (PERCENT)
 HIGHEST    93          1200 AM
 LOWEST     44           300 PM
 AVERAGE    69

..........................................................


THE FLORENCE SC CLIMATE NORMALS FOR TOMORROW
                         NORMAL    RECORD    YEAR
 MAXIMUM TEMPERATURE (F)   85       100      1964
 MINIMUM TEMPERATURE (F)   63        44      1961


SUNRISE AND SUNSET
MAY 27 2017...........SUNRISE   610 AM EDT   SUNSET   823 PM EDT
MAY 28 2017...........SUNRISE   610 AM EDT   SUNSET   823 PM EDT


-  INDICATES NEGATIVE NUMBERS.
R  INDICATES RECORD WAS SET OR TIED.
MM INDICATES DATA IS MISSING.
T  INDICATES TRACE AMOUNT.




$$
