000
CDUS42 KILM 172100
CLIFLO


CLIMATE REPORT
NATIONAL WEATHER SERVICE WILMINGTON NC
500 PM EDT TUE OCT 17 2017


...................................

...THE FLORENCE SC CLIMATE SUMMARY FOR OCTOBER 17 2017...
VALID TODAY AS OF 0400 PM LOCAL TIME.

CLIMATE NORMAL PERIOD 1981 TO 2010
CLIMATE RECORD PERIOD 1948 TO 2017


WEATHER ITEM   OBSERVED TIME   RECORD YEAR NORMAL DEPARTURE LAST
                VALUE   (LST)  VALUE       VALUE  FROM      YEAR
                                                  NORMAL
..................................................................
TEMPERATURE (F)
 TODAY
  MAXIMUM         67    259 PM  87    2011  75     -8       83
                                      2007
                                      1953
  MINIMUM         47    624 AM  39    1982  53     -6       57
  AVERAGE         57                        64     -7       70

PRECIPITATION (IN)
  TODAY            0.00          2.64 1999   0.10  -0.10     0.00
  MONTH TO DATE    0.63                      1.85  -1.22    12.77
  SINCE SEP 1      4.75                      5.52  -0.77    22.59
  SINCE JAN 1     36.33                     36.00   0.33    55.47

DEGREE DAYS
 HEATING
  TODAY            8                         3      5        0
  MONTH TO DATE   11                        37    -26        5
  SINCE SEP 1     11                        46    -35        5
  SINCE JUL 1     11                        46    -35        5

 COOLING
  TODAY            0                         2     -2        5
  MONTH TO DATE  135                        62     73       68
  SINCE SEP 1    442                       348     94      472
  SINCE JAN 1   2224                      2018    206     2509
..................................................................


WIND (MPH)
  HIGHEST WIND SPEED    21   HIGHEST WIND DIRECTION    NE (50)
  HIGHEST GUST SPEED    26   HIGHEST GUST DIRECTION    NE (50)
  AVERAGE WIND SPEED    11.9


SKY COVER
  POSSIBLE SUNSHINE  MM
  AVERAGE SKY COVER 0.0


WEATHER CONDITIONS
 THE FOLLOWING WEATHER WAS RECORDED TODAY.
  NO SIGNIFICANT WEATHER WAS OBSERVED.


RELATIVE HUMIDITY (PERCENT)
 HIGHEST    86           500 AM
 LOWEST     32           200 PM
 AVERAGE    59

..........................................................


THE FLORENCE SC CLIMATE NORMALS FOR TOMORROW
                         NORMAL    RECORD    YEAR
 MAXIMUM TEMPERATURE (F)   75        87      2007
 MINIMUM TEMPERATURE (F)   52        35      1970


SUNRISE AND SUNSET
OCTOBER 17 2017.......SUNRISE   726 AM EDT   SUNSET   642 PM EDT
OCTOBER 18 2017.......SUNRISE   727 AM EDT   SUNSET   641 PM EDT


-  INDICATES NEGATIVE NUMBERS.
R  INDICATES RECORD WAS SET OR TIED.
MM INDICATES DATA IS MISSING.
T  INDICATES TRACE AMOUNT.




$$
