000
CDUS42 KTBW 311245
CLIFMY


CLIMATE REPORT
NATIONAL WEATHER SERVICE TAMPA BAY FL
845 AM EDT FRI JUL 31 2015


...................................

...THE FORT MYERS CLIMATE SUMMARY FOR JULY 30 2015...

CLIMATE NORMAL PERIOD 1981 TO 2010
CLIMATE RECORD PERIOD 1902 TO 2015


WEATHER ITEM   OBSERVED TIME   RECORD YEAR NORMAL DEPARTURE LAST
                VALUE   (LST)  VALUE       VALUE  FROM      YEAR
                                                  NORMAL
..................................................................
TEMPERATURE (F)
 YESTERDAY
  MAXIMUM         90    130 PM  97    1942  92     -2       92
  MINIMUM         76    549 AM  66    1928  75      1       78
  AVERAGE         83                        83      0       85

PRECIPITATION (IN)
  YESTERDAY        T             4.00 1996   0.30  -0.30     0.03
  MONTH TO DATE   12.27                      8.74   3.53     8.64
  SINCE JUN 1     20.87                     18.83   2.04    11.12
  SINCE JAN 1     29.72                     30.63  -0.91    22.46

DEGREE DAYS
 HEATING
  YESTERDAY        0                         0      0        0
  MONTH TO DATE    0                         0      0        0
  SINCE JUN 1      0                         0      0        0
  SINCE JUL 1      0                         0      0        0

 COOLING
  YESTERDAY       18                        18      0       20
  MONTH TO DATE  533                       540     -7      560
  SINCE JUN 1   1071                      1065      6     1090
  SINCE JAN 1   2425                      2131    294     2281
..................................................................


WIND (MPH)
  RESULTANT WIND SPEED   6   RESULTANT WIND DIRECTION  SW (240)
  HIGHEST WIND SPEED    18   HIGHEST WIND DIRECTION     W (250)
  HIGHEST GUST SPEED    22   HIGHEST GUST DIRECTION     W (250)
  AVERAGE WIND SPEED     6.3


SKY COVER
  POSSIBLE SUNSHINE  MM
  AVERAGE SKY COVER 0.2


WEATHER CONDITIONS
 THE FOLLOWING WEATHER WAS RECORDED YESTERDAY.
  THUNDERSTORM
  LIGHT RAIN
  FOG


RELATIVE HUMIDITY (PERCENT)
 HIGHEST    94          1200 AM
 LOWEST     64           100 PM

..........................................................


THE FORT MYERS CLIMATE NORMALS FOR TODAY
                         NORMAL    RECORD    YEAR
 MAXIMUM TEMPERATURE (F)   92        97      1982
 MINIMUM TEMPERATURE (F)   75        67      1952


SUNRISE AND SUNSET
JULY 31 2015..........SUNRISE   652 AM EDT   SUNSET   816 PM EDT
AUGUST  1 2015........SUNRISE   652 AM EDT   SUNSET   815 PM EDT


-  INDICATES NEGATIVE NUMBERS.
R  INDICATES RECORD WAS SET OR TIED.
MM INDICATES DATA IS MISSING.
T  INDICATES TRACE AMOUNT.




$$
