000
CDUS42 KTBW 220833
CLIFMY


CLIMATE REPORT
NATIONAL WEATHER SERVICE TAMPA BAY FL
429 AM EDT FRI AUG 22 2014


...................................

...THE FORT MYERS CLIMATE SUMMARY FOR AUGUST 21 2014...

CLIMATE NORMAL PERIOD 1981 TO 2010
CLIMATE RECORD PERIOD 1902 TO 2014


WEATHER ITEM   OBSERVED TIME   RECORD YEAR NORMAL DEPARTURE LAST
                VALUE   (LST)  VALUE       VALUE  FROM      YEAR
                                                  NORMAL
..................................................................
TEMPERATURE (F)
 YESTERDAY
  MAXIMUM         97R   313 PM  96    2010  92      5       91
  MINIMUM         76    537 AM  70    1947  75      1       77
                                      1929
                                      1916
  AVERAGE         87                        83      4       84

PRECIPITATION (IN)
  YESTERDAY        0.00          3.95 1981   0.33  -0.33     0.03
  MONTH TO DATE    4.93                      6.77  -1.84     5.34
  SINCE JUN 1     16.05                     25.90  -9.85    25.72
  SINCE JAN 1     27.39                     37.70 -10.31    35.88

DEGREE DAYS
 HEATING
  YESTERDAY        0                         0      0        0
  MONTH TO DATE    0                         0      0        0
  SINCE JUN 1      0                         0      0        0
  SINCE JUL 1      0                         0      0        0

 COOLING
  YESTERDAY       22                        18      4       19
  MONTH TO DATE  411                       378     33      381
  SINCE JUN 1   1521                      1467     54     1408
  SINCE JAN 1   2712                      2533    179     2546
..................................................................


WIND (MPH)
  RESULTANT WIND SPEED   1   RESULTANT WIND DIRECTION   E (110)
  HIGHEST WIND SPEED    24   HIGHEST WIND DIRECTION     S (170)
  HIGHEST GUST SPEED    30   HIGHEST GUST DIRECTION     S (160)
  AVERAGE WIND SPEED     3.0


SKY COVER
  POSSIBLE SUNSHINE  MM
  AVERAGE SKY COVER 0.1


WEATHER CONDITIONS
 THE FOLLOWING WEATHER WAS RECORDED YESTERDAY.
  THUNDERSTORM


RELATIVE HUMIDITY (PERCENT)
 HIGHEST    94           300 AM
 LOWEST     43           300 PM

..........................................................


THE FORT MYERS CLIMATE NORMALS FOR TODAY
                         NORMAL    RECORD    YEAR
 MAXIMUM TEMPERATURE (F)   92        96      1978
 MINIMUM TEMPERATURE (F)   75        70      1973
                                             1918
                                             1911


SUNRISE AND SUNSET
AUGUST 22 2014........SUNRISE   703 AM EDT   SUNSET   758 PM EDT
AUGUST 23 2014........SUNRISE   703 AM EDT   SUNSET   757 PM EDT


-  INDICATES NEGATIVE NUMBERS.
R  INDICATES RECORD WAS SET OR TIED.
MM INDICATES DATA IS MISSING.
T  INDICATES TRACE AMOUNT.




$$


&&
------------------------------------------------------------------
******************** SUPPLEMENTAL DATA ***************************

...GULF WATER TEMPERATURE AT FORT MYERS BEACH 90.
