000
CDUS42 KTBW 072116
CLIFMY


CLIMATE REPORT
NATIONAL WEATHER SERVICE TAMPA BAY FL
510 PM EDT TUE JUL 7 2015


...................................

...THE FORT MYERS CLIMATE SUMMARY FOR JULY 7 2015...
VALID TODAY AS OF 0500 PM LOCAL TIME.

CLIMATE NORMAL PERIOD 1981 TO 2010
CLIMATE RECORD PERIOD 1902 TO 2015


WEATHER ITEM   OBSERVED TIME   RECORD YEAR NORMAL DEPARTURE LAST
                VALUE   (LST)  VALUE       VALUE  FROM      YEAR
                                                  NORMAL
..................................................................
TEMPERATURE (F)
 TODAY
  MAXIMUM         92   1240 PM 101    1942  92      0       84
  MINIMUM         74    600 AM  69    1950  74      0       74
  AVERAGE         83                        83      0       79

PRECIPITATION (IN)
  TODAY            0.00          3.09 2006   0.29  -0.29     0.10
  MONTH TO DATE    4.40                      2.14   2.26     1.28
  SINCE JUN 1     13.00                     12.23   0.77     3.76
  SINCE JAN 1     21.85                     24.03  -2.18    15.10

DEGREE DAYS
 HEATING
  TODAY            0                         0      0        0
  MONTH TO DATE    0                         0      0        0
  SINCE JUN 1      0                         0      0        0
  SINCE JUL 1      0                         0      0        0

 COOLING
  TODAY           18                        18      0       14
  MONTH TO DATE  127                       126      1      131
  SINCE JUN 1    665                       651     14      661
  SINCE JAN 1   2019                      1717    302     1852
..................................................................


WIND (MPH)
  RESULTANT WIND SPEED   3   RESULTANT WIND DIRECTION   E (110)
  HIGHEST WIND SPEED    25   HIGHEST WIND DIRECTION     E (110)
  HIGHEST GUST SPEED    32   HIGHEST GUST DIRECTION    SE (120)
  AVERAGE WIND SPEED     3.9


SKY COVER
  POSSIBLE SUNSHINE  MM
  AVERAGE SKY COVER 0.1


WEATHER CONDITIONS
 THE FOLLOWING WEATHER WAS RECORDED TODAY.
  THUNDERSTORM


RELATIVE HUMIDITY (PERCENT)
 HIGHEST   100           600 AM
 LOWEST     56          1200 PM

..........................................................


THE FORT MYERS CLIMATE NORMALS FOR TOMORROW
                         NORMAL    RECORD    YEAR
 MAXIMUM TEMPERATURE (F)   92        98      1997
                                             1981
 MINIMUM TEMPERATURE (F)   74        68      1957
                                             1930


SUNRISE AND SUNSET
JULY  7 2015..........SUNRISE   640 AM EDT   SUNSET   824 PM EDT
JULY  8 2015..........SUNRISE   641 AM EDT   SUNSET   824 PM EDT


-  INDICATES NEGATIVE NUMBERS.
R  INDICATES RECORD WAS SET OR TIED.
MM INDICATES DATA IS MISSING.
T  INDICATES TRACE AMOUNT.




$$


&&
------------------------------------------------------------------
******************** SUPPLEMENTAL DATA ***************************

...GULF WATER TEMPERATURE AT FORT MYERS BEACH 88
