008
CDUS42 KTBW 080931
CLIFMY


CLIMATE REPORT
NATIONAL WEATHER SERVICE TAMPA BAY FL
429 AM EST MON FEB 8 2016


...................................

...THE FORT MYERS CLIMATE SUMMARY FOR FEBRUARY 7 2016...

CLIMATE NORMAL PERIOD 1981 TO 2010
CLIMATE RECORD PERIOD 1902 TO 2016


WEATHER ITEM   OBSERVED TIME   RECORD YEAR NORMAL DEPARTURE LAST
                VALUE   (LST)  VALUE       VALUE  FROM      YEAR
                                                  NORMAL
..................................................................
TEMPERATURE (F)
 YESTERDAY
  MAXIMUM         61    317 PM  86    1994  76    -15       75
                                      1986
  MINIMUM         49   1159 PM  33    1978  55     -6       51
  AVERAGE         55                        66    -11       63

PRECIPITATION (IN)
  YESTERDAY        T             1.50 1947   0.06  -0.06     0.00
  MONTH TO DATE    1.08                      0.48   0.60     0.70
  SINCE DEC 1     17.66                      4.13  13.53     1.32
  SINCE JAN 1     14.06                      2.42  11.64     1.27

DEGREE DAYS
 HEATING
  YESTERDAY       10                         2      8        2
  MONTH TO DATE   22                        20      2        8
  SINCE DEC 1    129                       203    -74      111
  SINCE JUL 1    129                       221    -92      152

 COOLING
  YESTERDAY        0                         3     -3        0
  MONTH TO DATE   37                        21     16        4
  SINCE DEC 1    359                       225    134      242
  SINCE JAN 1     81                       104    -23      104
..................................................................


WIND (MPH)
  RESULTANT WIND SPEED  14   RESULTANT WIND DIRECTION  NW (320)
  HIGHEST WIND SPEED    26   HIGHEST WIND DIRECTION    NW (330)
  HIGHEST GUST SPEED    33   HIGHEST GUST DIRECTION    NW (330)
  AVERAGE WIND SPEED    14.2


SKY COVER
  POSSIBLE SUNSHINE  MM
  AVERAGE SKY COVER 0.3


WEATHER CONDITIONS
 THE FOLLOWING WEATHER WAS RECORDED YESTERDAY.
  LIGHT RAIN


RELATIVE HUMIDITY (PERCENT)
 HIGHEST    93          1200 AM
 LOWEST     36           200 PM

..........................................................


THE FORT MYERS CLIMATE NORMALS FOR TODAY
                         NORMAL    RECORD    YEAR
 MAXIMUM TEMPERATURE (F)   77        88      1949
 MINIMUM TEMPERATURE (F)   55        33      1895


SUNRISE AND SUNSET
FEBRUARY  8 2016......SUNRISE   709 AM EST   SUNSET   615 PM EST
FEBRUARY  9 2016......SUNRISE   708 AM EST   SUNSET   616 PM EST


-  INDICATES NEGATIVE NUMBERS.
R  INDICATES RECORD WAS SET OR TIED.
MM INDICATES DATA IS MISSING.
T  INDICATES TRACE AMOUNT.




$$


&&
------------------------------------------------------------------
******************** SUPPLEMENTAL DATA ***************************

...GULF WATER TEMPERATURE AT FORT MYERS BEACH 64 DEGREES
