000
CDUS42 KTBW 172216
CLIFMY


CLIMATE REPORT
NATIONAL WEATHER SERVICE TAMPA BAY FL
514 PM EST SUN DEC 17 2017


...................................

...THE FORT MYERS CLIMATE SUMMARY FOR DECEMBER 17 2017...
VALID TODAY AS OF 0500 PM LOCAL TIME.

CLIMATE NORMAL PERIOD 1981 TO 2010
CLIMATE RECORD PERIOD 1902 TO 2017


WEATHER ITEM   OBSERVED TIME   RECORD YEAR NORMAL DEPARTURE LAST
                VALUE   (LST)  VALUE       VALUE  FROM      YEAR
                                                  NORMAL
..................................................................
TEMPERATURE (F)
 TODAY
  MAXIMUM         82    425 PM  86    2016  76      6       86
                                      1956
  MINIMUM         58    734 AM  34    1916  56      2       63
  AVERAGE         70                        66      4       75

PRECIPITATION (IN)
  TODAY            0.00          1.18 1963   0.06  -0.06     0.01
  MONTH TO DATE    1.45                      0.85   0.60     0.23
  SINCE DEC 1      1.45                      0.85   0.60     0.23
  SINCE JAN 1     61.54                     55.07   6.47    63.85

DEGREE DAYS
 HEATING
  TODAY            0                         2     -2        0
  MONTH TO DATE   39                        29     10        2
  SINCE DEC 1     39                        29     10        2
  SINCE JUL 1     44                        47     -3        7

 COOLING
  TODAY            5                         4      1       10
  MONTH TO DATE   84                        75      9      145
  SINCE DEC 1     84                        75      9      145
  SINCE JAN 1   4260                      3938    322     4153
..................................................................


WIND (MPH)
  RESULTANT WIND SPEED   5   RESULTANT WIND DIRECTION   E (100)
  HIGHEST WIND SPEED    14   HIGHEST WIND DIRECTION     E (110)
  HIGHEST GUST SPEED    19   HIGHEST GUST DIRECTION     S (160)
  AVERAGE WIND SPEED     5.9


SKY COVER
  POSSIBLE SUNSHINE  MM
  AVERAGE SKY COVER 0.2


WEATHER CONDITIONS
 THE FOLLOWING WEATHER WAS RECORDED TODAY.
  FOG


RELATIVE HUMIDITY (PERCENT)
 HIGHEST   100           700 AM
 LOWEST     55           200 PM

..........................................................


THE FORT MYERS CLIMATE NORMALS FOR TOMORROW
                         NORMAL    RECORD    YEAR
 MAXIMUM TEMPERATURE (F)   76        88      2016
 MINIMUM TEMPERATURE (F)   56        35      1973


SUNRISE AND SUNSET
DECEMBER 17 2017......SUNRISE   709 AM EST   SUNSET   538 PM EST
DECEMBER 18 2017......SUNRISE   710 AM EST   SUNSET   538 PM EST


-  INDICATES NEGATIVE NUMBERS.
R  INDICATES RECORD WAS SET OR TIED.
MM INDICATES DATA IS MISSING.
T  INDICATES TRACE AMOUNT.




$$


&&
------------------------------------------------------------------
******************** SUPPLEMENTAL DATA ***************************

...GULF WATER TEMPERATURE AT FORT MYERS BEACH 68 DEGREES
