000
CDUS43 KDTX 262028
CLIFNT


CLIMATE REPORT
NATIONAL WEATHER SERVICE DETROIT/PONTIAC MI
427 PM EDT MON SEP 26 2016


...................................

...THE FLINT MI CLIMATE SUMMARY FOR SEPTEMBER 26 2016...
VALID TODAY AS OF 0400 PM LOCAL TIME.

CLIMATE NORMAL PERIOD 1981 TO 2010
CLIMATE RECORD PERIOD 1921 TO 2016


WEATHER ITEM   OBSERVED TIME   RECORD YEAR NORMAL DEPARTURE LAST
                VALUE   (LST)  VALUE       VALUE  FROM      YEAR
                                                  NORMAL
..................................................................
TEMPERATURE (F)
 TODAY
  MAXIMUM         67    259 PM  90    1998  68     -1       76
  MINIMUM         57    950 AM  30    1926  46     11       55
  AVERAGE         62                        57      5       66

PRECIPITATION (IN)
  TODAY            0.08          1.79 1986   0.12  -0.04     0.00
  MONTH TO DATE    2.74                      3.29  -0.55     3.48
  SINCE SEP 1      2.74                      3.29  -0.55     3.48
  SINCE JAN 1     22.29                     23.85  -1.56    22.85

SNOWFALL (IN)
  TODAY            0.0           0.0    MM   0.0    0.0      0.0
  MONTH TO DATE    0.0                       0.0    0.0      0.0
  SINCE SEP 1      0.0                       0.0    0.0      0.0
  SINCE JUL 1      0.0                       0.0    0.0      0.0
  SNOW DEPTH       0

DEGREE DAYS
 HEATING
  TODAY            3                         9     -6        0
  MONTH TO DATE   39                       126    -87       42
  SINCE SEP 1     39                       126    -87       42
  SINCE JUL 1     39                       170   -131       64

 COOLING
  TODAY            0                         1     -1        1
  MONTH TO DATE   72                        45     27      137
  SINCE SEP 1     72                        45     27      137
  SINCE JAN 1   1011                       522    489      750
..................................................................


WIND (MPH)
  HIGHEST WIND SPEED    23   HIGHEST WIND DIRECTION     W (250)
  HIGHEST GUST SPEED    33   HIGHEST GUST DIRECTION     W (250)
  AVERAGE WIND SPEED    12.3


SKY COVER
  POSSIBLE SUNSHINE  MM
  AVERAGE SKY COVER 0.7


WEATHER CONDITIONS
 THE FOLLOWING WEATHER WAS RECORDED TODAY.
  LIGHT RAIN
  FOG


RELATIVE HUMIDITY (PERCENT)
 HIGHEST    90           800 AM
 LOWEST     45           300 PM
 AVERAGE    68

..........................................................


THE FLINT MI CLIMATE NORMALS FOR TOMORROW
                         NORMAL    RECORD    YEAR
 MAXIMUM TEMPERATURE (F)   68        86      1999
                                             1998
                                             1946
 MINIMUM TEMPERATURE (F)   45        27      1957


SUNRISE AND SUNSET
SEPTEMBER 26 2016.....SUNRISE   727 AM EDT   SUNSET   724 PM EDT
SEPTEMBER 27 2016.....SUNRISE   728 AM EDT   SUNSET   722 PM EDT


-  INDICATES NEGATIVE NUMBERS.
R  INDICATES RECORD WAS SET OR TIED.
MM INDICATES DATA IS MISSING.
T  INDICATES TRACE AMOUNT.




$$
