747
CDUS43 KDTX 250540
CLIFNT


CLIMATE REPORT
NATIONAL WEATHER SERVICE DETROIT/PONTIAC MI
140 AM EDT TUE JUL 25 2017


...................................

...THE FLINT MI CLIMATE SUMMARY FOR JULY 24 2017...

CLIMATE NORMAL PERIOD 1981 TO 2010
CLIMATE RECORD PERIOD 1921 TO 2017


WEATHER ITEM   OBSERVED TIME   RECORD YEAR NORMAL DEPARTURE LAST
                VALUE   (LST)  VALUE       VALUE  FROM      YEAR
                                                  NORMAL
..................................................................
TEMPERATURE (F)
 YESTERDAY
  MAXIMUM         75    426 PM 105    1934  82     -7       88
  MINIMUM         55   1142 PM  45    1953  59     -4       74
  AVERAGE         65                        70     -5       81

PRECIPITATION (IN)
  YESTERDAY        0.00          1.25 2005   0.11  -0.11     0.15
  MONTH TO DATE    2.56                      2.49   0.07     1.32
  SINCE JUN 1      5.22                      5.56  -0.34     1.99
  SINCE JAN 1     21.65                     16.55   5.10    14.22

SNOWFALL (IN)
  YESTERDAY        0.0           0.0    MM   0.0    0.0      0.0
  MONTH TO DATE    0.0                       0.0    0.0      0.0
  SINCE JUN 1      0.0                       0.0    0.0      0.0
  SINCE JUL 1      0.0                       0.0    0.0      0.0
  SNOW DEPTH       0

DEGREE DAYS
 HEATING
  YESTERDAY        0                         0      0        0
  MONTH TO DATE    0                        10    -10        0
  SINCE JUN 1     39                        76    -37       28
  SINCE JUL 1      0                        10    -10        0

 COOLING
  YESTERDAY        0                         6     -6       16
  MONTH TO DATE  164                       144     20      268
  SINCE JUN 1    309                       256     53      446
  SINCE JAN 1    334                       288     46      525
..................................................................


WIND (MPH)
  HIGHEST WIND SPEED    21   HIGHEST WIND DIRECTION    NE (30)
  HIGHEST GUST SPEED    26   HIGHEST GUST DIRECTION    NE (30)
  AVERAGE WIND SPEED     9.7


SKY COVER
  POSSIBLE SUNSHINE  MM
  AVERAGE SKY COVER 0.6


WEATHER CONDITIONS
 THE FOLLOWING WEATHER WAS RECORDED YESTERDAY.
  NO SIGNIFICANT WEATHER WAS OBSERVED.


RELATIVE HUMIDITY (PERCENT)
 HIGHEST    93          1200 AM
 LOWEST     49           500 PM
 AVERAGE    71

..........................................................


THE FLINT MI CLIMATE NORMALS FOR TODAY
                         NORMAL    RECORD    YEAR
 MAXIMUM TEMPERATURE (F)   82       103      1934
 MINIMUM TEMPERATURE (F)   59        47      2013


SUNRISE AND SUNSET
JULY 25 2017..........SUNRISE   619 AM EDT   SUNSET   903 PM EDT
JULY 26 2017..........SUNRISE   620 AM EDT   SUNSET   902 PM EDT


-  INDICATES NEGATIVE NUMBERS.
R  INDICATES RECORD WAS SET OR TIED.
MM INDICATES DATA IS MISSING.
T  INDICATES TRACE AMOUNT.




$$
