892
CDUS43 KDTX 250542
CLIFNT


CLIMATE REPORT
NATIONAL WEATHER SERVICE DETROIT/PONTIAC MI
1242 AM EST SUN FEB 25 2018


...................................

...THE FLINT MI CLIMATE SUMMARY FOR FEBRUARY 24 2018...

CLIMATE NORMAL PERIOD 1981 TO 2010
CLIMATE RECORD PERIOD 1921 TO 2018


WEATHER ITEM   OBSERVED TIME   RECORD YEAR NORMAL DEPARTURE LAST
                VALUE   (LST)  VALUE       VALUE  FROM      YEAR
                                                  NORMAL
..................................................................
TEMPERATURE (F)
 YESTERDAY
  MAXIMUM         37   1159 PM  61    2017  35      2       61
  MINIMUM         33    705 AM  -9    1924  19     14       36
  AVERAGE         35                        27      8       49

PRECIPITATION (IN)
  YESTERDAY        T             0.77 2017   0.06  -0.06     0.77
  MONTH TO DATE    4.01                      1.24   2.77     1.75
  SINCE DEC 1      7.25                      4.79   2.46     6.47
  SINCE JAN 1      5.87                      2.87   3.00     4.88

SNOWFALL (IN)
  YESTERDAY        0.0           7.0  2016   0.4   -0.4      0.0
  MONTH TO DATE   21.8                       9.4   12.4      1.8
  SINCE DEC 1     65.3                      34.3   31.0     32.4
  SINCE JUL 1     65.7                      37.2   28.5     32.4
  SNOW DEPTH       0

DEGREE DAYS
 HEATING
  YESTERDAY       30                        38     -8       16
  MONTH TO DATE  952                       974    -22      742
  SINCE DEC 1   3570                      3457    113     3003
  SINCE JUL 1   4868                      4938    -70     4044

 COOLING
  YESTERDAY        0                         0      0        0
  MONTH TO DATE    0                         0      0        0
  SINCE DEC 1      0                         0      0        0
  SINCE JAN 1      0                         0      0        0
..................................................................


WIND (MPH)
  HIGHEST WIND SPEED    21   HIGHEST WIND DIRECTION    SE (120)
  HIGHEST GUST SPEED    28   HIGHEST GUST DIRECTION     E (110)
  AVERAGE WIND SPEED    10.1


SKY COVER
  POSSIBLE SUNSHINE  MM
  AVERAGE SKY COVER 1.0


WEATHER CONDITIONS
 THE FOLLOWING WEATHER WAS RECORDED YESTERDAY.
  NO SIGNIFICANT WEATHER WAS OBSERVED.


RELATIVE HUMIDITY (PERCENT)
 HIGHEST    89          1200 AM
 LOWEST     75           500 AM
 AVERAGE    82

..........................................................


THE FLINT MI CLIMATE NORMALS FOR TODAY
                         NORMAL    RECORD    YEAR
 MAXIMUM TEMPERATURE (F)   36        61      1976
 MINIMUM TEMPERATURE (F)   19       -15      1993


SUNRISE AND SUNSET
FEBRUARY 25 2018......SUNRISE   717 AM EST   SUNSET   619 PM EST
FEBRUARY 26 2018......SUNRISE   716 AM EST   SUNSET   621 PM EST


-  INDICATES NEGATIVE NUMBERS.
R  INDICATES RECORD WAS SET OR TIED.
MM INDICATES DATA IS MISSING.
T  INDICATES TRACE AMOUNT.




$$
