000
CDUS43 KFSD 210635
CLIFSD


CLIMATE REPORT
NATIONAL WEATHER SERVICE SIOUX FALLS SD
1233 AM CST WED FEB 21 2018


...................................

...THE SIOUX FALLS SD CLIMATE SUMMARY FOR FEBRUARY 20 2018...

CLIMATE NORMAL PERIOD 1981 TO 2010
CLIMATE RECORD PERIOD 1893 TO 2018


WEATHER ITEM   OBSERVED TIME   RECORD YEAR NORMAL DEPARTURE LAST
                VALUE   (LST)  VALUE       VALUE  FROM      YEAR
                                                  NORMAL
..................................................................
TEMPERATURE (F)
 YESTERDAY
  MAXIMUM         14   1249 AM  65    1981  33    -19       57
  MINIMUM          1   1159 PM -19    2008  13    -12       32
                                      1918
  AVERAGE          8                        23    -15       45

PRECIPITATION (IN)
  YESTERDAY        0.16          0.81 1953   0.02   0.14     0.16
  MONTH TO DATE    0.70                      0.38   0.32     0.26
  SINCE DEC 1      1.76                      1.63   0.13     2.80
  SINCE JAN 1      1.08                      0.94   0.14     0.88

SNOWFALL (IN)
  YESTERDAY        2.5           7.1  1953   0.2    2.3      0.0
  MONTH TO DATE   10.0                       4.8    5.2       T
  SINCE DEC 1     26.2                      20.7    5.5     20.3
  SINCE JUL 1     26.4                      29.4   -3.0     26.3
  SNOW DEPTH       2

DEGREE DAYS
 HEATING
  YESTERDAY       57                        42     15       20
  MONTH TO DATE 1057                       897    160      672
  SINCE DEC 1   3878                      3817     61     3418
  SINCE JUL 1   5287                      5529   -242     4553

 COOLING
  YESTERDAY        0                         0      0        0
  MONTH TO DATE    0                         0      0        0
  SINCE DEC 1      0                         0      0        0
  SINCE JAN 1      0                         0      0        0
..................................................................


WIND (MPH)
  HIGHEST WIND SPEED    28   HIGHEST WIND DIRECTION    NW (310)
  HIGHEST GUST SPEED    32   HIGHEST GUST DIRECTION    NW (310)
  AVERAGE WIND SPEED    13.6


SKY COVER
  POSSIBLE SUNSHINE  MM
  AVERAGE SKY COVER 0.6


WEATHER CONDITIONS
 THE FOLLOWING WEATHER WAS RECORDED YESTERDAY.
  HEAVY SNOW
  SNOW
  LIGHT SNOW
  FOG
  FOG W/VISIBILITY <= 1/4 MILE
  HAZE
  BLOWING SNOW


RELATIVE HUMIDITY (PERCENT)
 HIGHEST    92           100 AM
 LOWEST     67           300 PM
 AVERAGE    80

..........................................................


THE SIOUX FALLS SD CLIMATE NORMALS FOR TODAY
                         NORMAL    RECORD    YEAR
 MAXIMUM TEMPERATURE (F)   33        68      2017
 MINIMUM TEMPERATURE (F)   14       -19      1918


SUNRISE AND SUNSET
FEBRUARY 21 2018......SUNRISE   716 AM CST   SUNSET   605 PM CST
FEBRUARY 22 2018......SUNRISE   715 AM CST   SUNSET   607 PM CST


-  INDICATES NEGATIVE NUMBERS.
R  INDICATES RECORD WAS SET OR TIED.
MM INDICATES DATA IS MISSING.
T  INDICATES TRACE AMOUNT.




$$
