000
CDUS43 KFSD 220621
CLIFSD


CLIMATE REPORT
NATIONAL WEATHER SERVICE SIOUX FALLS SD
1220 AM CST WED NOV 22 2017


...................................

...THE SIOUX FALLS SD CLIMATE SUMMARY FOR NOVEMBER 21 2017...

CLIMATE NORMAL PERIOD 1981 TO 2010
CLIMATE RECORD PERIOD 1893 TO 2017


WEATHER ITEM   OBSERVED TIME   RECORD YEAR NORMAL DEPARTURE LAST
                VALUE   (LST)  VALUE       VALUE  FROM      YEAR
                                                  NORMAL
..................................................................
TEMPERATURE (F)
 YESTERDAY
  MAXIMUM         40    106 AM  70    2012  39      1       39
  MINIMUM         12    954 PM  -8    1964  20     -8       20
  AVERAGE         26                        29     -3       30

PRECIPITATION (IN)
  YESTERDAY        T             0.90 1979   0.04  -0.04     0.01
  MONTH TO DATE    0.03                      0.98  -0.95     0.43
  SINCE SEP 1      6.93                      5.92   1.01    11.07
  SINCE JAN 1     24.52                     25.31  -0.79    28.93

SNOWFALL (IN)
  YESTERDAY        T             8.5  1979   0.3   -0.3      0.0
  MONTH TO DATE    0.2                       4.6   -4.4      5.0
  SINCE SEP 1      0.2                       5.9   -5.7      5.0
  SINCE JUL 1      0.2                       5.9   -5.7      5.0
  SNOW DEPTH       0

DEGREE DAYS
 HEATING
  YESTERDAY       39                        36      3       35
  MONTH TO DATE  638                       625     13      415
  SINCE SEP 1   1175                      1334   -159      868
  SINCE JUL 1   1181                      1365   -184      876

 COOLING
  YESTERDAY        0                         0      0        0
  MONTH TO DATE    0                         0      0        0
  SINCE SEP 1    102                        65     37       99
  SINCE JAN 1    776                       690     86      879
..................................................................


WIND (MPH)
  HIGHEST WIND SPEED    35   HIGHEST WIND DIRECTION    NW (320)
  HIGHEST GUST SPEED    42   HIGHEST GUST DIRECTION    NW (320)
  AVERAGE WIND SPEED    14.1


SKY COVER
  POSSIBLE SUNSHINE  MM
  AVERAGE SKY COVER 0.4


WEATHER CONDITIONS
 THE FOLLOWING WEATHER WAS RECORDED YESTERDAY.
  NO SIGNIFICANT WEATHER WAS OBSERVED.


RELATIVE HUMIDITY (PERCENT)
 HIGHEST    76          1000 PM
 LOWEST     42           300 PM
 AVERAGE    59

..........................................................


THE SIOUX FALLS SD CLIMATE NORMALS FOR TODAY
                         NORMAL    RECORD    YEAR
 MAXIMUM TEMPERATURE (F)   38        66      1908
 MINIMUM TEMPERATURE (F)   19        -8      1898


SUNRISE AND SUNSET
NOVEMBER 22 2017......SUNRISE   730 AM CST   SUNSET   456 PM CST
NOVEMBER 23 2017......SUNRISE   731 AM CST   SUNSET   455 PM CST


-  INDICATES NEGATIVE NUMBERS.
R  INDICATES RECORD WAS SET OR TIED.
MM INDICATES DATA IS MISSING.
T  INDICATES TRACE AMOUNT.




$$
