000
CDUS44 KTSA 270816
CLIFSM

CLIMATE REPORT
NATIONAL WEATHER SERVICE TULSA OK
315 AM CDT TUE SEP 27 2016

...................................

...THE FORT SMITH ARKANSAS CLIMATE SUMMARY FOR SEPTEMBER 26 2016...

CLIMATE NORMAL PERIOD 1981 TO 2010
CLIMATE RECORD PERIOD 1882 TO 2016


WEATHER ITEM   OBSERVED TIME   RECORD YEAR NORMAL DEPARTURE LAST
                VALUE   (LST)  VALUE       VALUE  FROM      YEAR
                                                  NORMAL
..................................................................
TEMPERATURE (F)
 YESTERDAY
  MAXIMUM         81    335 PM  96    1954  81      0       87
                                      1953
                                      1938
  MINIMUM         60   1159 PM  40    1982  58      2       59
                                      1975
  AVERAGE         71                        70      1       73

PRECIPITATION (IN)
  YESTERDAY        T             2.87 1936   0.15  -0.15     0.00
  MONTH TO DATE    1.79                      3.50  -1.71     2.57
  SINCE SEP 1      1.79                      3.50  -1.71     2.57
  SINCE JAN 1     28.44                     32.86  -4.42    52.17

DEGREE DAYS
 HEATING
  YESTERDAY        0                         1     -1        0
  MONTH TO DATE    0                         9     -9        0
  SINCE SEP 1      0                         9     -9        0
  SINCE JUL 1      0                         9     -9        0

 COOLING
  YESTERDAY        6                         6      0        8
  MONTH TO DATE  371                       260    111      317
  SINCE SEP 1    371                       260    111      317
  SINCE JAN 1   2222                      1955    267     2132
..................................................................


WIND (MPH)
  HIGHEST WIND SPEED    14   HIGHEST WIND DIRECTION    NE (30)
  HIGHEST GUST SPEED    19   HIGHEST GUST DIRECTION    NE (30)
  AVERAGE WIND SPEED     6.7


SKY COVER
  POSSIBLE SUNSHINE  MM
  AVERAGE SKY COVER 0.4


WEATHER CONDITIONS
 THE FOLLOWING WEATHER WAS RECORDED YESTERDAY.
  LIGHT RAIN


RELATIVE HUMIDITY (PERCENT)
 HIGHEST    78           500 AM
 LOWEST     26           400 PM
 AVERAGE    52

..........................................................


THE FORT SMITH ARKANSAS CLIMATE NORMALS FOR TODAY
                         NORMAL    RECORD    YEAR
 MAXIMUM TEMPERATURE (F)   81        98      1954
                                             1938
 MINIMUM TEMPERATURE (F)   57        38      1942


SUNRISE AND SUNSET
SEPTEMBER 27 2016.....SUNRISE   710 AM CDT   SUNSET   706 PM CDT
SEPTEMBER 28 2016.....SUNRISE   710 AM CDT   SUNSET   705 PM CDT


-  INDICATES NEGATIVE NUMBERS.
R  INDICATES RECORD WAS SET OR TIED.
MM INDICATES DATA IS MISSING.
T  INDICATES TRACE AMOUNT.




$$

&&
...........................................................

THE ARKANSAS RIVER AT VAN BUREN

                   OBSERVED      24 HOUR     24 HOUR
                    VALUE        CHANGE      FORECAST

 STAGE (FEET)
  THIS MORNING       19.8         +0.3

MEAN FLOW (CFS)
  TODAY                                        -99
...........................................................
ALL DATA MEASURED AT THE FORT SMITH REGIONAL AIRPORT
