000
CDUS44 KTSA 272122
CLIFSM

CLIMATE REPORT
NATIONAL WEATHER SERVICE TULSA OK
422 PM CDT SAT AUG 27 2016


...................................

...THE FORT SMITH ARKANSAS CLIMATE SUMMARY FOR AUGUST 27 2016...
VALID TODAY AS OF 0400 PM LOCAL TIME.

CLIMATE NORMAL PERIOD 1981 TO 2010
CLIMATE RECORD PERIOD 1882 TO 2016


WEATHER ITEM   OBSERVED TIME   RECORD YEAR NORMAL DEPARTURE LAST
                VALUE   (LST)  VALUE       VALUE  FROM      YEAR
                                                  NORMAL
..................................................................
TEMPERATURE (F)
 TODAY
  MAXIMUM         88    148 PM 105    2000  92     -4       81
  MINIMUM         74    645 AM  58    1967  69      5       65
                                      1887
  AVERAGE         81                        81      0       73

PRECIPITATION (IN)
  TODAY            0.04          1.62 1965   0.08  -0.04     0.00
  MONTH TO DATE    3.72                      2.25   1.47     4.40
  SINCE JUN 1      9.28                      9.83  -0.55    16.32
  SINCE JAN 1     26.49                     29.02  -2.53    49.57

DEGREE DAYS
 COOLING
  TODAY           16                        16      0        8
  MONTH TO DATE  483                       471     12      419
  SINCE JUN 1   1593                      1392    201     1516
  SINCE JAN 1   1778                      1636    142     1756
..................................................................


WIND (MPH)
  HIGHEST WIND SPEED     9   HIGHEST WIND DIRECTION    SE (120)
  HIGHEST GUST SPEED    13   HIGHEST GUST DIRECTION    SE (150)
  AVERAGE WIND SPEED     4.1


SKY COVER
  POSSIBLE SUNSHINE  MM
  AVERAGE SKY COVER 0.2


WEATHER CONDITIONS
 THE FOLLOWING WEATHER WAS RECORDED TODAY.
  THUNDERSTORM
  LIGHT RAIN


RELATIVE HUMIDITY (PERCENT)
 HIGHEST    93           400 AM
 LOWEST     55           200 PM
 AVERAGE    74

..........................................................


THE FORT SMITH ARKANSAS CLIMATE NORMALS FOR TOMORROW
                         NORMAL    RECORD    YEAR
 MAXIMUM TEMPERATURE (F)   92       106      1963
 MINIMUM TEMPERATURE (F)   69        52      1967


SUNRISE AND SUNSET
AUGUST 27 2016........SUNRISE   646 AM CDT   SUNSET   750 PM CDT
AUGUST 28 2016........SUNRISE   647 AM CDT   SUNSET   749 PM CDT


-  INDICATES NEGATIVE NUMBERS.
R  INDICATES RECORD WAS SET OR TIED.
MM INDICATES DATA IS MISSING.
T  INDICATES TRACE AMOUNT.




$$

&&
...........................................................

THE ARKANSAS RIVER AT VAN BUREN

                   OBSERVED      24 HOUR     24 HOUR
                    VALUE        CHANGE      FORECAST

 STAGE (FEET)
  THIS AFTERNOON     19.6         -0.0

MEAN FLOW (CFS)
  TODAY                                        -99
...........................................................
ALL DATA MEASURED AT THE FORT SMITH REGIONAL AIRPORT
