906
CDUS44 KTSA 080952
CLIFSM

CLIMATE REPORT
NATIONAL WEATHER SERVICE TULSA OK
352 AM CST MON FEB 8 2016


...................................

...THE FORT SMITH ARKANSAS CLIMATE SUMMARY FOR FEBRUARY 7 2016...

CLIMATE NORMAL PERIOD 1981 TO 2010
CLIMATE RECORD PERIOD 1882 TO 2016


WEATHER ITEM   OBSERVED TIME   RECORD YEAR NORMAL DEPARTURE LAST
                VALUE   (LST)  VALUE       VALUE  FROM      YEAR
                                                  NORMAL
..................................................................
TEMPERATURE (F)
 YESTERDAY
  MAXIMUM         62    231 PM  77    1937  53      9       73
  MINIMUM         29    652 AM  -5    1895  31     -2       32
  AVERAGE         46                        42      4       53

PRECIPITATION (IN)
  YESTERDAY        0.00          2.22 1900   0.10  -0.10     0.00
  MONTH TO DATE    0.00                      0.66  -0.66     0.66
  SINCE DEC 1     11.20                      6.76   4.44     5.19
  SINCE JAN 1      0.39                      3.47  -3.08     2.88

SNOWFALL (IN)
  YESTERDAY        0.0                                       0.0
  MONTH TO DATE    0.0                                       0.0
  SINCE DEC 1      T                                          T
  SINCE JUL 1      T                                          T

DEGREE DAYS
 HEATING
  YESTERDAY       19                        23     -4       12
  MONTH TO DATE  141                       165    -24      173
  SINCE DEC 1   1373                      1691   -318     1607
  SINCE JUL 1   1730                      2256   -526     2226
..................................................................


WIND (MPH)
  HIGHEST WIND SPEED    25   HIGHEST WIND DIRECTION    NW (300)
  HIGHEST GUST SPEED    30   HIGHEST GUST DIRECTION    NW (300)
  AVERAGE WIND SPEED     7.8


SKY COVER
  POSSIBLE SUNSHINE  MM
  AVERAGE SKY COVER 0.0


WEATHER CONDITIONS
 THE FOLLOWING WEATHER WAS RECORDED YESTERDAY.
  NO SIGNIFICANT WEATHER WAS OBSERVED.


RELATIVE HUMIDITY (PERCENT)
 HIGHEST    85           600 AM
 LOWEST     26           400 PM
 AVERAGE    56

..........................................................


THE FORT SMITH ARKANSAS CLIMATE NORMALS FOR TODAY
                         NORMAL    RECORD    YEAR
 MAXIMUM TEMPERATURE (F)   54        77      1999
 MINIMUM TEMPERATURE (F)   31        -7      1895


SUNRISE AND SUNSET
FEBRUARY  8 2016......SUNRISE   711 AM CST   SUNSET   552 PM CST
FEBRUARY  9 2016......SUNRISE   710 AM CST   SUNSET   553 PM CST


-  INDICATES NEGATIVE NUMBERS.
R  INDICATES RECORD WAS SET OR TIED.
MM INDICATES DATA IS MISSING.
T  INDICATES TRACE AMOUNT.




$$

&&
...........................................................

THE ARKANSAS RIVER AT VAN BUREN

                   OBSERVED      24 HOUR     24 HOUR
                    VALUE        CHANGE      FORECAST

 STAGE (FEET)
  THIS MORNING       19.5         -0.1

MEAN FLOW (CFS)
  TODAY                                        19100
...........................................................
ALL DATA MEASURED AT THE FORT SMITH REGIONAL AIRPORT
