000
CDUS44 KTSA 040806
CLIFSM

CLIMATE REPORT
NATIONAL WEATHER SERVICE TULSA OK
300 AM CDT FRI SEP 4 2015

...................................

...THE FORT SMITH ARKANSAS CLIMATE SUMMARY FOR SEPTEMBER 3 2015...

CLIMATE NORMAL PERIOD 1981 TO 2010
CLIMATE RECORD PERIOD 1882 TO 2015


WEATHER ITEM   OBSERVED TIME   RECORD YEAR NORMAL DEPARTURE LAST
                VALUE   (LST)  VALUE       VALUE  FROM      YEAR
                                                  NORMAL
..................................................................
TEMPERATURE (F)
 YESTERDAY
  MAXIMUM         94    326 PM 109    2000  90      4       92
  MINIMUM         71    632 AM  50    1952  67      4       69
  AVERAGE         83                        79      4       81

PRECIPITATION (IN)
  YESTERDAY        0.00          3.15 2008   0.13  -0.13     0.00
  MONTH TO DATE    0.00                      0.36  -0.36     1.21
  SINCE SEP 1      0.00                      0.36  -0.36     1.21
  SINCE JAN 1     49.60                     29.72  19.88    24.66

DEGREE DAYS
 HEATING
  YESTERDAY        0                         0      0        0
  MONTH TO DATE    0                         0      0        0
  SINCE SEP 1      0                         0      0        0
  SINCE JUL 1      0                         0      0        0

 COOLING
  YESTERDAY       18                        14      4       16
  MONTH TO DATE   52                        42     10       45
  SINCE SEP 1     52                        42     10       45
  SINCE JAN 1   1867                      1737    130     1708
..................................................................


WIND (MPH)
  HIGHEST WIND SPEED    13   HIGHEST WIND DIRECTION     N (10)
  HIGHEST GUST SPEED    16   HIGHEST GUST DIRECTION    NE (30)
  AVERAGE WIND SPEED     5.7


SKY COVER
  POSSIBLE SUNSHINE  MM
  AVERAGE SKY COVER 0.0


WEATHER CONDITIONS
 THE FOLLOWING WEATHER WAS RECORDED YESTERDAY.
  FOG
  HAZE


RELATIVE HUMIDITY (PERCENT)
 HIGHEST    90           400 AM
 LOWEST     39           500 PM
 AVERAGE    65

..........................................................


THE FORT SMITH ARKANSAS CLIMATE NORMALS FOR TODAY
                         NORMAL    RECORD    YEAR
 MAXIMUM TEMPERATURE (F)   90       109      1998
 MINIMUM TEMPERATURE (F)   67        48      1891


SUNRISE AND SUNSET
SEPTEMBER  4 2015.....SUNRISE   652 AM CDT   SUNSET   741 PM CDT
SEPTEMBER  5 2015.....SUNRISE   653 AM CDT   SUNSET   739 PM CDT


-  INDICATES NEGATIVE NUMBERS.
R  INDICATES RECORD WAS SET OR TIED.
MM INDICATES DATA IS MISSING.
T  INDICATES TRACE AMOUNT.




$$

&&
...........................................................

THE ARKANSAS RIVER AT VAN BUREN

                   OBSERVED      24 HOUR     24 HOUR
                    VALUE        CHANGE      FORECAST

 STAGE (FEET)
  THIS MORNING       19.6         -0.0

MEAN FLOW (CFS)
  TODAY                                        15600
...........................................................
ALL DATA MEASURED AT THE FORT SMITH REGIONAL AIRPORT
