000
CDUS44 KTSA 230844
CLIFSM

CLIMATE REPORT
NATIONAL WEATHER SERVICE TULSA OK
343 AM CDT FRI JUN 23 2017


...................................

...THE FORT SMITH ARKANSAS CLIMATE SUMMARY FOR JUNE 22 2017...

CLIMATE NORMAL PERIOD 1981 TO 2010
CLIMATE RECORD PERIOD 1882 TO 2017


WEATHER ITEM   OBSERVED TIME   RECORD YEAR NORMAL DEPARTURE LAST
                VALUE   (LST)  VALUE       VALUE  FROM      YEAR
                                                  NORMAL
..................................................................
TEMPERATURE (F)
 YESTERDAY
  MAXIMUM         89    443 PM 106    1936  90     -1       98
  MINIMUM         74    605 AM  54    1902  69      5       75
  AVERAGE         82                        80      2       87

PRECIPITATION (IN)
  YESTERDAY        T             2.14 1929   0.14  -0.14      T
  MONTH TO DATE    5.57                      3.23   2.34     1.82
  SINCE JUN 1      5.57                      3.23   2.34     1.82
  SINCE JAN 1     27.65                     22.42   5.23    19.03

DEGREE DAYS
 COOLING
  YESTERDAY       17                        14      3       22
  MONTH TO DATE  287                       263     24      346
  SINCE JUN 1    287                       263     24      346
  SINCE JAN 1    605                       507     98      531
..................................................................


WIND (MPH)
  HIGHEST WIND SPEED    17   HIGHEST WIND DIRECTION     E (100)
  HIGHEST GUST SPEED    23   HIGHEST GUST DIRECTION     E (100)
  AVERAGE WIND SPEED     8.0


SKY COVER
  POSSIBLE SUNSHINE  MM
  AVERAGE SKY COVER 0.6


WEATHER CONDITIONS
 THE FOLLOWING WEATHER WAS RECORDED YESTERDAY.
  LIGHT RAIN
  FOG


RELATIVE HUMIDITY (PERCENT)
 HIGHEST   100           500 AM
 LOWEST     63           300 PM
 AVERAGE    82

..........................................................


THE FORT SMITH ARKANSAS CLIMATE NORMALS FOR TODAY
                         NORMAL    RECORD    YEAR
 MAXIMUM TEMPERATURE (F)   90       102      1988
                                             1934
                                             1933
 MINIMUM TEMPERATURE (F)   69        55      1902


SUNRISE AND SUNSET
JUNE 23 2017..........SUNRISE   604 AM CDT   SUNSET   836 PM CDT
JUNE 24 2017..........SUNRISE   604 AM CDT   SUNSET   836 PM CDT


-  INDICATES NEGATIVE NUMBERS.
R  INDICATES RECORD WAS SET OR TIED.
MM INDICATES DATA IS MISSING.
T  INDICATES TRACE AMOUNT.




$$

&&
...........................................................

THE ARKANSAS RIVER AT VAN BUREN

                   OBSERVED      24 HOUR     24 HOUR
                    VALUE        CHANGE      FORECAST

 STAGE (FEET)
  THIS MORNING       19.5         -0.2

 MEAN FLOW (CFS)
  TODAY                                        3858
...........................................................
ALL DATA MEASURED AT THE FORT SMITH REGIONAL AIRPORT
