000
CDUS44 KTSA 290800
CLIFSM

CLIMATE REPORT
NATIONAL WEATHER SERVICE TULSA OK
147 AM CDT FRI JUL 29 2016


...................................

...THE FORT SMITH ARKANSAS CLIMATE SUMMARY FOR JULY 28 2016...

CLIMATE NORMAL PERIOD 1981 TO 2010
CLIMATE RECORD PERIOD 1882 TO 2016


WEATHER ITEM   OBSERVED TIME   RECORD YEAR NORMAL DEPARTURE LAST
                VALUE   (LST)  VALUE       VALUE  FROM      YEAR
                                                  NORMAL
..................................................................
TEMPERATURE (F)
 YESTERDAY
  MAXIMUM         97    535 PM 107    1986  94      3       99
  MINIMUM         75    545 AM  63    2004  72      3       77
                                      1994
                                      1980
  AVERAGE         86                        83      3       88

PRECIPITATION (IN)
  YESTERDAY        0.00          1.26 1906   0.10  -0.10     0.00
  MONTH TO DATE    3.63                      2.99   0.64     8.79
  SINCE JUN 1      5.54                      7.27  -1.73    11.92
  SINCE JAN 1     22.75                     26.46  -3.71    45.17

DEGREE DAYS
 COOLING
  YESTERDAY       21                        18      3       23
  MONTH TO DATE  554                       484     70      552
  SINCE JUN 1   1057                       869    188     1035
  SINCE JAN 1   1242                      1113    129     1275
..................................................................


WIND (MPH)
  HIGHEST WIND SPEED    15   HIGHEST WIND DIRECTION    SW (210)
  HIGHEST GUST SPEED    19   HIGHEST GUST DIRECTION     S (200)
  AVERAGE WIND SPEED     3.0


SKY COVER
  POSSIBLE SUNSHINE  MM
  AVERAGE SKY COVER 0.2


WEATHER CONDITIONS
 THE FOLLOWING WEATHER WAS RECORDED YESTERDAY.
  THUNDERSTORM


RELATIVE HUMIDITY (PERCENT)
 HIGHEST    87           300 AM
 LOWEST     38           500 PM
 AVERAGE    63

..........................................................


THE FORT SMITH ARKANSAS CLIMATE NORMALS FOR TODAY
                         NORMAL    RECORD    YEAR
 MAXIMUM TEMPERATURE (F)   94       108      1986
                                             1930
 MINIMUM TEMPERATURE (F)   72        62      1969


SUNRISE AND SUNSET
JULY 29 2016..........SUNRISE   624 AM CDT   SUNSET   823 PM CDT
JULY 30 2016..........SUNRISE   625 AM CDT   SUNSET   822 PM CDT


-  INDICATES NEGATIVE NUMBERS.
R  INDICATES RECORD WAS SET OR TIED.
MM INDICATES DATA IS MISSING.
T  INDICATES TRACE AMOUNT.




$$

&&
...........................................................

THE ARKANSAS RIVER AT VAN BUREN

                   OBSERVED      24 HOUR     24 HOUR
                    VALUE        CHANGE      FORECAST

 STAGE (FEET)
  THIS MORNING       19.7         +0.3

MEAN FLOW (CFS)
  TODAY                                        -99
...........................................................
ALL DATA MEASURED AT THE FORT SMITH REGIONAL AIRPORT
