000
CDUS42 KFFC 120020
CLIFTY


CLIMATE REPORT
NATIONAL WEATHER SERVICE PEACHTREE CITY GA
720 PM EST THU FEB 11 2016


...................................

...THE FULTON COUNTY AIRPORT CLIMATE SUMMARY FOR FEBRUARY 11 2016...
VALID AS OF 0700 PM LOCAL TIME.

CLIMATE NORMAL PERIOD 1981 TO 2010
CLIMATE RECORD PERIOD 9999 TO 9999


WEATHER ITEM   OBSERVED TIME   RECORD YEAR NORMAL DEPARTURE LAST
                VALUE   (LST)  VALUE       VALUE  FROM      YEAR
                                                  NORMAL
..................................................................
TEMPERATURE (F)
 TODAY
  MAXIMUM         55    434 PM  MM      MM  56     -1       64
  MINIMUM         26    741 AM  MM      MM  35     -9       29
  AVERAGE         41                        46     -5       47

PRECIPITATION (IN)
  TODAY            0.00         MM      MM   0.18  -0.18     0.00
  MONTH TO DATE    1.94                      1.76   0.18     1.15
  SINCE DEC 1     15.64                     10.02   5.62     8.80

SNOWFALL (IN)
  TODAY           MM            MM      MM  MM     MM       MM
  MONTH TO DATE    T                        MM     MM        0.0
  SINCE DEC 1      T                        MM     MM        0.0
  SINCE JUL 1      0.1                      MM     MM        0.0
  SNOW DEPTH      MM

DEGREE DAYS
 HEATING
  TODAY           24                        20      4       18
  MONTH TO DATE  216                       224     -8      232
  SINCE DEC 1   1251                      1530   -279     1456
  SINCE JUL 1   1608                      2040   -432     2094

 COOLING
  TODAY            0                         0      0        0
  MONTH TO DATE    0                         0      0        0
  SINCE DEC 1     20                         1     19        0
  SINCE JAN 1      0                         0      0        0
..................................................................


WIND (MPH)
  RESULTANT WIND SPEED   1   RESULTANT WIND DIRECTION   N (10)
  HIGHEST WIND SPEED     9   HIGHEST WIND DIRECTION     N (10)
  HIGHEST GUST SPEED    14   HIGHEST GUST DIRECTION    NW (330)
  AVERAGE WIND SPEED     2.2


SKY COVER
  AVERAGE SKY COVER 0.2


WEATHER CONDITIONS
 THE FOLLOWING WEATHER WAS RECORDED TODAY.
  NO SIGNIFICANT WEATHER WAS OBSERVED.


RELATIVE HUMIDITY (PERCENT)
 HIGHEST    68           800 AM
 LOWEST     28          1200 PM
 AVERAGE    48

..........................................................


THE FULTON COUNTY AIRPORT CLIMATE NORMALS FOR TOMORROW
                         NORMAL    RECORD    YEAR
 MAXIMUM TEMPERATURE (F)   57        MM        MM
 MINIMUM TEMPERATURE (F)   35        MM        MM


SUNRISE AND SUNSET
FEBRUARY 11 2016......SUNRISE   727 AM EST   SUNSET   618 PM EST
FEBRUARY 12 2016......SUNRISE   726 AM EST   SUNSET   619 PM EST


-  INDICATES NEGATIVE NUMBERS.
R  INDICATES RECORD WAS SET OR TIED.
MM INDICATES DATA IS MISSING.
T  INDICATES TRACE AMOUNT.




$$
