000
CDUS42 KFFC 270034
CLIFTY


CLIMATE REPORT
NATIONAL WEATHER SERVICE PEACHTREE CITY GA
834 PM EDT FRI MAY 26 2017


...................................

...THE FULTON COUNTY AIRPORT CLIMATE SUMMARY FOR MAY 26 2017...
VALID AS OF 0800 PM LOCAL TIME.

CLIMATE NORMAL PERIOD 1981 TO 2010
CLIMATE RECORD PERIOD 9999 TO 9999


WEATHER ITEM   OBSERVED TIME   RECORD YEAR NORMAL DEPARTURE LAST
                VALUE   (LST)  VALUE       VALUE  FROM      YEAR
                                                  NORMAL
..................................................................
TEMPERATURE (F)
 TODAY
  MAXIMUM         84    532 PM  MM      MM  83      1       89
  MINIMUM         52    545 AM  MM      MM  61     -9       63
  AVERAGE         68                        72     -4       76

PRECIPITATION (IN)
  TODAY            0.00         MM      MM   0.12  -0.12     0.01
  MONTH TO DATE    3.53                      3.18   0.35     1.55
  SINCE MAR 1     11.74                     11.73   0.01     6.70

SNOWFALL (IN)
  TODAY            0.0          MM      MM  MM     MM       MM
  MONTH TO DATE    0.0                      MM     MM        0.0
  SINCE MAR 1      0.0                      MM     MM        0.0
  SINCE JUL 1      0.0                      MM     MM        0.1
  SNOW DEPTH       0

DEGREE DAYS
 HEATING
  TODAY            0                         0      0        0
  MONTH TO DATE   27                        26      1       30
  SINCE MAR 1    382                       538   -156      375
  SINCE JUL 1   1798                      2878  -1080     2284

 COOLING
  TODAY            3                         7     -4       11
  MONTH TO DATE  143                       120     23      109
  SINCE MAR 1    282                       159    123      177
  SINCE JAN 1    282                       159    123      177
..................................................................


WIND (MPH)
  RESULTANT WIND SPEED   3   RESULTANT WIND DIRECTION  SW (240)
  HIGHEST WIND SPEED    13   HIGHEST WIND DIRECTION    SW (210)
  HIGHEST GUST SPEED    18   HIGHEST GUST DIRECTION    SW (240)
  AVERAGE WIND SPEED     4.8


SKY COVER
  AVERAGE SKY COVER 0.0


WEATHER CONDITIONS
 THE FOLLOWING WEATHER WAS RECORDED TODAY.
  NO SIGNIFICANT WEATHER WAS OBSERVED.


RELATIVE HUMIDITY (PERCENT)
 HIGHEST   100           200 AM
 LOWEST     44           400 PM
 AVERAGE    72

..........................................................


THE FULTON COUNTY AIRPORT CLIMATE NORMALS FOR TOMORROW
                         NORMAL    RECORD    YEAR
 MAXIMUM TEMPERATURE (F)   83        MM        MM
 MINIMUM TEMPERATURE (F)   62        MM        MM


SUNRISE AND SUNSET
MAY 26 2017...........SUNRISE   631 AM EDT   SUNSET   840 PM EDT
MAY 27 2017...........SUNRISE   630 AM EDT   SUNSET   841 PM EDT


-  INDICATES NEGATIVE NUMBERS.
R  INDICATES RECORD WAS SET OR TIED.
MM INDICATES DATA IS MISSING.
T  INDICATES TRACE AMOUNT.




$$
