000
CDUS42 KFFC 300819
CLIFTY


CLIMATE REPORT
NATIONAL WEATHER SERVICE PEACHTREE CITY GA
419 AM EDT TUE JUN 30 2015


...................................

...THE FULTON COUNTY AIRPORT CLIMATE SUMMARY FOR JUNE 29 2015...

CLIMATE NORMAL PERIOD 1981 TO 2010
CLIMATE RECORD PERIOD 9999 TO 9999


WEATHER ITEM   OBSERVED TIME   RECORD YEAR NORMAL DEPARTURE LAST
                VALUE   (LST)  VALUE       VALUE  FROM      YEAR
                                                  NORMAL
..................................................................
TEMPERATURE (F)
 YESTERDAY
  MAXIMUM         87    442 PM  MM      MM  89     -2       89
  MINIMUM         60    516 AM  MM      MM  69     -9       69
  AVERAGE         74                        79     -5       79

PRECIPITATION (IN)
  YESTERDAY        0.00         MM      MM   0.19  -0.19     0.01
  MONTH TO DATE    0.97                      3.93  -2.96     2.61
  SINCE JUN 1      0.97                      3.93  -2.96     2.61
  SINCE JAN 1     20.35                     25.42  -5.07    21.41

DEGREE DAYS
 COOLING
  YESTERDAY        9                        14     -5       14
  MONTH TO DATE  412                       336     76      365
  SINCE JUN 1    412                       336     76      365
  SINCE JAN 1    687                       536    151      581
..................................................................


WIND (MPH)
  RESULTANT WIND SPEED   3   RESULTANT WIND DIRECTION  SW (230)
  HIGHEST WIND SPEED    13   HIGHEST WIND DIRECTION     S (200)
  HIGHEST GUST SPEED    17   HIGHEST GUST DIRECTION     S (200)
  AVERAGE WIND SPEED     4.3


SKY COVER
  AVERAGE SKY COVER 0.2


WEATHER CONDITIONS
 THE FOLLOWING WEATHER WAS RECORDED YESTERDAY.
  NO SIGNIFICANT WEATHER WAS OBSERVED.


RELATIVE HUMIDITY (PERCENT)
 HIGHEST    90           100 AM
 LOWEST     40           300 PM
 AVERAGE    65

..........................................................


THE FULTON COUNTY AIRPORT CLIMATE NORMALS FOR TODAY
                         NORMAL    RECORD    YEAR
 MAXIMUM TEMPERATURE (F)   89        MM        MM
 MINIMUM TEMPERATURE (F)   69        MM        MM


SUNRISE AND SUNSET
JUNE 30 2015..........SUNRISE   631 AM EDT   SUNSET   853 PM EDT
JULY  1 2015..........SUNRISE   631 AM EDT   SUNSET   853 PM EDT


-  INDICATES NEGATIVE NUMBERS.
R  INDICATES RECORD WAS SET OR TIED.
MM INDICATES DATA IS MISSING.
T  INDICATES TRACE AMOUNT.




$$
