000
CDUS42 KFFC 270818
CLIFTY


CLIMATE REPORT
NATIONAL WEATHER SERVICE PEACHTREE CITY GA
416 AM EDT SAT AUG 27 2016


...................................

...THE FULTON COUNTY AIRPORT CLIMATE SUMMARY FOR AUGUST 26 2016...

CLIMATE NORMAL PERIOD 1981 TO 2010
CLIMATE RECORD PERIOD 9999 TO 9999


WEATHER ITEM   OBSERVED TIME   RECORD YEAR NORMAL DEPARTURE LAST
                VALUE   (LST)  VALUE       VALUE  FROM      YEAR
                                                  NORMAL
..................................................................
TEMPERATURE (F)
 YESTERDAY
  MAXIMUM         94    421 PM  MM      MM  87      7       86
  MINIMUM         72    648 AM  MM      MM  68      4       60
  AVERAGE         83                        78      5       73

PRECIPITATION (IN)
  YESTERDAY        0.01         MM      MM   0.15  -0.14     0.00
  MONTH TO DATE    2.64                      4.16  -1.52     5.04
  SINCE JUN 1      7.81                     13.35  -5.54     9.81
  SINCE JAN 1     24.62                     34.84 -10.22    29.19

DEGREE DAYS
 COOLING
  YESTERDAY       18                        13      5        8
  MONTH TO DATE  449                       367     82      389
  SINCE JUN 1   1437                      1176    261     1324
  SINCE JAN 1   1669                      1376    293     1599
..................................................................


WIND (MPH)
  RESULTANT WIND SPEED   2   RESULTANT WIND DIRECTION   E (90)
  HIGHEST WIND SPEED    13   HIGHEST WIND DIRECTION     E (70)
  HIGHEST GUST SPEED    16   HIGHEST GUST DIRECTION     E (80)
  AVERAGE WIND SPEED     2.3


SKY COVER
  AVERAGE SKY COVER 0.3


WEATHER CONDITIONS
 THE FOLLOWING WEATHER WAS RECORDED YESTERDAY.
  THUNDERSTORM
  LIGHT RAIN


RELATIVE HUMIDITY (PERCENT)
 HIGHEST    93           300 AM
 LOWEST     41           400 PM
 AVERAGE    67

..........................................................


THE FULTON COUNTY AIRPORT CLIMATE NORMALS FOR TODAY
                         NORMAL    RECORD    YEAR
 MAXIMUM TEMPERATURE (F)   87        MM        MM
 MINIMUM TEMPERATURE (F)   68        MM        MM


SUNRISE AND SUNSET
AUGUST 27 2016........SUNRISE   709 AM EDT   SUNSET   809 PM EDT
AUGUST 28 2016........SUNRISE   709 AM EDT   SUNSET   808 PM EDT


-  INDICATES NEGATIVE NUMBERS.
R  INDICATES RECORD WAS SET OR TIED.
MM INDICATES DATA IS MISSING.
T  INDICATES TRACE AMOUNT.




$$
