000
CDUS46 KSGX 131232
CLIFUL


CLIMATE REPORT
NATIONAL WEATHER SERVICE SAN DIEGO, CA
431 AM PST WED DEC 13 2017


...................................

...THE FULLERTON AIRPORT CA CLIMATE SUMMARY FOR DECEMBER 12 2017...

CLIMATE NORMAL PERIOD 1981 TO 2010
CLIMATE RECORD PERIOD 1998 TO 2017


WEATHER ITEM   OBSERVED TIME   RECORD YEAR NORMAL DEPARTURE LAST
                VALUE   (LST)  VALUE       VALUE  FROM      YEAR
                                                  NORMAL
..................................................................
TEMPERATURE (F)
 YESTERDAY
  MAXIMUM         84    256 PM  87    2010  67     17       68
  MINIMUM         44    655 AM  38    2003  45     -1       57
  AVERAGE         64                        56      8       63

PRECIPITATION (IN)
  YESTERDAY        0.00          1.18 2014   0.04  -0.04     0.00
  MONTH TO DATE    0.00                      0.51  -0.51      T
  SINCE OCT 1      0.05                      2.36  -2.31     1.40
  SINCE JAN 1     11.23                     12.34  -1.11     5.61

DEGREE DAYS
 HEATING
  YESTERDAY        1                         9     -8        2
  MONTH TO DATE   14                       102    -88       74
  SINCE DEC 1     14                       102    -88       74
  SINCE JUL 1     36                       266   -230      138

 COOLING
  YESTERDAY        0                         0      0        0
  MONTH TO DATE   11                         0     11        0
  SINCE DEC 1     11                         0     11        0
  SINCE JAN 1   1873                      1251    622     1891
..................................................................


WIND (MPH)
  RESULTANT WIND SPEED   1   RESULTANT WIND DIRECTION   W (270)
  HIGHEST WIND SPEED     8   HIGHEST WIND DIRECTION    NW (300)
  HIGHEST GUST SPEED    11   HIGHEST GUST DIRECTION    NW (310)
  AVERAGE WIND SPEED     1.1


SKY COVER
  POSSIBLE SUNSHINE  MM
  AVERAGE SKY COVER 0.1


WEATHER CONDITIONS
 THE FOLLOWING WEATHER WAS RECORDED YESTERDAY.
  HAZE


RELATIVE HUMIDITY (PERCENT)
 HIGHEST    53           600 AM
 LOWEST      4           200 PM
 AVERAGE    29

..........................................................


THE FULLERTON AIRPORT CA CLIMATE NORMALS FOR TODAY
                         NORMAL    RECORD    YEAR
 MAXIMUM TEMPERATURE (F)   67        80      1998
 MINIMUM TEMPERATURE (F)   45        40      2007


SUNRISE AND SUNSET
DECEMBER 13 2017......SUNRISE   648 AM PST   SUNSET   444 PM PST
DECEMBER 14 2017......SUNRISE   649 AM PST   SUNSET   444 PM PST


-  INDICATES NEGATIVE NUMBERS.
R  INDICATES RECORD WAS SET OR TIED.
MM INDICATES DATA IS MISSING.
T  INDICATES TRACE AMOUNT.




$$
