000
CDUS46 KSGX 270030
CLIFUL


CLIMATE REPORT
NATIONAL WEATHER SERVICE SAN DIEGO, CA
530 PM PDT MON JUN 26 2017


...................................

...THE FULLERTON AIRPORT CA CLIMATE SUMMARY FOR JUNE 26 2017...
VALID TODAY AS OF 0500 PM LOCAL TIME.

CLIMATE NORMAL PERIOD 1981 TO 2010
CLIMATE RECORD PERIOD 1998 TO 2017


WEATHER ITEM   OBSERVED TIME   RECORD YEAR NORMAL DEPARTURE LAST
                VALUE   (LST)  VALUE       VALUE  FROM      YEAR
                                                  NORMAL
..................................................................
TEMPERATURE (F)
 TODAY
  MAXIMUM         92R  1041 AM  92    2000  81     11       86
  MINIMUM         65    501 AM  57    2005  62      3       65
  AVERAGE         79                        72      7       76

PRECIPITATION (IN)
  TODAY            0.00          0.00   MM   0.00   0.00     0.00
  MONTH TO DATE    0.01                      0.08  -0.07      T
  SINCE OCT 1     16.92                     13.54   3.38     5.26
  SINCE JAN 1     11.01                      9.64   1.37     4.21

DEGREE DAYS
 HEATING
  TODAY            0                         0      0        0
  MONTH TO DATE    0                         0      0        0
  SINCE JUN 1      0                         0      0        0
  SINCE JUL 1    795                      1224   -429      770

 COOLING
  TODAY           14                         7      7       11
  MONTH TO DATE  181                       117     64      208
  SINCE JUN 1    181                       117     64      208
  SINCE JAN 1    420                       240    180      444
..................................................................


WIND (MPH)
  RESULTANT WIND SPEED   3   RESULTANT WIND DIRECTION   S (200)
  HIGHEST WIND SPEED    13   HIGHEST WIND DIRECTION     S (200)
  HIGHEST GUST SPEED    16   HIGHEST GUST DIRECTION    SW (220)
  AVERAGE WIND SPEED     3.5


SKY COVER
  POSSIBLE SUNSHINE  MM
  AVERAGE SKY COVER 0.0


WEATHER CONDITIONS
 THE FOLLOWING WEATHER WAS RECORDED TODAY.
  NO SIGNIFICANT WEATHER WAS OBSERVED.


RELATIVE HUMIDITY (PERCENT)
 HIGHEST    87           500 AM
 LOWEST     40          1200 PM
 AVERAGE    64

..........................................................


THE FULLERTON AIRPORT CA CLIMATE NORMALS FOR TOMORROW
                         NORMAL    RECORD    YEAR
 MAXIMUM TEMPERATURE (F)   81        97      2006
 MINIMUM TEMPERATURE (F)   63        60      2011


SUNRISE AND SUNSET
JUNE 26 2017..........SUNRISE   543 AM PDT   SUNSET   807 PM PDT
JUNE 27 2017..........SUNRISE   543 AM PDT   SUNSET   807 PM PDT


-  INDICATES NEGATIVE NUMBERS.
R  INDICATES RECORD WAS SET OR TIED.
MM INDICATES DATA IS MISSING.
T  INDICATES TRACE AMOUNT.




$$
