189
CDUS46 KSGX 261517
CLIFUL


CLIMATE REPORT
NATIONAL WEATHER SERVICE SAN DIEGO, CA
717 AM PST SUN FEB 26 2017


...................................

...THE FULLERTON AIRPORT CA CLIMATE SUMMARY FOR FEBRUARY 25 2017...

CLIMATE NORMAL PERIOD 1981 TO 2010
CLIMATE RECORD PERIOD 1998 TO 2017


WEATHER ITEM   OBSERVED TIME   RECORD YEAR NORMAL DEPARTURE LAST
                VALUE   (LST)  VALUE       VALUE  FROM      YEAR
                                                  NORMAL
..................................................................
TEMPERATURE (F)
 YESTERDAY
  MAXIMUM         63    124 PM  84    2016  69     -6       84
  MINIMUM         40R   638 AM  42    2007  49     -9       50
  AVERAGE         52                        59     -7       67

PRECIPITATION (IN)
  YESTERDAY        0.00          1.64 2001   0.12  -0.12     0.00
  MONTH TO DATE    2.89                      2.96  -0.07     0.47
  SINCE OCT 1     15.93                      9.89   6.04     4.18
  SINCE JAN 1     10.02                      5.99   4.03     3.13

DEGREE DAYS
 HEATING
  YESTERDAY       13                         6      7        0
  MONTH TO DATE  139                       186    -47       68
  SINCE DEC 1    601                       739   -138      574
  SINCE JUL 1    665                       903   -238      679

 COOLING
  YESTERDAY        0                         0      0        2
  MONTH TO DATE    3                         0      3       65
  SINCE DEC 1      3                         5     -2       66
  SINCE JAN 1      3                         4     -1       65
..................................................................


WIND (MPH)
  RESULTANT WIND SPEED   2   RESULTANT WIND DIRECTION   S (170)
  HIGHEST WIND SPEED    12   HIGHEST WIND DIRECTION     S (200)
  HIGHEST GUST SPEED    16   HIGHEST GUST DIRECTION    SW (220)
  AVERAGE WIND SPEED     3.6


SKY COVER
  POSSIBLE SUNSHINE  MM
  AVERAGE SKY COVER 0.3


WEATHER CONDITIONS
 THE FOLLOWING WEATHER WAS RECORDED YESTERDAY.
  NO SIGNIFICANT WEATHER WAS OBSERVED.


RELATIVE HUMIDITY (PERCENT)
 HIGHEST    86           600 AM
 LOWEST     44          1100 AM
 AVERAGE    65

..........................................................


THE FULLERTON AIRPORT CA CLIMATE NORMALS FOR TODAY
                         NORMAL    RECORD    YEAR
 MAXIMUM TEMPERATURE (F)   69        88      2002
 MINIMUM TEMPERATURE (F)   49        41      2011


SUNRISE AND SUNSET
FEBRUARY 26 2017......SUNRISE   624 AM PST   SUNSET   546 PM PST
FEBRUARY 27 2017......SUNRISE   622 AM PST   SUNSET   547 PM PST


-  INDICATES NEGATIVE NUMBERS.
R  INDICATES RECORD WAS SET OR TIED.
MM INDICATES DATA IS MISSING.
T  INDICATES TRACE AMOUNT.




$$
