000
CDUS46 KSGX 011426
CLIFUL


CLIMATE REPORT
NATIONAL WEATHER SERVICE SAN DIEGO, CA
726 AM PDT SUN MAY 1 2016


...................................

...THE FULLERTON AIRPORT CA CLIMATE SUMMARY FOR APRIL 30 2016...

CLIMATE NORMAL PERIOD 1981 TO 2010
CLIMATE RECORD PERIOD 1998 TO 2016


WEATHER ITEM   OBSERVED TIME   RECORD YEAR NORMAL DEPARTURE LAST
                VALUE   (LST)  VALUE       VALUE  FROM      YEAR
                                                  NORMAL
..................................................................
TEMPERATURE (F)
 YESTERDAY
  MAXIMUM         72    405 PM  96    2014  74     -2       93
  MINIMUM         56    626 AM  47    2010  55      1       60
  AVERAGE         64                        65     -1       77

PRECIPITATION (IN)
  YESTERDAY        0.01R         0.00   MM   0.02  -0.01     0.00
  MONTH TO DATE    0.11                      0.87  -0.76     0.22
  SINCE OCT 1      5.21                     13.21  -8.00     5.55
  SINCE JAN 1      4.16                      9.31  -5.15     1.73

DEGREE DAYS
 HEATING
  YESTERDAY        1                         2     -1        0
  MONTH TO DATE   18                       102    -84       31
  SINCE MAR 1     81                       272   -191       64
  SINCE JUL 1    760                      1194   -434      427

 COOLING
  YESTERDAY        0                         2     -2       12
  MONTH TO DATE   84                        30     54       87
  SINCE MAR 1    105                        43     62      237
  SINCE JAN 1    177                        52    125      288
..................................................................


WIND (MPH)
  RESULTANT WIND SPEED   3   RESULTANT WIND DIRECTION   S (170)
  HIGHEST WIND SPEED    13   HIGHEST WIND DIRECTION    SW (210)
  HIGHEST GUST SPEED    18   HIGHEST GUST DIRECTION     S (200)
  AVERAGE WIND SPEED     4.1


SKY COVER
  POSSIBLE SUNSHINE  MM
  AVERAGE SKY COVER 0.6


WEATHER CONDITIONS
 THE FOLLOWING WEATHER WAS RECORDED YESTERDAY.
  RAIN
  LIGHT RAIN
  FOG
  HAZE


RELATIVE HUMIDITY (PERCENT)
 HIGHEST    80           200 AM
 LOWEST     40           500 PM
 AVERAGE    60

..........................................................


THE FULLERTON AIRPORT CA CLIMATE NORMALS FOR TODAY
                         NORMAL    RECORD    YEAR
 MAXIMUM TEMPERATURE (F)   75        98      2014
 MINIMUM TEMPERATURE (F)   55        46      1999


SUNRISE AND SUNSET
MAY  1 2016...........SUNRISE   602 AM PDT   SUNSET   736 PM PDT
MAY  2 2016...........SUNRISE   601 AM PDT   SUNSET   737 PM PDT


-  INDICATES NEGATIVE NUMBERS.
R  INDICATES RECORD WAS SET OR TIED.
MM INDICATES DATA IS MISSING.
T  INDICATES TRACE AMOUNT.




$$
