654
CDUS46 KSGX 061521
CLIFUL


CLIMATE REPORT
NATIONAL WEATHER SERVICE SAN DIEGO, CA
721 AM PST SAT FEB 6 2016


...................................

...THE FULLERTON AIRPORT CA CLIMATE SUMMARY FOR FEBRUARY 5 2016...

CLIMATE NORMAL PERIOD 1981 TO 2010
CLIMATE RECORD PERIOD 1998 TO 2016


WEATHER ITEM   OBSERVED TIME   RECORD YEAR NORMAL DEPARTURE LAST
                VALUE   (LST)  VALUE       VALUE  FROM      YEAR
                                                  NORMAL
..................................................................
TEMPERATURE (F)
 YESTERDAY
  MAXIMUM         79    340 PM  88    2007  68     11       80
  MINIMUM         45    540 AM  39    2002  46     -1       51
  AVERAGE         62                        57      5       66

PRECIPITATION (IN)
  YESTERDAY        0.00          0.56 2010   0.10  -0.10     0.00
  MONTH TO DATE    0.00                      0.41  -0.41     0.00
  SINCE OCT 1      3.71                      7.34  -3.63     4.69
  SINCE JAN 1      2.66                      3.44  -0.78     0.87

DEGREE DAYS
 HEATING
  YESTERDAY        3                         8     -5        0
  MONTH TO DATE   49                        40      9        6
  SINCE DEC 1    555                       593    -38      295
  SINCE JUL 1    660                       757    -97      319

 COOLING
  YESTERDAY        0                         0      0        1
  MONTH TO DATE    0                         0      0        1
  SINCE DEC 1      1                         5     -4       24
  SINCE JAN 1      0                         4     -4       20
..................................................................


WIND (MPH)
  RESULTANT WIND SPEED   6   RESULTANT WIND DIRECTION   E (80)
  HIGHEST WIND SPEED    17   HIGHEST WIND DIRECTION     E (90)
  HIGHEST GUST SPEED    23   HIGHEST GUST DIRECTION     E (90)
  AVERAGE WIND SPEED     6.5


SKY COVER
  POSSIBLE SUNSHINE  MM
  AVERAGE SKY COVER 0.0


WEATHER CONDITIONS
 THE FOLLOWING WEATHER WAS RECORDED YESTERDAY.
  NO SIGNIFICANT WEATHER WAS OBSERVED.


RELATIVE HUMIDITY (PERCENT)
 HIGHEST    58           200 AM
 LOWEST     10           400 PM
 AVERAGE    34

..........................................................


THE FULLERTON AIRPORT CA CLIMATE NORMALS FOR TODAY
                         NORMAL    RECORD    YEAR
 MAXIMUM TEMPERATURE (F)   68        83      2006
 MINIMUM TEMPERATURE (F)   46        41      2008


SUNRISE AND SUNSET
FEBRUARY  6 2016......SUNRISE   645 AM PST   SUNSET   527 PM PST
FEBRUARY  7 2016......SUNRISE   644 AM PST   SUNSET   528 PM PST


-  INDICATES NEGATIVE NUMBERS.
R  INDICATES RECORD WAS SET OR TIED.
MM INDICATES DATA IS MISSING.
T  INDICATES TRACE AMOUNT.




$$
