000
CDUS46 KSGX 260019
CLIFUL


CLIMATE REPORT
NATIONAL WEATHER SERVICE SAN DIEGO, CA
419 PM PST THU DEC 25 2014


...................................

...THE FULLERTON AIRPORT CA CLIMATE SUMMARY FOR DECEMBER 25 2014...
VALID TODAY AS OF 0400 PM LOCAL TIME.

CLIMATE NORMAL PERIOD 1981 TO 2010
CLIMATE RECORD PERIOD 1998 TO 2014


WEATHER ITEM   OBSERVED TIME   RECORD YEAR NORMAL DEPARTURE LAST
                VALUE   (LST)  VALUE       VALUE  FROM      YEAR
                                                  NORMAL
..................................................................
TEMPERATURE (F)
 TODAY
  MAXIMUM         68    256 PM  83    2013  67      1       83
  MINIMUM         50    656 AM  33    1998  44      6       49
  AVERAGE         59                        56      3       66

PRECIPITATION (IN)
  TODAY            0.00          0.58 2010   0.08  -0.08     0.00
  MONTH TO DATE    3.09                      1.28   1.81     0.53
  SINCE JUL 1      3.87                      3.46   0.41     1.31
  SINCE JAN 1      7.33                     13.11  -5.78     3.84

SNOWFALL (IN)
  TODAY            0.0
  MONTH TO DATE    0.0
  SINCE JAN 1      0.0
  SINCE JUL 1      0.0
  SNOW DEPTH       0

DEGREE DAYS
 HEATING
  TODAY            6                         9     -3        0
  MONTH TO DATE   93                       219   -126      184
  SINCE DEC 1     93                       219   -126      184
  SINCE JUL 1    117                       383   -266      260

 COOLING
  TODAY            0                         0      0        1
  MONTH TO DATE    4                         0      4        5
  SINCE DEC 1      4                         0      4        5
  SINCE JAN 1   2113                      1251    862     1901
..................................................................


WIND (MPH)
  RESULTANT WIND SPEED   3   RESULTANT WIND DIRECTION  NW (300)
  HIGHEST WIND SPEED    13   HIGHEST WIND DIRECTION    NW (310)
  HIGHEST GUST SPEED    20   HIGHEST GUST DIRECTION     N (350)
  AVERAGE WIND SPEED     3.3


SKY COVER
  POSSIBLE SUNSHINE  MM
  AVERAGE SKY COVER 0.3


WEATHER CONDITIONS
 THE FOLLOWING WEATHER WAS RECORDED TODAY.
  NO SIGNIFICANT WEATHER WAS OBSERVED.


RELATIVE HUMIDITY (PERCENT)
 HIGHEST    86          1200 AM
 LOWEST     13           300 PM
 AVERAGE    50

..........................................................


THE FULLERTON AIRPORT CA CLIMATE NORMALS FOR TOMORROW
                         NORMAL    RECORD    YEAR
 MAXIMUM TEMPERATURE (F)   67        84      2013
 MINIMUM TEMPERATURE (F)   44        35      2008


SUNRISE AND SUNSET
DECEMBER 25 2014......SUNRISE   655 AM PST   SUNSET   449 PM PST
DECEMBER 26 2014......SUNRISE   655 AM PST   SUNSET   450 PM PST


-  INDICATES NEGATIVE NUMBERS.
R  INDICATES RECORD WAS SET OR TIED.
MM INDICATES DATA IS MISSING.
T  INDICATES TRACE AMOUNT.




$$
