000
CDUS46 KSGX 231141
CLIFUL


CLIMATE REPORT
NATIONAL WEATHER SERVICE SAN DIEGO, CA
441 AM PDT TUE MAY 23 2017


...................................

...THE FULLERTON AIRPORT CA CLIMATE SUMMARY FOR MAY 22 2017...

CLIMATE NORMAL PERIOD 1981 TO 2010
CLIMATE RECORD PERIOD 1998 TO 2017


WEATHER ITEM   OBSERVED TIME   RECORD YEAR NORMAL DEPARTURE LAST
                VALUE   (LST)  VALUE       VALUE  FROM      YEAR
                                                  NORMAL
..................................................................
TEMPERATURE (F)
 YESTERDAY
  MAXIMUM         82    356 PM  85    2005  75      7       75
  MINIMUM         61    526 AM  52    2002  59      2       55
  AVERAGE         72                        67      5       65

PRECIPITATION (IN)
  YESTERDAY        0.00          0.76 2006   0.00   0.00     0.00
  MONTH TO DATE    0.54                      0.23   0.31     0.05
  SINCE OCT 1     16.91                     13.44   3.47     5.26
  SINCE JAN 1     11.00                      9.54   1.46     4.21

DEGREE DAYS
 HEATING
  YESTERDAY        0                         1     -1        0
  MONTH TO DATE   26                        27     -1        8
  SINCE MAR 1     98                       299   -201       89
  SINCE JUL 1    795                      1221   -426      768

 COOLING
  YESTERDAY        7                         2      5        0
  MONTH TO DATE   74                        44     30       43
  SINCE MAR 1    212                        87    125      148
  SINCE JAN 1    215                        96    119      220
..................................................................


WIND (MPH)
  RESULTANT WIND SPEED   2   RESULTANT WIND DIRECTION   S (180)
  HIGHEST WIND SPEED    12   HIGHEST WIND DIRECTION    SW (210)
  HIGHEST GUST SPEED    15   HIGHEST GUST DIRECTION    SW (220)
  AVERAGE WIND SPEED     3.3


SKY COVER
  POSSIBLE SUNSHINE  MM
  AVERAGE SKY COVER 0.4


WEATHER CONDITIONS
 THE FOLLOWING WEATHER WAS RECORDED YESTERDAY.
  FOG
  HAZE


RELATIVE HUMIDITY (PERCENT)
 HIGHEST    97           300 AM
 LOWEST     45           100 PM
 AVERAGE    71

..........................................................


THE FULLERTON AIRPORT CA CLIMATE NORMALS FOR TODAY
                         NORMAL    RECORD    YEAR
 MAXIMUM TEMPERATURE (F)   75        82      2001
 MINIMUM TEMPERATURE (F)   59        54      2016
                                             2010


SUNRISE AND SUNSET
MAY 23 2017...........SUNRISE   546 AM PDT   SUNSET   752 PM PDT
MAY 24 2017...........SUNRISE   545 AM PDT   SUNSET   753 PM PDT


-  INDICATES NEGATIVE NUMBERS.
R  INDICATES RECORD WAS SET OR TIED.
MM INDICATES DATA IS MISSING.
T  INDICATES TRACE AMOUNT.




$$
