000
CDUS41 KCAR 230535
CLIFVE


CLIMATE REPORT
NATIONAL WEATHER SERVICE CARIBOU, ME
1234 AM EST MON JAN 23 2017


...................................

...THE FRENCHVILLE ME CLIMATE SUMMARY FOR JANUARY 22 2017...

CLIMATE NORMAL PERIOD 1981 TO 2010
CLIMATE RECORD PERIOD 9999 TO 9999


WEATHER ITEM   OBSERVED TIME   RECORD YEAR NORMAL DEPARTURE LAST
                VALUE   (LST)  VALUE       VALUE  FROM      YEAR
                                                  NORMAL
..................................................................
TEMPERATURE (F)
 YESTERDAY
  MAXIMUM         30    538 AM              17     13
  MINIMUM         22   1159 PM               0     22
  AVERAGE         26                         8     18

PRECIPITATION (IN)
  YESTERDAY        0.00         MM      MM   0.03  -0.03     0.00
  MONTH TO DATE    0.85                      1.47  -0.62     0.56
  SINCE DEC 1      2.42                      4.01  -1.59     3.55
  SINCE JAN 1      0.85                      1.47  -0.62     0.56

SNOWFALL (IN)
  YESTERDAY       MM            MM      MM  MM     MM       MM
  MONTH TO DATE   MM                        MM     MM       MM
  SINCE DEC 1     MM                        MM     MM       MM
  SINCE JUL 1     MM                        MM     MM       MM
  SNOW DEPTH      MM

DEGREE DAYS
 HEATING
  YESTERDAY       39                              -18
  MONTH TO DATE 1101                             -129
  SINCE JUL 1   4420                             -617

 COOLING
  YESTERDAY        0                                0
  MONTH TO DATE    0                                0
  SINCE JAN 1      0                                0
..................................................................


WIND (MPH)
  HIGHEST WIND SPEED    17   HIGHEST WIND DIRECTION     N (360)
  HIGHEST GUST SPEED    23   HIGHEST GUST DIRECTION     N (360)
  AVERAGE WIND SPEED     9.3




..........................................................


THE FRENCHVILLE ME CLIMATE NORMALS FOR TODAY
                         NORMAL
 MAXIMUM TEMPERATURE (F)   17
 MINIMUM TEMPERATURE (F)    0


SUNRISE AND SUNSET
JANUARY 23 2017.......SUNRISE   709 AM EST   SUNSET   422 PM EST
JANUARY 24 2017.......SUNRISE   708 AM EST   SUNSET   424 PM EST


-  INDICATES NEGATIVE NUMBERS.
R  INDICATES RECORD WAS SET OR TIED.
MM INDICATES DATA IS MISSING.
T  INDICATES TRACE AMOUNT.




$$
