000
CDUS43 KIWX 310523
CLIFWA


CLIMATE REPORT
NATIONAL WEATHER SERVICE NORTHERN INDIANA
123 AM EDT WED AUG 31 2016


...................................

...THE FORT WAYNE CLIMATE SUMMARY FOR AUGUST 30 2016...

CLIMATE NORMAL PERIOD 1981 TO 2010
CLIMATE RECORD PERIOD 1897 TO 2016


WEATHER ITEM   OBSERVED TIME   RECORD YEAR NORMAL DEPARTURE LAST
                VALUE   (LST)  VALUE       VALUE  FROM      YEAR
                                                  NORMAL
..................................................................
TEMPERATURE (F)
 YESTERDAY
  MAXIMUM         87    240 PM  94    1993  81      6       85
                                      1953
                                      1932
  MINIMUM         65    626 AM  41    1946  59      6       64
  AVERAGE         76                        70      6       75

PRECIPITATION (IN)
  YESTERDAY        0.77R         0.66 1918   0.11   0.66      T
  MONTH TO DATE    3.06                      3.53  -0.47     3.57
  SINCE JUN 1      9.62                     11.93  -2.31    21.52
  SINCE JAN 1     23.81                     26.73  -2.92    35.65

SNOWFALL (IN)
  YESTERDAY        0.0           0.0  2002   0.0    0.0      0.0
                                      2001
  MONTH TO DATE    0.0                       0.0    0.0      0.0
  SINCE JUN 1      T                         0.0    0.0      0.0
  SINCE JUL 1      0.0                       0.0    0.0      0.0
  SNOW DEPTH       0

DEGREE DAYS
 HEATING
  YESTERDAY        0                         1     -1        0
  MONTH TO DATE    0                         3     -3        9
  SINCE JUN 1     14                        35    -21       37
  SINCE JUL 1      3                         6     -3        9

 COOLING
  YESTERDAY       11                         6      5       10
  MONTH TO DATE  325                       206    119      173
  SINCE JUN 1    841                       655    186      566
  SINCE JAN 1    915                       712    203      662
..................................................................


WIND (MPH)
  HIGHEST WIND SPEED    24   HIGHEST WIND DIRECTION     N (340)
  HIGHEST GUST SPEED    29   HIGHEST GUST DIRECTION    NW (330)
  AVERAGE WIND SPEED     3.7


SKY COVER
  AVERAGE SKY COVER 0.6


WEATHER CONDITIONS
 THE FOLLOWING WEATHER WAS RECORDED YESTERDAY.
  THUNDERSTORM
  HEAVY RAIN
  RAIN
  LIGHT RAIN
  FOG


RELATIVE HUMIDITY (PERCENT)
 HIGHEST    97          1100 PM
 LOWEST     59           100 PM
 AVERAGE    78

..........................................................


THE FORT WAYNE CLIMATE NORMALS FOR TODAY
                         NORMAL    RECORD    YEAR
 MAXIMUM TEMPERATURE (F)   81        98      1951
 MINIMUM TEMPERATURE (F)   58        43      1915


SUNRISE AND SUNSET
AUGUST 31 2016........SUNRISE   707 AM EDT   SUNSET   814 PM EDT
SEPTEMBER  1 2016.....SUNRISE   708 AM EDT   SUNSET   812 PM EDT


-  INDICATES NEGATIVE NUMBERS.
R  INDICATES RECORD WAS SET OR TIED.
MM INDICATES DATA IS MISSING.
T  INDICATES TRACE AMOUNT.




$$
