000
CDUS43 KIWX 040531
CLIFWA


CLIMATE REPORT
NATIONAL WEATHER SERVICE NORTHERN INDIANA
129 AM EDT WED MAY 4 2016


...................................

...THE FORT WAYNE CLIMATE SUMMARY FOR MAY 3 2016...

CLIMATE NORMAL PERIOD 1981 TO 2010
CLIMATE RECORD PERIOD 1897 TO 2016


WEATHER ITEM   OBSERVED TIME   RECORD YEAR NORMAL DEPARTURE LAST
                VALUE   (LST)  VALUE       VALUE  FROM      YEAR
                                                  NORMAL
..................................................................
TEMPERATURE (F)
 YESTERDAY
  MAXIMUM         63    514 PM  87    2012  68     -5       78
                                      1955
                                      1928
  MINIMUM         49    704 AM  30    1967  45      4       48
  AVERAGE         56                        56      0       63

PRECIPITATION (IN)
  YESTERDAY        T             0.77 1997   0.11  -0.11     0.00
  MONTH TO DATE    0.27                      0.33  -0.06     0.00
  SINCE MAR 1      7.28                      6.56   0.72     5.35
  SINCE JAN 1     10.33                     10.86  -0.53     9.12

SNOWFALL (IN)
  YESTERDAY        0.0           T    1954   0.0    0.0      0.0
                                      1940
                                      1929
  MONTH TO DATE    0.0                       0.0    0.0      0.0
  SINCE MAR 1      3.9                       5.1   -1.2      8.6
  SINCE JUL 1     20.1                      33.5  -13.4     45.1
  SNOW DEPTH       0

DEGREE DAYS
 HEATING
  YESTERDAY        9                         9      0        2
  MONTH TO DATE   32                        29      3       15
  SINCE MAR 1   1123                      1313   -190     1404
  SINCE JUL 1   4950                      5911   -961     6553

 COOLING
  YESTERDAY        0                         0      0        0
  MONTH TO DATE    0                         0      0        0
  SINCE MAR 1      0                         8     -8        0
  SINCE JAN 1      0                         8     -8        0
..................................................................


WIND (MPH)
  HIGHEST WIND SPEED    12   HIGHEST WIND DIRECTION     W (250)
  HIGHEST GUST SPEED    14   HIGHEST GUST DIRECTION     W (250)
  AVERAGE WIND SPEED     6.3


SKY COVER
  AVERAGE SKY COVER 0.8


WEATHER CONDITIONS
 THE FOLLOWING WEATHER WAS RECORDED YESTERDAY.
  LIGHT RAIN
  FOG


RELATIVE HUMIDITY (PERCENT)
 HIGHEST    93           300 AM
 LOWEST     48           500 PM
 AVERAGE    71

..........................................................


THE FORT WAYNE CLIMATE NORMALS FOR TODAY
                         NORMAL    RECORD    YEAR
 MAXIMUM TEMPERATURE (F)   68        87      1949
                                             1902
 MINIMUM TEMPERATURE (F)   45        27      2005


SUNRISE AND SUNSET
MAY  4 2016...........SUNRISE   634 AM EDT   SUNSET   841 PM EDT
MAY  5 2016...........SUNRISE   633 AM EDT   SUNSET   842 PM EDT


-  INDICATES NEGATIVE NUMBERS.
R  INDICATES RECORD WAS SET OR TIED.
MM INDICATES DATA IS MISSING.
T  INDICATES TRACE AMOUNT.




$$
