000
CDUS43 KIWX 240523
CLIFWA


CLIMATE REPORT
NATIONAL WEATHER SERVICE NORTHERN INDIANA
123 AM EDT SUN SEP 24 2017


...................................

...THE FORT WAYNE CLIMATE SUMMARY FOR SEPTEMBER 23 2017...

CLIMATE NORMAL PERIOD 1981 TO 2010
CLIMATE RECORD PERIOD 1897 TO 2017


WEATHER ITEM   OBSERVED TIME   RECORD YEAR NORMAL DEPARTURE LAST
                VALUE   (LST)  VALUE       VALUE  FROM      YEAR
                                                  NORMAL
..................................................................
TEMPERATURE (F)
 YESTERDAY
  MAXIMUM         91    236 PM  93    2010  73     18       89
  MINIMUM         64    627 AM  29    1995  50     14       63
  AVERAGE         78                        61     17       76

PRECIPITATION (IN)
  YESTERDAY        0.00          2.11 1926   0.10  -0.10     0.00
  MONTH TO DATE    1.67                      2.17  -0.50     4.08
  SINCE SEP 1      1.67                      2.17  -0.50     4.08
  SINCE JAN 1     39.95                     29.01  10.94    27.89

DEGREE DAYS
 HEATING
  YESTERDAY        0                         5     -5        0
  MONTH TO DATE   60                        58      2        0
  SINCE SEP 1     60                        58      2        0
  SINCE JUL 1     75                        70      5        3

 COOLING
  YESTERDAY       13                         1     12       11
  MONTH TO DATE   84                        74     10      135
  SINCE SEP 1     84                        74     10      135
  SINCE JAN 1    772                       791    -19     1061
..................................................................


WIND (MPH)
  HIGHEST WIND SPEED    12   HIGHEST WIND DIRECTION     E (70)
  HIGHEST GUST SPEED    15   HIGHEST GUST DIRECTION     E (70)
  AVERAGE WIND SPEED     3.6


SKY COVER
  AVERAGE SKY COVER 0.0


WEATHER CONDITIONS
 THE FOLLOWING WEATHER WAS RECORDED YESTERDAY.
  FOG
  HAZE


RELATIVE HUMIDITY (PERCENT)
 HIGHEST    93           300 AM
 LOWEST     44           200 PM
 AVERAGE    69

..........................................................


THE FORT WAYNE CLIMATE NORMALS FOR TODAY
                         NORMAL    RECORD    YEAR
 MAXIMUM TEMPERATURE (F)   73        95      1908
 MINIMUM TEMPERATURE (F)   49        32      1989
                                             1950


SUNRISE AND SUNSET
SEPTEMBER 24 2017.....SUNRISE   731 AM EDT   SUNSET   734 PM EDT
SEPTEMBER 25 2017.....SUNRISE   732 AM EDT   SUNSET   732 PM EDT


-  INDICATES NEGATIVE NUMBERS.
R  INDICATES RECORD WAS SET OR TIED.
MM INDICATES DATA IS MISSING.
T  INDICATES TRACE AMOUNT.




$$
