000
CDUS43 KIWX 180522
CLIFWA


CLIMATE REPORT
NATIONAL WEATHER SERVICE NORTHERN INDIANA
1221 AM EST SAT NOV 18 2017


...................................

...THE FORT WAYNE CLIMATE SUMMARY FOR NOVEMBER 17 2017...

CLIMATE NORMAL PERIOD 1981 TO 2010
CLIMATE RECORD PERIOD 1897 TO 2017


WEATHER ITEM   OBSERVED TIME   RECORD YEAR NORMAL DEPARTURE LAST
                VALUE   (LST)  VALUE       VALUE  FROM      YEAR
                                                  NORMAL
..................................................................
TEMPERATURE (F)
 YESTERDAY
  MAXIMUM         48   1023 PM  72    2016  49     -1       72
                                      1958
  MINIMUM         36    416 AM   6    1959  33      3       34
  AVERAGE         42                        41      1       53

PRECIPITATION (IN)
  YESTERDAY        0.29          1.33 1911   0.11   0.18     0.00
  MONTH TO DATE    2.40                      1.69   0.71     0.18
  SINCE SEP 1      6.31                      7.33  -1.02     9.27
  SINCE JAN 1     44.59                     34.17  10.42    33.08

SNOWFALL (IN)
  YESTERDAY        0.0           4.6  1924   0.0    0.0      0.0
  MONTH TO DATE    T                         0.6   -0.6      0.0
  SINCE SEP 1      T                         0.9   -0.9      0.0
  SINCE JUL 1      T                         0.9   -0.9      0.0

DEGREE DAYS
 HEATING
  YESTERDAY       23                        24     -1       12
  MONTH TO DATE  379                       352     27      251
  SINCE SEP 1    736                       849   -113      524
  SINCE JUL 1    751                       861   -110      527

 COOLING
  YESTERDAY        0                         0      0        0
  MONTH TO DATE    0                         0      0        4
  SINCE SEP 1    148                        92     56      178
  SINCE JAN 1    836                       809     27     1104
..................................................................


WIND (MPH)
  HIGHEST WIND SPEED    22   HIGHEST WIND DIRECTION     S (170)
  HIGHEST GUST SPEED    29   HIGHEST GUST DIRECTION     S (170)
  AVERAGE WIND SPEED    11.1


SKY COVER
  AVERAGE SKY COVER 1.0


WEATHER CONDITIONS
 THE FOLLOWING WEATHER WAS RECORDED YESTERDAY.
  HEAVY RAIN
  RAIN
  LIGHT RAIN
  FOG


RELATIVE HUMIDITY (PERCENT)
 HIGHEST    82           400 AM
 LOWEST     60          1000 PM
 AVERAGE    71

..........................................................


THE FORT WAYNE CLIMATE NORMALS FOR TODAY
                         NORMAL    RECORD    YEAR
 MAXIMUM TEMPERATURE (F)   49        72      2016
                                             1930
 MINIMUM TEMPERATURE (F)   32         9      2014


SUNRISE AND SUNSET
NOVEMBER 18 2017......SUNRISE   732 AM EST   SUNSET   520 PM EST
NOVEMBER 19 2017......SUNRISE   733 AM EST   SUNSET   519 PM EST


-  INDICATES NEGATIVE NUMBERS.
R  INDICATES RECORD WAS SET OR TIED.
MM INDICATES DATA IS MISSING.
T  INDICATES TRACE AMOUNT.




$$
