000
CDUS43 KIWX 270524
CLIFWA


CLIMATE REPORT
NATIONAL WEATHER SERVICE NORTHERN INDIANA
123 AM EDT THU JUL 27 2017


...................................

...THE FORT WAYNE CLIMATE SUMMARY FOR JULY 26 2017...

CLIMATE NORMAL PERIOD 1981 TO 2010
CLIMATE RECORD PERIOD 1897 TO 2017


WEATHER ITEM   OBSERVED TIME   RECORD YEAR NORMAL DEPARTURE LAST
                VALUE   (LST)  VALUE       VALUE  FROM      YEAR
                                                  NORMAL
..................................................................
TEMPERATURE (F)
 YESTERDAY
  MAXIMUM         82    342 PM  99    1941  84     -2       88
  MINIMUM         59    559 AM  48    1904  62     -3       61
  AVERAGE         71                        73     -2       75

PRECIPITATION (IN)
  YESTERDAY        0.00          2.30 2005   0.14  -0.14     0.00
  MONTH TO DATE    4.22                      3.58   0.64     0.68
  SINCE JUN 1     11.53                      7.74   3.79     6.12
  SINCE JAN 1     34.98                     22.54  12.44    20.31

DEGREE DAYS
 HEATING
  YESTERDAY        0                         0      0        0
  MONTH TO DATE    0                         0      0        3
  SINCE JUN 1      6                        29    -23       14
  SINCE JUL 1      0                         0      0        3

 COOLING
  YESTERDAY        6                         8     -2       10
  MONTH TO DATE  239                       229     10      251
  SINCE JUN 1    454                       411     43      457
  SINCE JAN 1    518                       468     50      531
..................................................................


WIND (MPH)
  HIGHEST WIND SPEED    12   HIGHEST WIND DIRECTION     S (190)
  HIGHEST GUST SPEED    15   HIGHEST GUST DIRECTION     S (200)
  AVERAGE WIND SPEED     4.1


SKY COVER
  AVERAGE SKY COVER 0.7


WEATHER CONDITIONS
 THE FOLLOWING WEATHER WAS RECORDED YESTERDAY.
  NO SIGNIFICANT WEATHER WAS OBSERVED.


RELATIVE HUMIDITY (PERCENT)
 HIGHEST    93           500 AM
 LOWEST     54           400 PM
 AVERAGE    74

..........................................................


THE FORT WAYNE CLIMATE NORMALS FOR TODAY
                         NORMAL    RECORD    YEAR
 MAXIMUM TEMPERATURE (F)   84        99      1956
                                             1955
                                             1936
 MINIMUM TEMPERATURE (F)   62        50      1977


SUNRISE AND SUNSET
JULY 27 2017..........SUNRISE   632 AM EDT   SUNSET   902 PM EDT
JULY 28 2017..........SUNRISE   633 AM EDT   SUNSET   901 PM EDT


-  INDICATES NEGATIVE NUMBERS.
R  INDICATES RECORD WAS SET OR TIED.
MM INDICATES DATA IS MISSING.
T  INDICATES TRACE AMOUNT.




$$
