000
CDUS44 KTSA 280804
CLIFYV

CLIMATE REPORT
NATIONAL WEATHER SERVICE TULSA OK
302 AM CDT MON JUL 28 2014


...................................

...THE FAYETTEVILLE ARKANSAS CLIMATE SUMMARY FOR JULY 27 2014...

CLIMATE NORMAL PERIOD 1981 TO 2010
CLIMATE RECORD PERIOD 1905 TO 2014


WEATHER ITEM   OBSERVED TIME   RECORD YEAR NORMAL DEPARTURE LAST
                VALUE   (LST)  VALUE       VALUE  FROM      YEAR
                                                  NORMAL
..................................................................
TEMPERATURE (F)
 YESTERDAY
  MAXIMUM         91    317 PM 100    2011  90      1       82
                                      1998
                                      1986
  MINIMUM         65   1159 PM  54    2004  67     -2       62
                                      1994
  AVERAGE         78                        78      0       72

PRECIPITATION (IN)
  YESTERDAY        0.00                      0.10  -0.10     0.00
  MONTH TO DATE    0.96                      3.10  -2.14     2.59
  SINCE JUN 1      5.06                      8.08  -3.02     3.96
  SINCE JAN 1     19.58                     28.29  -8.71    28.06

DEGREE DAYS
 COOLING
  YESTERDAY       13                        13      0        7
  MONTH TO DATE  233                       338   -105      306
  SINCE JUN 1    495                       583    -88      596
  SINCE JAN 1    643                       696    -53      732
..................................................................


WIND (MPH)
  HIGHEST WIND SPEED    17   HIGHEST WIND DIRECTION    NW (330)
  HIGHEST GUST SPEED    22   HIGHEST GUST DIRECTION    NW (330)
  AVERAGE WIND SPEED     6.4


SKY COVER
  POSSIBLE SUNSHINE  MM
  AVERAGE SKY COVER 0.1


WEATHER CONDITIONS
 THE FOLLOWING WEATHER WAS RECORDED YESTERDAY.
  NO SIGNIFICANT WEATHER WAS OBSERVED.


RELATIVE HUMIDITY (PERCENT)
 HIGHEST    79          1200 AM
 LOWEST     42           800 PM
 AVERAGE    61

..........................................................


THE FAYETTEVILLE ARKANSAS CLIMATE NORMALS FOR TODAY
                         NORMAL    RECORD    YEAR
 MAXIMUM TEMPERATURE (F)   90       104      1986
 MINIMUM TEMPERATURE (F)   67        55      2004


SUNRISE AND SUNSET
JULY 28 2014..........SUNRISE   621 AM CDT   SUNSET   825 PM CDT
JULY 29 2014..........SUNRISE   622 AM CDT   SUNSET   824 PM CDT


-  INDICATES NEGATIVE NUMBERS.
R  INDICATES RECORD WAS SET OR TIED.
MM INDICATES DATA IS MISSING.
T  INDICATES TRACE AMOUNT.




$$
