000
CDUS44 KTSA 231415
CLIFYV

CLIMATE REPORT
NATIONAL WEATHER SERVICE TULSA OK
912 AM CDT WED APR 23 2014


...................................

...THE FAYETTEVILLE ARKANSAS CLIMATE SUMMARY FOR APRIL 23 2014...
VALID AS OF 0900 AM LOCAL TIME.

CLIMATE NORMAL PERIOD 1981 TO 2010
CLIMATE RECORD PERIOD 1905 TO 2014


WEATHER ITEM   OBSERVED RECORD YEAR NORMAL DEPARTURE LAST
                VALUE   VALUE       VALUE  FROM      YEAR
                                           NORMAL
...........................................................
TEMPERATURE (F)
 TODAY
  MAXIMUM         60     88    1989  71
  MINIMUM         39     30    1951  47
  AVERAGE         50

PRECIPITATION (IN)
  TODAY            0.00   3.06 2011   0.17  -0.17     0.08
  MONTH TO DATE    2.57               3.38  -0.81     3.89
  SINCE MAR 1      8.15               7.33   0.82     8.37
  SINCE JAN 1     10.63              12.98  -2.35    14.22

SNOWFALL (IN)
  TODAY            0.0    0.0    MM   0.0             0.0
  MONTH TO DATE    0.0                0.1             0.0
  SINCE MAR 1      3.8                1.5              T
  SINCE JUL 1     17.9                7.1             2.6

DEGREE DAYS
 HEATING
  TODAY           15

 COOLING
  TODAY            0
...........................................................


WIND (MPH)
  RESULTANT WIND SPEED   0   RESULTANT WIND DIRECTION  MM
  HIGHEST WIND SPEED     9   HIGHEST WIND DIRECTION     S (180)
  HIGHEST GUST SPEED    30   HIGHEST GUST DIRECTION    SE (120)


SKY COVER
  POSSIBLE SUNSHINE  MM
  AVERAGE SKY COVER 0.0


WEATHER CONDITIONS
 THE FOLLOWING WEATHER WAS RECORDED TODAY.
  NO SIGNIFICANT WEATHER WAS OBSERVED.


RELATIVE HUMIDITY (PERCENT)
 HIGHEST    96
 LOWEST     67
 AVERAGE    82

..........................................................


THE FAYETTEVILLE ARKANSAS CLIMATE NORMALS FOR TOMORROW
                         NORMAL    RECORD    YEAR
 MAXIMUM TEMPERATURE (F)   71        86      1989
 MINIMUM TEMPERATURE (F)   47        30      2005


SUNRISE AND SUNSET
APRIL 23 2014.........SUNRISE   633 AM CDT   SUNSET   757 PM CDT
APRIL 24 2014.........SUNRISE   632 AM CDT   SUNSET   758 PM CDT


-  INDICATES NEGATIVE NUMBERS.
R  INDICATES RECORD WAS SET OR TIED.
MM INDICATES DATA IS MISSING.
T  INDICATES TRACE AMOUNT.




$$
