000
CDUS44 KTSA 270832 RRA
CLIFYV

CLIMATE REPORT
NATIONAL WEATHER SERVICE TULSA OK
147 AM CDT WED JUL 27 2016


...................................

...THE FAYETTEVILLE ARKANSAS CLIMATE SUMMARY FOR JULY 26 2016...

CLIMATE NORMAL PERIOD 1981 TO 2010
CLIMATE RECORD PERIOD 1905 TO 2016


WEATHER ITEM   OBSERVED TIME   RECORD YEAR NORMAL DEPARTURE LAST
                VALUE   (LST)  VALUE       VALUE  FROM      YEAR
                                                  NORMAL
..................................................................
TEMPERATURE (F)
 YESTERDAY
  MAXIMUM         88    245 PM 100    2011  90     -2       92
                                      1986
  MINIMUM         70    451 AM  56    1996  67      3       72
  AVERAGE         79                        78      1       82

PRECIPITATION (IN)
  YESTERDAY        0.82                      0.10   0.72     0.00
  MONTH TO DATE    6.27                      3.00   3.27     8.04
  SINCE JUN 1      9.14                      7.98   1.16    14.81
  SINCE JAN 1     23.40                     28.19  -4.79    38.27

DEGREE DAYS
 COOLING
  YESTERDAY       14                        13      1       17
  MONTH TO DATE  369                       325     44      352
  SINCE JUN 1    706                       570    136      670
  SINCE JAN 1    773                       683     90      767
..................................................................


WIND (MPH)
  HIGHEST WIND SPEED    16   HIGHEST WIND DIRECTION     E (70)
  HIGHEST GUST SPEED    22   HIGHEST GUST DIRECTION    NE (60)
  AVERAGE WIND SPEED     2.1


SKY COVER
  POSSIBLE SUNSHINE  MM
  AVERAGE SKY COVER 0.3


WEATHER CONDITIONS
 THE FOLLOWING WEATHER WAS RECORDED YESTERDAY.
  THUNDERSTORM
  HEAVY RAIN
  RAIN
  LIGHT RAIN
  FOG


RELATIVE HUMIDITY (PERCENT)
 HIGHEST   100          1200 AM
 LOWEST     70          1100 AM
 AVERAGE    85

..........................................................


THE FAYETTEVILLE ARKANSAS CLIMATE NORMALS FOR TODAY
                         NORMAL    RECORD    YEAR
 MAXIMUM TEMPERATURE (F)   90       100      2011
                                             1998
                                             1986
 MINIMUM TEMPERATURE (F)   67        54      2004
                                             1994


SUNRISE AND SUNSET
JULY 27 2016..........SUNRISE   621 AM CDT   SUNSET   825 PM CDT
JULY 28 2016..........SUNRISE   621 AM CDT   SUNSET   824 PM CDT


-  INDICATES NEGATIVE NUMBERS.
R  INDICATES RECORD WAS SET OR TIED.
MM INDICATES DATA IS MISSING.
T  INDICATES TRACE AMOUNT.




$$
