000
CDUS44 KTSA 260908 RRA
CLIFYV

CLIMATE REPORT
NATIONAL WEATHER SERVICE TULSA OK
1247 AM CST SUN FEB 26 2017


...................................

...THE FAYETTEVILLE ARKANSAS CLIMATE SUMMARY FOR FEBRUARY 25 2017...

CLIMATE NORMAL PERIOD 1981 TO 2010
CLIMATE RECORD PERIOD 1905 TO 2017


WEATHER ITEM   OBSERVED TIME   RECORD YEAR NORMAL DEPARTURE LAST
                VALUE   (LST)  VALUE       VALUE  FROM      YEAR
                                                  NORMAL
..................................................................
TEMPERATURE (F)
 YESTERDAY
  MAXIMUM         46    415 PM  73    1999  54     -8       43
                                      1950
  MINIMUM         21    726 AM   4    1965  31    -10       24
  AVERAGE         34                        42     -8       34

PRECIPITATION (IN)
  YESTERDAY        0.00                      0.11  -0.11     0.00
  MONTH TO DATE    1.10                      2.48  -1.38     0.64
  SINCE DEC 1      5.32                      8.56  -3.24    12.10
  SINCE JAN 1      3.49                      5.32  -1.83     1.15

SNOWFALL (IN)
  YESTERDAY        0.0                                       0.0
  MONTH TO DATE    0.0                                        T
  SINCE DEC 1      0.8                                        T
  SINCE JUL 1      0.8                                        T

DEGREE DAYS
 HEATING
  YESTERDAY       31                        23      8       31
  MONTH TO DATE  402                       643   -241      569
  SINCE DEC 1   1999                      2408   -409     2100
  SINCE JUL 1   2526                      3237   -711     2742
..................................................................


WIND (MPH)
  HIGHEST WIND SPEED    22   HIGHEST WIND DIRECTION    NW (330)
  HIGHEST GUST SPEED    29   HIGHEST GUST DIRECTION    NW (330)
  AVERAGE WIND SPEED     6.4


SKY COVER
  POSSIBLE SUNSHINE  MM
  AVERAGE SKY COVER 0.2


WEATHER CONDITIONS
 THE FOLLOWING WEATHER WAS RECORDED YESTERDAY.
  HAZE


RELATIVE HUMIDITY (PERCENT)
 HIGHEST    81           800 AM
 LOWEST     27           400 PM
 AVERAGE    54

..........................................................


THE FAYETTEVILLE ARKANSAS CLIMATE NORMALS FOR TODAY
                         NORMAL    RECORD    YEAR
 MAXIMUM TEMPERATURE (F)   54        74      1976
 MINIMUM TEMPERATURE (F)   31         6      1960


SUNRISE AND SUNSET
FEBRUARY 26 2017......SUNRISE   650 AM CST   SUNSET   609 PM CST
FEBRUARY 27 2017......SUNRISE   649 AM CST   SUNSET   610 PM CST


-  INDICATES NEGATIVE NUMBERS.
R  INDICATES RECORD WAS SET OR TIED.
MM INDICATES DATA IS MISSING.
T  INDICATES TRACE AMOUNT.




$$
