000
CDUS44 KTSA 021526
CLIFYV

CLIMATE REPORT
NATIONAL WEATHER SERVICE TULSA OK
912 AM CST FRI DEC 2 2016


...................................

...THE FAYETTEVILLE ARKANSAS CLIMATE SUMMARY FOR DECEMBER 2 2016...
VALID AS OF 0900 AM LOCAL TIME.

CLIMATE NORMAL PERIOD 1981 TO 2010
CLIMATE RECORD PERIOD 1905 TO 2016


WEATHER ITEM   OBSERVED RECORD YEAR NORMAL DEPARTURE LAST
                VALUE   VALUE       VALUE  FROM      YEAR
                                           NORMAL
...........................................................
TEMPERATURE (F)
 TODAY
  MAXIMUM         29     75    2012  52
  MINIMUM         24      9    1985  30
  AVERAGE         27

PRECIPITATION (IN)
  TODAY            0.00   2.86 1982   0.13  -0.13     0.00
  MONTH TO DATE    0.00               0.25  -0.25     0.00
  SINCE DEC 1      0.00               0.25  -0.25     0.00
  SINCE JAN 1     31.54              45.52 -13.98    54.76

SNOWFALL (IN)
  TODAY            0.0                                0.0
  MONTH TO DATE    0.0                                0.0
  SINCE DEC 1      0.0                                0.0
  SINCE JUL 1      0.0                                 T

DEGREE DAYS
 HEATING
  TODAY           38
...........................................................


WIND (MPH)
  RESULTANT WIND SPEED   0   RESULTANT WIND DIRECTION  MM
  HIGHEST WIND SPEED     2   HIGHEST WIND DIRECTION    SE (140)
  HIGHEST GUST SPEED     3   HIGHEST GUST DIRECTION     S (160)


SKY COVER
  POSSIBLE SUNSHINE  MM
  AVERAGE SKY COVER 0.0


WEATHER CONDITIONS
 THE FOLLOWING WEATHER WAS RECORDED TODAY.
  NO SIGNIFICANT WEATHER WAS OBSERVED.


RELATIVE HUMIDITY (PERCENT)
 HIGHEST   100
 LOWEST     85
 AVERAGE    93

..........................................................


THE FAYETTEVILLE ARKANSAS CLIMATE NORMALS FOR TOMORROW
                         NORMAL    RECORD    YEAR
 MAXIMUM TEMPERATURE (F)   51        75      2012
 MINIMUM TEMPERATURE (F)   30        15      1989


SUNRISE AND SUNSET
DECEMBER  2 2016......SUNRISE   710 AM CST   SUNSET   502 PM CST
DECEMBER  3 2016......SUNRISE   711 AM CST   SUNSET   502 PM CST


-  INDICATES NEGATIVE NUMBERS.
R  INDICATES RECORD WAS SET OR TIED.
MM INDICATES DATA IS MISSING.
T  INDICATES TRACE AMOUNT.




$$
