000
CDUS44 KTSA 280800 RRA
CLIFYV

CLIMATE REPORT
NATIONAL WEATHER SERVICE TULSA OK
147 AM CDT FRI JUL 28 2017


...................................

...THE FAYETTEVILLE ARKANSAS CLIMATE SUMMARY FOR JULY 27 2017...

CLIMATE NORMAL PERIOD 1981 TO 2010
CLIMATE RECORD PERIOD 1905 TO 2017


WEATHER ITEM   OBSERVED TIME   RECORD YEAR NORMAL DEPARTURE LAST
                VALUE   (LST)  VALUE       VALUE  FROM      YEAR
                                                  NORMAL
..................................................................
TEMPERATURE (F)
 YESTERDAY
  MAXIMUM         88    143 PM 100    2011  90     -2       84
                                      1998
                                      1986
  MINIMUM         72    118 AM  54    2004  67      5       69
                                      1994
  AVERAGE         80                        78      2       77

PRECIPITATION (IN)
  YESTERDAY        T                         0.10  -0.10     0.01
  MONTH TO DATE    1.79                      3.10  -1.31     6.28
  SINCE JUN 1      8.23                      8.08   0.15     9.15
  SINCE JAN 1     36.78                     28.29   8.49    23.49

DEGREE DAYS
 COOLING
  YESTERDAY       15                        13      2       12
  MONTH TO DATE  366                       338     28      381
  SINCE JUN 1    603                       583     20      718
  SINCE JAN 1    707                       696     11      785
..................................................................


WIND (MPH)
  HIGHEST WIND SPEED    14   HIGHEST WIND DIRECTION    SW (240)
  HIGHEST GUST SPEED    17   HIGHEST GUST DIRECTION    SW (220)
  AVERAGE WIND SPEED     4.6


SKY COVER
  POSSIBLE SUNSHINE  MM
  AVERAGE SKY COVER 0.3


WEATHER CONDITIONS
 THE FOLLOWING WEATHER WAS RECORDED YESTERDAY.
  NO SIGNIFICANT WEATHER WAS OBSERVED.


RELATIVE HUMIDITY (PERCENT)
 HIGHEST   100          1200 AM
 LOWEST     68           200 PM
 AVERAGE    84

..........................................................


THE FAYETTEVILLE ARKANSAS CLIMATE NORMALS FOR TODAY
                         NORMAL    RECORD    YEAR
 MAXIMUM TEMPERATURE (F)   90       104      1986
 MINIMUM TEMPERATURE (F)   67        55      2004


SUNRISE AND SUNSET
JULY 28 2017..........SUNRISE   621 AM CDT   SUNSET   825 PM CDT
JULY 29 2017..........SUNRISE   622 AM CDT   SUNSET   824 PM CDT


-  INDICATES NEGATIVE NUMBERS.
R  INDICATES RECORD WAS SET OR TIED.
MM INDICATES DATA IS MISSING.
T  INDICATES TRACE AMOUNT.




$$
