000
CDUS43 KUNR 250833
CLIGCC


CLIMATE REPORT
NATIONAL WEATHER SERVICE RAPID CITY SD
132 AM MST SUN JAN 25 2015


...................................

...THE GILLETTE AIRPORT WY CLIMATE SUMMARY FOR JANUARY 24 2015...

CLIMATE NORMAL PERIOD 1981 TO 2010
CLIMATE RECORD PERIOD 9999 TO 9999


WEATHER ITEM   OBSERVED TIME   NORMAL DEPARTURE LAST
                VALUE   (LST)  VALUE  FROM      YEAR
                                      NORMAL
......................................................
TEMPERATURE (F)
 YESTERDAY
  MAXIMUM         49    108 PM  37     12       53
  MINIMUM         31   1159 PM  15     16       33
  AVERAGE         40            26     14       43

PRECIPITATION (IN)
  YESTERDAY        0.03          0.01   0.02     0.00
  MONTH TO DATE    0.27          0.27   0.00     0.28
  SINCE DEC 1      0.67          0.67   0.00     0.95
  SINCE JAN 1      0.27          0.27   0.00     0.28

DEGREE DAYS
 HEATING
  YESTERDAY       25            39    -14       22
  MONTH TO DATE  973           941     32      885
  SINCE DEC 1   2116          2207    -91     2285
  SINCE JUL 1   3899          4082   -183     3997

 COOLING
  YESTERDAY        0             0      0        0
  MONTH TO DATE    0             0      0        0
  SINCE DEC 1      0             0      0        0
  SINCE JAN 1      0             0      0        0
......................................................


WIND (MPH)
  HIGHEST WIND SPEED    40   HIGHEST WIND DIRECTION    NW (330)
  HIGHEST GUST SPEED    50   HIGHEST GUST DIRECTION     N (340)
  AVERAGE WIND SPEED    16.3


SKY COVER
  AVERAGE SKY COVER 0.6


WEATHER CONDITIONS
 THE FOLLOWING WEATHER WAS RECORDED YESTERDAY.
  LIGHT RAIN
  FOG


RELATIVE HUMIDITY (PERCENT)
 HIGHEST    89           500 PM
 LOWEST     43           700 AM
 AVERAGE    66

..........................................................




SUNRISE AND SUNSET
JANUARY 25 2015.......SUNRISE   728 AM MST   SUNSET   502 PM MST
JANUARY 26 2015.......SUNRISE   727 AM MST   SUNSET   503 PM MST


-  INDICATES NEGATIVE NUMBERS.
R  INDICATES RECORD WAS SET OR TIED.
MM INDICATES DATA IS MISSING.
T  INDICATES TRACE AMOUNT.




$$
