000
CDUS43 KUNR 290835
CLIGCC


CLIMATE REPORT
NATIONAL WEATHER SERVICE RAPID CITY SD
133 AM MST SAT NOV 29 2014


...................................

...THE GILLETTE AIRPORT WY CLIMATE SUMMARY FOR NOVEMBER 28 2014...

CLIMATE NORMAL PERIOD 1981 TO 2010
CLIMATE RECORD PERIOD 9999 TO 9999


WEATHER ITEM   OBSERVED TIME   NORMAL DEPARTURE LAST
                VALUE   (LST)  VALUE  FROM      YEAR
                                      NORMAL
......................................................
TEMPERATURE (F)
 YESTERDAY
  MAXIMUM         57   1147 AM  38     19       48
  MINIMUM         44    351 AM  16     28       13
  AVERAGE         51            27     24       31

PRECIPITATION (IN)
  YESTERDAY        0.00          0.01  -0.01     0.00
  MONTH TO DATE    0.71          0.52   0.19     0.04
  SINCE SEP 1      2.59          2.98  -0.39     5.17
  SINCE JAN 1     17.85         13.46   4.39    18.60

DEGREE DAYS
 HEATING
  YESTERDAY       14            38    -24       34
  MONTH TO DATE  970           888     82      839
  SINCE SEP 1   1635          1740   -105     1657
  SINCE JUL 1   1684          1797   -113     1657

 COOLING
  YESTERDAY        0             0      0        0
  MONTH TO DATE    0             0      0        0
  SINCE SEP 1     57            42     15       93
  SINCE JAN 1    412           502    -90      615
......................................................


WIND (MPH)
  HIGHEST WIND SPEED    29   HIGHEST WIND DIRECTION    SW (230)
  HIGHEST GUST SPEED    35   HIGHEST GUST DIRECTION    SW (230)
  AVERAGE WIND SPEED    19.5


SKY COVER
  AVERAGE SKY COVER 0.1


WEATHER CONDITIONS
 THE FOLLOWING WEATHER WAS RECORDED YESTERDAY.
  NO SIGNIFICANT WEATHER WAS OBSERVED.


RELATIVE HUMIDITY (PERCENT)
 HIGHEST    58          1200 AM
 LOWEST     32          1100 AM
 AVERAGE    45

..........................................................




SUNRISE AND SUNSET
NOVEMBER 29 2014......SUNRISE   716 AM MST   SUNSET   425 PM MST
NOVEMBER 30 2014......SUNRISE   717 AM MST   SUNSET   425 PM MST


-  INDICATES NEGATIVE NUMBERS.
R  INDICATES RECORD WAS SET OR TIED.
MM INDICATES DATA IS MISSING.
T  INDICATES TRACE AMOUNT.




$$
