000
CDUS43 KUNR 250831
CLIGCC


CLIMATE REPORT
NATIONAL WEATHER SERVICE RAPID CITY SD
230 AM MDT FRI APR 25 2014


...................................

...THE GILLETTE AIRPORT WY CLIMATE SUMMARY FOR APRIL 24 2014...

CLIMATE NORMAL PERIOD 1981 TO 2010
CLIMATE RECORD PERIOD 9999 TO 9999


WEATHER ITEM   OBSERVED TIME   NORMAL DEPARTURE LAST
                VALUE   (LST)  VALUE  FROM      YEAR
                                      NORMAL
......................................................
TEMPERATURE (F)
 YESTERDAY
  MAXIMUM         62    305 PM  59      3       43
  MINIMUM         29   1123 PM  32     -3       26
  AVERAGE         46            45      1       35

PRECIPITATION (IN)
  YESTERDAY        0.00          0.06  -0.06     0.03
  MONTH TO DATE    0.37          1.03  -0.66     1.54
  SINCE MAR 1      1.46          1.99  -0.53     1.82
  SINCE JAN 1      2.74          2.77  -0.03     2.95

DEGREE DAYS
 HEATING
  YESTERDAY       19            20     -1       30
  MONTH TO DATE  518           559    -41      772
  SINCE MAR 1   1482          1498    -16     1736
  SINCE JUL 1   7127          6906    221     6859

 COOLING
  YESTERDAY        0             0      0        0
  MONTH TO DATE    0             0      0        0
  SINCE MAR 1      0             0      0        0
  SINCE JAN 1      0             0      0        0
......................................................


WIND (MPH)
  HIGHEST WIND SPEED    22   HIGHEST WIND DIRECTION    SW (230)
  HIGHEST GUST SPEED    28   HIGHEST GUST DIRECTION    SW (240)
  AVERAGE WIND SPEED     8.4


SKY COVER
  AVERAGE SKY COVER 0.2


WEATHER CONDITIONS
 THE FOLLOWING WEATHER WAS RECORDED YESTERDAY.
  NO SIGNIFICANT WEATHER WAS OBSERVED.


RELATIVE HUMIDITY (PERCENT)
 HIGHEST    78          1100 PM
 LOWEST     19           200 PM
 AVERAGE    49

..........................................................




SUNRISE AND SUNSET
APRIL 25 2014.........SUNRISE   602 AM MDT   SUNSET   759 PM MDT
APRIL 26 2014.........SUNRISE   600 AM MDT   SUNSET   800 PM MDT


-  INDICATES NEGATIVE NUMBERS.
R  INDICATES RECORD WAS SET OR TIED.
MM INDICATES DATA IS MISSING.
T  INDICATES TRACE AMOUNT.




$$
