000
CDUS43 KUNR 270834
CLIGCC


CLIMATE REPORT
NATIONAL WEATHER SERVICE RAPID CITY SD
233 AM MDT SAT MAY 27 2017


...................................

...THE GILLETTE AIRPORT WY CLIMATE SUMMARY FOR MAY 26 2017...

CLIMATE NORMAL PERIOD 1981 TO 2010
CLIMATE RECORD PERIOD 9999 TO 9999


WEATHER ITEM   OBSERVED TIME   NORMAL DEPARTURE LAST
                VALUE   (LST)  VALUE  FROM      YEAR
                                      NORMAL
......................................................
TEMPERATURE (F)
 YESTERDAY
  MAXIMUM         59    132 PM  69    -10       67
  MINIMUM         33    432 AM  42     -9       38
  AVERAGE         46            56    -10       53

PRECIPITATION (IN)
  YESTERDAY        0.03          0.08  -0.05     0.02
  MONTH TO DATE    1.25          2.02  -0.77     0.45
  SINCE MAR 1      6.35          4.45   1.90     4.11
  SINCE JAN 1      7.19          5.23   1.96     5.62

DEGREE DAYS
 HEATING
  YESTERDAY       19            10      9       12
  MONTH TO DATE  332           341     -9      361
  SINCE MAR 1   1685          1949   -264     1756
  SINCE JUL 1   6442          7357   -915     6487

 COOLING
  YESTERDAY        0             0      0        0
  MONTH TO DATE    4             0      4        0
  SINCE MAR 1      4             0      4        0
  SINCE JAN 1      4             0      4        0
......................................................


WIND (MPH)
  HIGHEST WIND SPEED    13   HIGHEST WIND DIRECTION     W (290)
  HIGHEST GUST SPEED    17   HIGHEST GUST DIRECTION     E (70)
  AVERAGE WIND SPEED     5.0


SKY COVER
  AVERAGE SKY COVER 0.6


WEATHER CONDITIONS
 THE FOLLOWING WEATHER WAS RECORDED YESTERDAY.
  NO SIGNIFICANT WEATHER WAS OBSERVED.


RELATIVE HUMIDITY (PERCENT)
 HIGHEST   100           800 PM
 LOWEST     39          1000 AM
 AVERAGE    70

..........................................................




SUNRISE AND SUNSET
MAY 27 2017...........SUNRISE   524 AM MDT   SUNSET   835 PM MDT
MAY 28 2017...........SUNRISE   523 AM MDT   SUNSET   836 PM MDT


-  INDICATES NEGATIVE NUMBERS.
R  INDICATES RECORD WAS SET OR TIED.
MM INDICATES DATA IS MISSING.
T  INDICATES TRACE AMOUNT.




$$
