000
CDUS43 KUNR 010834
CLIGCC


CLIMATE REPORT
NATIONAL WEATHER SERVICE RAPID CITY SD
234 AM MDT WED JUL 1 2015


...................................

...THE GILLETTE AIRPORT WY CLIMATE SUMMARY FOR JUNE 30 2015...

CLIMATE NORMAL PERIOD 1981 TO 2010
CLIMATE RECORD PERIOD 9999 TO 9999


WEATHER ITEM   OBSERVED TIME   NORMAL DEPARTURE LAST
                VALUE   (LST)  VALUE  FROM      YEAR
                                      NORMAL
......................................................
TEMPERATURE (F)
 YESTERDAY
  MAXIMUM         89    336 PM  83      6       68
  MINIMUM         61   1158 PM  52      9       48
  AVERAGE         75            68      7       58

PRECIPITATION (IN)
  YESTERDAY        0.00          0.06  -0.06     0.00
  MONTH TO DATE    3.11          2.21   0.90     3.13
  SINCE JUN 1      3.11          2.21   0.90     3.13
  SINCE JAN 1     10.23          7.87   2.36    12.73

DEGREE DAYS
 HEATING
  YESTERDAY        0             2     -2        7
  MONTH TO DATE   39           142   -103      192
  SINCE JUN 1     39           142   -103      192
  SINCE JUL 1   6915          7544   -629     7824

 COOLING
  YESTERDAY       10             4      6        0
  MONTH TO DATE   74            60     14       15
  SINCE JUN 1     74            60     14       15
  SINCE JAN 1     74            68      6       23
......................................................


WIND (MPH)
  HIGHEST WIND SPEED    23   HIGHEST WIND DIRECTION    NW (310)
  HIGHEST GUST SPEED    27   HIGHEST GUST DIRECTION    NW (310)
  AVERAGE WIND SPEED     7.9


SKY COVER
  AVERAGE SKY COVER 0.0


WEATHER CONDITIONS
 THE FOLLOWING WEATHER WAS RECORDED YESTERDAY.
  NO SIGNIFICANT WEATHER WAS OBSERVED.


RELATIVE HUMIDITY (PERCENT)
 HIGHEST    84          1100 PM
 LOWEST     29           300 PM
 AVERAGE    57

..........................................................




SUNRISE AND SUNSET
JULY  1 2015..........SUNRISE   522 AM MDT   SUNSET   850 PM MDT
JULY  2 2015..........SUNRISE   522 AM MDT   SUNSET   850 PM MDT


-  INDICATES NEGATIVE NUMBERS.
R  INDICATES RECORD WAS SET OR TIED.
MM INDICATES DATA IS MISSING.
T  INDICATES TRACE AMOUNT.




$$
