000
CDUS43 KUNR 290910
CLIGCC


CLIMATE REPORT
NATIONAL WEATHER SERVICE RAPID CITY SD
310 AM MDT MON SEP 29 2014


...................................

...THE GILLETTE AIRPORT WY CLIMATE SUMMARY FOR SEPTEMBER 28 2014...

CLIMATE NORMAL PERIOD 1981 TO 2010
CLIMATE RECORD PERIOD 9999 TO 9999


WEATHER ITEM   OBSERVED TIME   NORMAL DEPARTURE LAST
                VALUE   (LST)  VALUE  FROM      YEAR
                                      NORMAL
......................................................
TEMPERATURE (F)
 YESTERDAY
  MAXIMUM         57   1232 AM  66     -9       62
  MINIMUM         46   1009 AM  38      8       35
  AVERAGE         52            52      0       49

PRECIPITATION (IN)
  YESTERDAY        0.04          0.04   0.00     0.00
  MONTH TO DATE    0.71          1.10  -0.39     2.38
  SINCE SEP 1      0.71          1.10  -0.39     2.38
  SINCE JAN 1     15.97         11.58   4.39    15.81

DEGREE DAYS
 HEATING
  YESTERDAY       13            13      0       16
  MONTH TO DATE  207           211     -4      128
  SINCE SEP 1    207           211     -4      128
  SINCE JUL 1    256           268    -12      128

 COOLING
  YESTERDAY        0             0      0        0
  MONTH TO DATE   57            40     17       93
  SINCE SEP 1     57            40     17       93
  SINCE JAN 1    412           500    -88      615
......................................................


WIND (MPH)
  HIGHEST WIND SPEED    21   HIGHEST WIND DIRECTION     N (10)
  HIGHEST GUST SPEED    25   HIGHEST GUST DIRECTION     N (10)
  AVERAGE WIND SPEED    11.7


SKY COVER
  AVERAGE SKY COVER 1.0


WEATHER CONDITIONS
 THE FOLLOWING WEATHER WAS RECORDED YESTERDAY.
  LIGHT RAIN
  FOG


RELATIVE HUMIDITY (PERCENT)
 HIGHEST    93           900 AM
 LOWEST     55          1200 AM
 AVERAGE    74

..........................................................




SUNRISE AND SUNSET
SEPTEMBER 29 2014.....SUNRISE   658 AM MDT   SUNSET   646 PM MDT
SEPTEMBER 30 2014.....SUNRISE   659 AM MDT   SUNSET   645 PM MDT


-  INDICATES NEGATIVE NUMBERS.
R  INDICATES RECORD WAS SET OR TIED.
MM INDICATES DATA IS MISSING.
T  INDICATES TRACE AMOUNT.




$$
