000
CDUS43 KUNR 261121
CLIGCC


CLIMATE REPORT
NATIONAL WEATHER SERVICE RAPID CITY SD
420 AM MST THU FEB 26 2015


...................................

...THE GILLETTE AIRPORT WY CLIMATE SUMMARY FOR FEBRUARY 25 2015...

CLIMATE NORMAL PERIOD 1981 TO 2010
CLIMATE RECORD PERIOD 9999 TO 9999


WEATHER ITEM   OBSERVED TIME   NORMAL DEPARTURE LAST
                VALUE   (LST)  VALUE  FROM      YEAR
                                      NORMAL
......................................................
TEMPERATURE (F)
 YESTERDAY
  MAXIMUM         40   1224 AM  41     -1       10
  MINIMUM          7   1159 PM  18    -11       -6
  AVERAGE         24            30     -6        2

PRECIPITATION (IN)
  YESTERDAY        0.05          0.01   0.04     0.04
  MONTH TO DATE    0.57          0.35   0.22     0.83
  SINCE DEC 1      1.25          1.14   0.11     1.89
  SINCE JAN 1      0.85          0.74   0.11     1.22

DEGREE DAYS
 HEATING
  YESTERDAY       41            36      5       63
  MONTH TO DATE  842           949   -107     1203
  SINCE DEC 1   3137          3429   -292     3794
  SINCE JUL 1   4920          5304   -384     5506

 COOLING
  YESTERDAY        0             0      0        0
  MONTH TO DATE    0             0      0        0
  SINCE DEC 1      0             0      0        0
  SINCE JAN 1      0             0      0        0
......................................................


WIND (MPH)
  HIGHEST WIND SPEED    38   HIGHEST WIND DIRECTION     N (360)
  HIGHEST GUST SPEED    51   HIGHEST GUST DIRECTION     N (340)
  AVERAGE WIND SPEED    19.4


SKY COVER
  AVERAGE SKY COVER 1.0


WEATHER CONDITIONS
 THE FOLLOWING WEATHER WAS RECORDED YESTERDAY.
  SNOW
  LIGHT SNOW
  FOG
  FOG W/VISIBILITY <= 1/4 MILE
  HAZE


RELATIVE HUMIDITY (PERCENT)
 HIGHEST    92           900 AM
 LOWEST     64          1200 AM
 AVERAGE    78

..........................................................




SUNRISE AND SUNSET
FEBRUARY 26 2015......SUNRISE   645 AM MST   SUNSET   546 PM MST
FEBRUARY 27 2015......SUNRISE   643 AM MST   SUNSET   547 PM MST


-  INDICATES NEGATIVE NUMBERS.
R  INDICATES RECORD WAS SET OR TIED.
MM INDICATES DATA IS MISSING.
T  INDICATES TRACE AMOUNT.




$$
