000
CDUS43 KUNR 200833
CLIGCC


CLIMATE REPORT
NATIONAL WEATHER SERVICE RAPID CITY SD
232 AM MDT MON OCT 20 2014


...................................

...THE GILLETTE AIRPORT WY CLIMATE SUMMARY FOR OCTOBER 19 2014...

CLIMATE NORMAL PERIOD 1981 TO 2010
CLIMATE RECORD PERIOD 9999 TO 9999


WEATHER ITEM   OBSERVED TIME   NORMAL DEPARTURE LAST
                VALUE   (LST)  VALUE  FROM      YEAR
                                      NORMAL
......................................................
TEMPERATURE (F)
 YESTERDAY
  MAXIMUM         73    335 PM  58     15       58
  MINIMUM         34    505 AM  31      3       38
  AVERAGE         54            44     10       48

PRECIPITATION (IN)
  YESTERDAY        0.00          0.04  -0.04      T
  MONTH TO DATE    0.59          0.92  -0.33     2.54
  SINCE SEP 1      1.88          2.11  -0.23     4.92
  SINCE JAN 1     17.14         12.59   4.55    18.35

DEGREE DAYS
 HEATING
  YESTERDAY       11            21    -10       17
  MONTH TO DATE  257           337    -80      404
  SINCE SEP 1    484           575    -91      545
  SINCE JUL 1    533           632    -99      545

 COOLING
  YESTERDAY        0             0      0        0
  MONTH TO DATE    0             0      0        0
  SINCE SEP 1     57            40     17       93
  SINCE JAN 1    412           500    -88      615
......................................................


WIND (MPH)
  HIGHEST WIND SPEED    20   HIGHEST WIND DIRECTION     S (180)
  HIGHEST GUST SPEED    23   HIGHEST GUST DIRECTION     S (170)
  AVERAGE WIND SPEED     4.6


SKY COVER
  AVERAGE SKY COVER 0.0


WEATHER CONDITIONS
 THE FOLLOWING WEATHER WAS RECORDED YESTERDAY.
  NO SIGNIFICANT WEATHER WAS OBSERVED.


RELATIVE HUMIDITY (PERCENT)
 HIGHEST    89           400 AM
 LOWEST     25           200 PM
 AVERAGE    57

..........................................................




SUNRISE AND SUNSET
OCTOBER 20 2014.......SUNRISE   724 AM MDT   SUNSET   610 PM MDT
OCTOBER 21 2014.......SUNRISE   725 AM MDT   SUNSET   608 PM MDT


-  INDICATES NEGATIVE NUMBERS.
R  INDICATES RECORD WAS SET OR TIED.
MM INDICATES DATA IS MISSING.
T  INDICATES TRACE AMOUNT.




$$
