000
CDUS43 KUNR 190834
CLIGCC


CLIMATE REPORT
NATIONAL WEATHER SERVICE RAPID CITY SD
232 AM MDT FRI SEP 19 2014


...................................

...THE GILLETTE AIRPORT WY CLIMATE SUMMARY FOR SEPTEMBER 18 2014...

CLIMATE NORMAL PERIOD 1981 TO 2010
CLIMATE RECORD PERIOD 9999 TO 9999


WEATHER ITEM   OBSERVED TIME   NORMAL DEPARTURE LAST
                VALUE   (LST)  VALUE  FROM      YEAR
                                      NORMAL
......................................................
TEMPERATURE (F)
 YESTERDAY
  MAXIMUM         92    123 PM  72     20       78
  MINIMUM         59    720 PM  43     16       45
  AVERAGE         76            57     19       62

PRECIPITATION (IN)
  YESTERDAY        0.00          0.03  -0.03     0.18
  MONTH TO DATE    0.62          0.63  -0.01     1.06
  SINCE SEP 1      0.62          0.63  -0.01     1.06
  SINCE JAN 1     15.88         11.11   4.77    14.49

DEGREE DAYS
 HEATING
  YESTERDAY        0             8     -8        3
  MONTH TO DATE  176           102     74       11
  SINCE SEP 1    176           102     74       11
  SINCE JUL 1    225           159     66       11

 COOLING
  YESTERDAY       11             1     10        0
  MONTH TO DATE   27            36     -9       88
  SINCE SEP 1     27            36     -9       88
  SINCE JAN 1    382           496   -114      610
......................................................


WIND (MPH)
  HIGHEST WIND SPEED    25   HIGHEST WIND DIRECTION    NW (330)
  HIGHEST GUST SPEED    32   HIGHEST GUST DIRECTION     N (340)
  AVERAGE WIND SPEED    11.3


SKY COVER
  AVERAGE SKY COVER 0.1


WEATHER CONDITIONS
 THE FOLLOWING WEATHER WAS RECORDED YESTERDAY.
  NO SIGNIFICANT WEATHER WAS OBSERVED.


RELATIVE HUMIDITY (PERCENT)
 HIGHEST    69           200 AM
 LOWEST     19          1200 PM
 AVERAGE    44

..........................................................




SUNRISE AND SUNSET
SEPTEMBER 19 2014.....SUNRISE   646 AM MDT   SUNSET   705 PM MDT
SEPTEMBER 20 2014.....SUNRISE   647 AM MDT   SUNSET   703 PM MDT


-  INDICATES NEGATIVE NUMBERS.
R  INDICATES RECORD WAS SET OR TIED.
MM INDICATES DATA IS MISSING.
T  INDICATES TRACE AMOUNT.




$$
