000
CDUS43 KUNR 260834
CLIGCC


CLIMATE REPORT
NATIONAL WEATHER SERVICE RAPID CITY SD
234 AM MDT TUE JUL 26 2016


...................................

...THE GILLETTE AIRPORT WY CLIMATE SUMMARY FOR JULY 25 2016...

CLIMATE NORMAL PERIOD 1981 TO 2010
CLIMATE RECORD PERIOD 9999 TO 9999


WEATHER ITEM   OBSERVED TIME   NORMAL DEPARTURE LAST
                VALUE   (LST)  VALUE  FROM      YEAR
                                      NORMAL
......................................................
TEMPERATURE (F)
 YESTERDAY
  MAXIMUM         96    357 PM  88      8       88
  MINIMUM         62    521 AM  57      5       55
  AVERAGE         79            73      6       72

PRECIPITATION (IN)
  YESTERDAY        0.00          0.05  -0.05     0.63
  MONTH TO DATE    0.19          1.36  -1.17     1.01
  SINCE JUN 1      0.63          3.57  -2.94     4.12
  SINCE JAN 1      6.47          9.23  -2.76    11.24

DEGREE DAYS
 HEATING
  YESTERDAY        0             0      0        0
  MONTH TO DATE    7            14     -7       15
  SINCE JUN 1     41           156   -115       54
  SINCE JUL 1      7            14     -7       15

 COOLING
  YESTERDAY       14             8      6        7
  MONTH TO DATE  178           168     10      134
  SINCE JUN 1    342           228    114      208
  SINCE JAN 1    342           236    106      208
......................................................


WIND (MPH)
  HIGHEST WIND SPEED    22   HIGHEST WIND DIRECTION     S (160)
  HIGHEST GUST SPEED    27   HIGHEST GUST DIRECTION    SE (150)
  AVERAGE WIND SPEED     9.5


SKY COVER
  AVERAGE SKY COVER 0.0


WEATHER CONDITIONS
 THE FOLLOWING WEATHER WAS RECORDED YESTERDAY.
  NO SIGNIFICANT WEATHER WAS OBSERVED.


RELATIVE HUMIDITY (PERCENT)
 HIGHEST    67           400 AM
 LOWEST     11           300 PM
 AVERAGE    39

..........................................................




SUNRISE AND SUNSET
JULY 26 2016..........SUNRISE   543 AM MDT   SUNSET   833 PM MDT
JULY 27 2016..........SUNRISE   545 AM MDT   SUNSET   832 PM MDT


-  INDICATES NEGATIVE NUMBERS.
R  INDICATES RECORD WAS SET OR TIED.
MM INDICATES DATA IS MISSING.
T  INDICATES TRACE AMOUNT.




$$
