000
CDUS43 KDDC 260705
CLIGCK


CLIMATE REPORT
NATIONAL WEATHER SERVICE DODGE CITY KS
205 AM CDT MON JUN 26 2017


...................................

...THE GARDEN CITY REGIONAL ARPT KS CLIMATE SUMMARY FOR JUNE 25 2017...

CLIMATE NORMAL PERIOD 1981 TO 2010
CLIMATE RECORD PERIOD 1948 TO 2017


WEATHER ITEM   OBSERVED TIME   RECORD YEAR NORMAL DEPARTURE LAST
                VALUE   (LST)  VALUE       VALUE  FROM      YEAR
                                                  NORMAL
..................................................................
TEMPERATURE (F)
 YESTERDAY
  MAXIMUM         79   1113 AM 109    1978  89    -10       96
  MINIMUM         59    742 AM  49    1993  62     -3       66
  AVERAGE         69                        76     -7       81

PRECIPITATION (IN)
  YESTERDAY        0.08          3.03 1962   0.12  -0.04     0.44
  MONTH TO DATE    0.64                      2.92  -2.28     3.52
  SINCE JUN 1      0.64                      2.92  -2.28     3.52
  SINCE JAN 1      8.95                      9.86  -0.91     8.98

DEGREE DAYS
 HEATING
  YESTERDAY        0                         0      0
  MONTH TO DATE    0                        14    -14
  SINCE JUN 1      0                        14    -14
  SINCE JUL 1   4431                      5205   -774

 COOLING
  YESTERDAY        4                        11     -7
  MONTH TO DATE  275                       196     79
  SINCE JUN 1    275                       196     79
  SINCE JAN 1    365                       285     80
..................................................................


WIND (MPH)
  HIGHEST WIND SPEED    25   HIGHEST WIND DIRECTION     E (80)
  HIGHEST GUST SPEED    32   HIGHEST GUST DIRECTION     E (70)
  AVERAGE WIND SPEED    12.4



WEATHER CONDITIONS
 THE FOLLOWING WEATHER WAS RECORDED YESTERDAY.
  THUNDERSTORM
  LIGHT RAIN


RELATIVE HUMIDITY (PERCENT)
 HIGHEST    90           200 PM
 LOWEST     46          1200 PM
 AVERAGE    68

..........................................................


THE GARDEN CITY REGIONAL ARPT KS CLIMATE NORMALS FOR TODAY
                         NORMAL    RECORD    YEAR
 MAXIMUM TEMPERATURE (F)   90       108      2012
                                             2011
 MINIMUM TEMPERATURE (F)   62        46      1968


SUNRISE AND SUNSET
JUNE 26 2017..........SUNRISE   622 AM CDT   SUNSET   909 PM CDT
JUNE 27 2017..........SUNRISE   623 AM CDT   SUNSET   909 PM CDT


-  INDICATES NEGATIVE NUMBERS.
R  INDICATES RECORD WAS SET OR TIED.
MM INDICATES DATA IS MISSING.
T  INDICATES TRACE AMOUNT.




$$
