000
CDUS43 KDDC 280718
CLIGCK


CLIMATE REPORT
NATIONAL WEATHER SERVICE DODGE CITY KS
217 AM CDT FRI APR 28 2017


...................................

...THE GARDEN CITY REGIONAL ARPT KS CLIMATE SUMMARY FOR APRIL 27 2017...

CLIMATE NORMAL PERIOD 1981 TO 2010
CLIMATE RECORD PERIOD 1948 TO 2017


WEATHER ITEM   OBSERVED TIME   RECORD YEAR NORMAL DEPARTURE LAST
                VALUE   (LST)  VALUE       VALUE  FROM      YEAR
                                                  NORMAL
..................................................................
TEMPERATURE (F)
 YESTERDAY
  MAXIMUM         65    342 PM  94    1981  71     -6       63
  MINIMUM         37    513 AM  27    1984  43     -6       43
  AVERAGE         51                        57     -6       53

PRECIPITATION (IN)
  YESTERDAY        T             0.47 1986   0.06  -0.06     0.01
  MONTH TO DATE    1.49                      1.51  -0.02     3.29
  SINCE MAR 1      3.99                      2.97   1.02     3.29
  SINCE JAN 1      5.28                      3.85   1.43     3.51

DEGREE DAYS
 HEATING
  YESTERDAY       14                         9      5
  MONTH TO DATE  259                       350    -91
  SINCE MAR 1    769                      1014   -245
  SINCE JUL 1   4243                      5038   -795

 COOLING
  YESTERDAY        0                         1     -1
  MONTH TO DATE   29                         8     21
  SINCE MAR 1     37                         8     29
  SINCE JAN 1     37                         8     29
..................................................................


WIND (MPH)
  HIGHEST WIND SPEED    33   HIGHEST WIND DIRECTION    SE (120)
  HIGHEST GUST SPEED    40   HIGHEST GUST DIRECTION    SE (120)
  AVERAGE WIND SPEED    15.6



WEATHER CONDITIONS
 THE FOLLOWING WEATHER WAS RECORDED YESTERDAY.
  LIGHT RAIN


RELATIVE HUMIDITY (PERCENT)
 HIGHEST    89          1100 PM
 LOWEST     39           100 PM
 AVERAGE    64

..........................................................


THE GARDEN CITY REGIONAL ARPT KS CLIMATE NORMALS FOR TODAY
                         NORMAL    RECORD    YEAR
 MAXIMUM TEMPERATURE (F)   71        90      1951
 MINIMUM TEMPERATURE (F)   43        29      1969


SUNRISE AND SUNSET
APRIL 28 2017.........SUNRISE   650 AM CDT   SUNSET   831 PM CDT
APRIL 29 2017.........SUNRISE   649 AM CDT   SUNSET   832 PM CDT


-  INDICATES NEGATIVE NUMBERS.
R  INDICATES RECORD WAS SET OR TIED.
MM INDICATES DATA IS MISSING.
T  INDICATES TRACE AMOUNT.




$$
