000
CDUS43 KDDC 252331
CLIGCK


CLIMATE REPORT
NATIONAL WEATHER SERVICE DODGE CITY KS
530 PM CST SUN FEB 25 2018


...................................

...THE GARDEN CITY REGIONAL ARPT KS CLIMATE SUMMARY FOR FEBRUARY 25 2018...
VALID TODAY AS OF 0500 PM LOCAL TIME.

CLIMATE NORMAL PERIOD 1981 TO 2010
CLIMATE RECORD PERIOD 1948 TO 2018


WEATHER ITEM   OBSERVED TIME   RECORD YEAR NORMAL DEPARTURE LAST
                VALUE   (LST)  VALUE       VALUE  FROM      YEAR
                                                  NORMAL
..................................................................
TEMPERATURE (F)
 TODAY
  MAXIMUM         48    359 PM  82    1989  51     -3       50
  MINIMUM         14    722 AM   0    2003  24    -10        7
  AVERAGE         31                        38     -7       29

PRECIPITATION (IN)
  TODAY            0.00          0.50 1951   0.03  -0.03     0.00
  MONTH TO DATE    T                         0.48  -0.48     0.01
  SINCE DEC 1      T                         1.34  -1.34     1.59
  SINCE JAN 1      T                         0.82  -0.82     1.29

DEGREE DAYS
 HEATING
  TODAY           34                        27      7       36
  MONTH TO DATE  842                       766     76      537
  SINCE DEC 1   2867                      2857     10     2711
  SINCE JUL 1   3823                      3946   -123     3399

 COOLING
  TODAY            0                         0      0        0
  MONTH TO DATE    0                         0      0        0
  SINCE DEC 1      0                         0      0        0
  SINCE JAN 1      0                         0      0        0
..................................................................


WIND (MPH)
  HIGHEST WIND SPEED    13   HIGHEST WIND DIRECTION    NW (320)
  HIGHEST GUST SPEED    17   HIGHEST GUST DIRECTION    NW (330)
  AVERAGE WIND SPEED     5.6



WEATHER CONDITIONS
 THE FOLLOWING WEATHER WAS RECORDED TODAY.
  NO SIGNIFICANT WEATHER WAS OBSERVED.


RELATIVE HUMIDITY (PERCENT)
 HIGHEST    67           700 AM
 LOWEST     14           500 PM
 AVERAGE    41

..........................................................


THE GARDEN CITY REGIONAL ARPT KS CLIMATE NORMALS FOR TOMORROW
                         NORMAL    RECORD    YEAR
 MAXIMUM TEMPERATURE (F)   52        78      1981
 MINIMUM TEMPERATURE (F)   25         0      2003


SUNRISE AND SUNSET
FEBRUARY 25 2018......SUNRISE   720 AM CST   SUNSET   632 PM CST
FEBRUARY 26 2018......SUNRISE   719 AM CST   SUNSET   633 PM CST


-  INDICATES NEGATIVE NUMBERS.
R  INDICATES RECORD WAS SET OR TIED.
MM INDICATES DATA IS MISSING.
T  INDICATES TRACE AMOUNT.




$$
