000
CDUS43 KDDC 240706
CLIGCK


CLIMATE REPORT
NATIONAL WEATHER SERVICE DODGE CITY KS
105 AM CST FRI FEB 24 2017


...................................

...THE GARDEN CITY REGIONAL ARPT KS CLIMATE SUMMARY FOR FEBRUARY 23 2017...

CLIMATE NORMAL PERIOD 1981 TO 2010
CLIMATE RECORD PERIOD 1948 TO 2017


WEATHER ITEM   OBSERVED TIME   RECORD YEAR NORMAL DEPARTURE LAST
                VALUE   (LST)  VALUE       VALUE  FROM      YEAR
                                                  NORMAL
..................................................................
TEMPERATURE (F)
 YESTERDAY
  MAXIMUM         77R   307 PM  76    2002  51     26       50
  MINIMUM         30   1159 PM  -5    2003  24      6       28
  AVERAGE         54                        37     17       39

PRECIPITATION (IN)
  YESTERDAY        T             0.52 1992   0.02  -0.02      T
  MONTH TO DATE    0.01                      0.43  -0.42     0.19
  SINCE DEC 1      1.59                      1.29   0.30     1.32
  SINCE JAN 1      1.29                      0.77   0.52     0.22

DEGREE DAYS
 HEATING
  YESTERDAY       11                        28    -17
  MONTH TO DATE  462                       711   -249
  SINCE DEC 1   2636                      2802   -166
  SINCE JUL 1   3324                      3891   -567

 COOLING
  YESTERDAY        0                         0      0
  MONTH TO DATE    0                         0      0
  SINCE DEC 1      0                         0      0
  SINCE JAN 1      0                         0      0
..................................................................


WIND (MPH)
  HIGHEST WIND SPEED    41   HIGHEST WIND DIRECTION     N (360)
  HIGHEST GUST SPEED    50   HIGHEST GUST DIRECTION     N (10)
  AVERAGE WIND SPEED    18.4



WEATHER CONDITIONS
 THE FOLLOWING WEATHER WAS RECORDED YESTERDAY.
  NO SIGNIFICANT WEATHER WAS OBSERVED.


RELATIVE HUMIDITY (PERCENT)
 HIGHEST    89           800 PM
 LOWEST      9           300 PM
 AVERAGE    49

..........................................................


THE GARDEN CITY REGIONAL ARPT KS CLIMATE NORMALS FOR TODAY
                         NORMAL    RECORD    YEAR
 MAXIMUM TEMPERATURE (F)   51        80      1981
 MINIMUM TEMPERATURE (F)   24        -6      2003


SUNRISE AND SUNSET
FEBRUARY 24 2017......SUNRISE   721 AM CST   SUNSET   632 PM CST
FEBRUARY 25 2017......SUNRISE   720 AM CST   SUNSET   633 PM CST


-  INDICATES NEGATIVE NUMBERS.
R  INDICATES RECORD WAS SET OR TIED.
MM INDICATES DATA IS MISSING.
T  INDICATES TRACE AMOUNT.




$$
