000
CDUS43 KDDC 062331
CLIGCK


CLIMATE REPORT
NATIONAL WEATHER SERVICE DODGE CITY KS
530 PM CST FRI MAR 6 2015


...................................

...THE GARDEN CITY REGIONAL ARPT KS CLIMATE SUMMARY FOR MARCH 6 2015...
VALID TODAY AS OF 0500 PM LOCAL TIME.

CLIMATE NORMAL PERIOD 1981 TO 2010
CLIMATE RECORD PERIOD 1948 TO 2015


WEATHER ITEM   OBSERVED TIME   RECORD YEAR NORMAL DEPARTURE LAST
                VALUE   (LST)  VALUE       VALUE  FROM      YEAR
                                                  NORMAL
..................................................................
TEMPERATURE (F)
 TODAY
  MAXIMUM         61    359 PM  88    1972  55      6       69
  MINIMUM         21    724 AM  -1    1989  27     -6       24
  AVERAGE         41                        41      0       47

PRECIPITATION (IN)
  TODAY            0.00          0.18 1990   0.04  -0.04     0.00
  MONTH TO DATE    T                         0.19  -0.19     0.03
  SINCE MAR 1      T                         0.19  -0.19     0.03
  SINCE JAN 1      0.77                      1.07  -0.30     0.19

DEGREE DAYS
 HEATING
  TODAY           24                        24      0       18
  MONTH TO DATE  213                       151     62      251
  SINCE MAR 1    213                       151     62      251
  SINCE JUL 1   4121                      4175    -54     4427

 COOLING
  TODAY            0                         0      0        0
  MONTH TO DATE    0                         0      0        0
  SINCE MAR 1      0                         0      0        0
  SINCE JAN 1      0                         0      0        0
..................................................................


WIND (MPH)
  HIGHEST WIND SPEED    10   HIGHEST WIND DIRECTION    NW (320)
  HIGHEST GUST SPEED    15   HIGHEST GUST DIRECTION     N (340)
  AVERAGE WIND SPEED     7.1



WEATHER CONDITIONS
 THE FOLLOWING WEATHER WAS RECORDED TODAY.
  NO SIGNIFICANT WEATHER WAS OBSERVED.


RELATIVE HUMIDITY (PERCENT)
 HIGHEST    92           700 AM
 LOWEST     16           400 PM
 AVERAGE    54

..........................................................


THE GARDEN CITY REGIONAL ARPT KS CLIMATE NORMALS FOR TOMORROW
                         NORMAL    RECORD    YEAR
 MAXIMUM TEMPERATURE (F)   55        80      2006
 MINIMUM TEMPERATURE (F)   27        -6      1996


SUNRISE AND SUNSET
MARCH  6 2015.........SUNRISE   708 AM CST   SUNSET   641 PM CST
MARCH  7 2015.........SUNRISE   706 AM CST   SUNSET   642 PM CST


-  INDICATES NEGATIVE NUMBERS.
R  INDICATES RECORD WAS SET OR TIED.
MM INDICATES DATA IS MISSING.
T  INDICATES TRACE AMOUNT.




$$
