000
CDUS43 KDDC 251010
CLIGCK


CLIMATE REPORT
NATIONAL WEATHER SERVICE DODGE CITY KS
410 AM CST THU DEC 25 2014


...................................

...THE GARDEN CITY REGIONAL ARPT KS CLIMATE SUMMARY FOR DECEMBER 24 2014...

CLIMATE NORMAL PERIOD 1981 TO 2010
CLIMATE RECORD PERIOD 1948 TO 2014


WEATHER ITEM   OBSERVED TIME   RECORD YEAR NORMAL DEPARTURE LAST
                VALUE   (LST)  VALUE       VALUE  FROM      YEAR
                                                  NORMAL
..................................................................
TEMPERATURE (F)
 YESTERDAY
  MAXIMUM         45    333 PM  83    1955  43      2       47
  MINIMUM         17    835 AM -11    2004  18     -1       16
  AVERAGE         31                        31      0       32

PRECIPITATION (IN)
  YESTERDAY        0.00          0.35 1973   0.02  -0.02     0.00
  MONTH TO DATE    0.05                      0.41  -0.36     0.01
  SINCE DEC 1      0.05                      0.41  -0.36     0.01
  SINCE JAN 1     21.44                     19.36   2.08    14.85

DEGREE DAYS
 HEATING
  YESTERDAY       34                        34      0
  MONTH TO DATE  662                       790   -128
  SINCE DEC 1    662                       790   -128
  SINCE JUL 1   1701                      1879   -178

 COOLING
  YESTERDAY        0                         0      0
  MONTH TO DATE    0                         0      0
  SINCE DEC 1      0                         0      0
  SINCE JAN 1   1342                      1298     44
..................................................................


WIND (MPH)
  HIGHEST WIND SPEED    18   HIGHEST WIND DIRECTION    SW (230)
  HIGHEST GUST SPEED    24   HIGHEST GUST DIRECTION    SW (240)
  AVERAGE WIND SPEED    10.8



WEATHER CONDITIONS
 THE FOLLOWING WEATHER WAS RECORDED YESTERDAY.
  NO SIGNIFICANT WEATHER WAS OBSERVED.


RELATIVE HUMIDITY (PERCENT)
 HIGHEST    92           600 AM
 LOWEST     27           300 PM
 AVERAGE    60

..........................................................


THE GARDEN CITY REGIONAL ARPT KS CLIMATE NORMALS FOR TODAY
                         NORMAL    RECORD    YEAR
 MAXIMUM TEMPERATURE (F)   43        74      1971
 MINIMUM TEMPERATURE (F)   18        -8      1983


SUNRISE AND SUNSET
DECEMBER 25 2014......SUNRISE   757 AM CST   SUNSET   529 PM CST
DECEMBER 26 2014......SUNRISE   757 AM CST   SUNSET   530 PM CST


-  INDICATES NEGATIVE NUMBERS.
R  INDICATES RECORD WAS SET OR TIED.
MM INDICATES DATA IS MISSING.
T  INDICATES TRACE AMOUNT.




$$
