000
CDUS43 KDDC 232329
CLIGCK


CLIMATE REPORT
NATIONAL WEATHER SERVICE DODGE CITY KS
628 PM CDT WED APR 23 2014


...................................

...THE GARDEN CITY REGIONAL ARPT KS CLIMATE SUMMARY FOR APRIL 23 2014...
VALID TODAY AS OF 0500 PM LOCAL TIME.

CLIMATE NORMAL PERIOD 1981 TO 2010
CLIMATE RECORD PERIOD 1948 TO 2014


WEATHER ITEM   OBSERVED TIME   RECORD YEAR NORMAL DEPARTURE LAST
                VALUE   (LST)  VALUE       VALUE  FROM      YEAR
                                                  NORMAL
..................................................................
TEMPERATURE (F)
 TODAY
  MAXIMUM         85    355 PM  96    1989  70     15       33
  MINIMUM         55    249 AM  24    2013  41     14       24
  AVERAGE         70                        56     14       29

PRECIPITATION (IN)
  TODAY            0.00          0.78 2004   0.06  -0.06     0.05
  MONTH TO DATE    0.44                      1.25  -0.81     0.10
  SINCE MAR 1      0.48                      2.71  -2.23     0.18
  SINCE JAN 1      0.64                      3.59  -2.95     0.52

DEGREE DAYS
 HEATING
  TODAY            0                        10    -10       36
  MONTH TO DATE  291                       312    -21      448
  SINCE MAR 1   1032                       976     56     1097
  SINCE JUL 1   5208                      5000    208     4998

 COOLING
  TODAY            5                         1      4        0
  MONTH TO DATE   13                         4      9        0
  SINCE MAR 1     13                         4      9        0
  SINCE JAN 1     13                         4      9        0
..................................................................


WIND (MPH)
  HIGHEST WIND SPEED    39   HIGHEST WIND DIRECTION     S (200)
  HIGHEST GUST SPEED    48   HIGHEST GUST DIRECTION     S (190)
  AVERAGE WIND SPEED    24.2



WEATHER CONDITIONS
 THE FOLLOWING WEATHER WAS RECORDED TODAY.
  HAZE


RELATIVE HUMIDITY (PERCENT)
 HIGHEST    72           300 AM
 LOWEST     31           100 PM
 AVERAGE    52

..........................................................


THE GARDEN CITY REGIONAL ARPT KS CLIMATE NORMALS FOR TOMORROW
                         NORMAL    RECORD    YEAR
 MAXIMUM TEMPERATURE (F)   70        95      2012
                                             1989
 MINIMUM TEMPERATURE (F)   42        19      2013


SUNRISE AND SUNSET
APRIL 23 2014.........SUNRISE   657 AM CDT   SUNSET   826 PM CDT
APRIL 24 2014.........SUNRISE   655 AM CDT   SUNSET   827 PM CDT


-  INDICATES NEGATIVE NUMBERS.
R  INDICATES RECORD WAS SET OR TIED.
MM INDICATES DATA IS MISSING.
T  INDICATES TRACE AMOUNT.




$$
