000
CDUS43 KDDC 301024
CLIGCK


CLIMATE REPORT
NATIONAL WEATHER SERVICE DODGE CITY KS
523 AM CDT TUE SEP 30 2014


...................................

...THE GARDEN CITY REGIONAL ARPT KS CLIMATE SUMMARY FOR SEPTEMBER 29 2014...

CLIMATE NORMAL PERIOD 1981 TO 2010
CLIMATE RECORD PERIOD 1948 TO 2014


WEATHER ITEM   OBSERVED TIME   RECORD YEAR NORMAL DEPARTURE LAST
                VALUE   (LST)  VALUE       VALUE  FROM      YEAR
                                                  NORMAL
..................................................................
TEMPERATURE (F)
 YESTERDAY
  MAXIMUM         84    357 PM  98    2010  76      8       77
  MINIMUM         54    649 AM   0    2011  48      6       43
  AVERAGE         69                        62      7       60

PRECIPITATION (IN)
  YESTERDAY        0.04          0.74 1985   0.04   0.00     0.00
  MONTH TO DATE    1.51                      1.43   0.08     2.42
  SINCE SEP 1      1.51                      1.43   0.08     2.42
  SINCE JAN 1     19.16                     17.08   2.08    12.59

DEGREE DAYS
 HEATING
  YESTERDAY        0                         5     -5
  MONTH TO DATE   56                        63     -7
  SINCE SEP 1     56                        63     -7
  SINCE JUL 1     66                        67     -1

 COOLING
  YESTERDAY        4                         2      2
  MONTH TO DATE  170                       161      9
  SINCE SEP 1    170                       161      9
  SINCE JAN 1   1330                      1277     53
..................................................................


WIND (MPH)
  HIGHEST WIND SPEED    31   HIGHEST WIND DIRECTION    SE (150)
  HIGHEST GUST SPEED    39   HIGHEST GUST DIRECTION    SE (150)
  AVERAGE WIND SPEED    15.4



WEATHER CONDITIONS
 THE FOLLOWING WEATHER WAS RECORDED YESTERDAY.
  THUNDERSTORM
  LIGHT RAIN
  FOG
  HAZE


RELATIVE HUMIDITY (PERCENT)
 HIGHEST    86           400 AM
 LOWEST     32           400 PM
 AVERAGE    59

..........................................................


THE GARDEN CITY REGIONAL ARPT KS CLIMATE NORMALS FOR TODAY
                         NORMAL    RECORD    YEAR
 MAXIMUM TEMPERATURE (F)   76        96      2009
 MINIMUM TEMPERATURE (F)   48        26      1985


SUNRISE AND SUNSET
SEPTEMBER 30 2014.....SUNRISE   738 AM CDT   SUNSET   727 PM CDT
OCTOBER  1 2014.......SUNRISE   738 AM CDT   SUNSET   726 PM CDT


-  INDICATES NEGATIVE NUMBERS.
R  INDICATES RECORD WAS SET OR TIED.
MM INDICATES DATA IS MISSING.
T  INDICATES TRACE AMOUNT.




$$
