000
CDUS43 KDDC 212326
CLIGCK


CLIMATE REPORT
NATIONAL WEATHER SERVICE DODGE CITY KS
625 PM CDT TUE OCT 21 2014


...................................

...THE GARDEN CITY REGIONAL ARPT KS CLIMATE SUMMARY FOR OCTOBER 21 2014...
VALID TODAY AS OF 0500 PM LOCAL TIME.

CLIMATE NORMAL PERIOD 1981 TO 2010
CLIMATE RECORD PERIOD 1948 TO 2014


WEATHER ITEM   OBSERVED TIME   RECORD YEAR NORMAL DEPARTURE LAST
                VALUE   (LST)  VALUE       VALUE  FROM      YEAR
                                                  NORMAL
..................................................................
TEMPERATURE (F)
 TODAY
  MAXIMUM         80    337 PM  92    2003  68     12       63
  MINIMUM         45    622 AM  26    1990  39      6       34
  AVERAGE         63                        54      9       49

PRECIPITATION (IN)
  TODAY            0.00          1.01 2009   0.04  -0.04     0.00
  MONTH TO DATE    1.74                      0.95   0.79     1.07
  SINCE SEP 1      3.73                      2.42   1.31     3.49
  SINCE JAN 1     21.38                     18.07   3.31    13.66

DEGREE DAYS
 HEATING
  TODAY            2                        12    -10       16
  MONTH TO DATE  149                       179    -30      207
  SINCE SEP 1    205                       247    -42      225
  SINCE JUL 1    215                       251    -36      225

 COOLING
  TODAY            0                         0      0        0
  MONTH TO DATE    3                        18    -15       19
  SINCE SEP 1    175                       180     -5      249
  SINCE JAN 1   1335                      1296     39     1591
..................................................................


WIND (MPH)
  HIGHEST WIND SPEED    23   HIGHEST WIND DIRECTION     S (190)
  HIGHEST GUST SPEED    30   HIGHEST GUST DIRECTION     S (190)
  AVERAGE WIND SPEED     8.2



WEATHER CONDITIONS
 THE FOLLOWING WEATHER WAS RECORDED TODAY.
  FOG
  FOG W/VISIBILITY <= 1/4 MILE
  HAZE


RELATIVE HUMIDITY (PERCENT)
 HIGHEST   100           800 AM
 LOWEST     36           500 PM
 AVERAGE    68

..........................................................


THE GARDEN CITY REGIONAL ARPT KS CLIMATE NORMALS FOR TOMORROW
                         NORMAL    RECORD    YEAR
 MAXIMUM TEMPERATURE (F)   67        87      1991
                                             2003
 MINIMUM TEMPERATURE (F)   39        25      1949


SUNRISE AND SUNSET
OCTOBER 21 2014.......SUNRISE   757 AM CDT   SUNSET   657 PM CDT
OCTOBER 22 2014.......SUNRISE   758 AM CDT   SUNSET   656 PM CDT


-  INDICATES NEGATIVE NUMBERS.
R  INDICATES RECORD WAS SET OR TIED.
MM INDICATES DATA IS MISSING.
T  INDICATES TRACE AMOUNT.




$$
