000
CDUS43 KDDC 022331
CLIGCK


CLIMATE REPORT
NATIONAL WEATHER SERVICE DODGE CITY KS
631 PM CDT SUN AUG 2 2015


...................................

...THE GARDEN CITY REGIONAL ARPT KS CLIMATE SUMMARY FOR AUGUST 2 2015...
VALID TODAY AS OF 0500 PM LOCAL TIME.

CLIMATE NORMAL PERIOD 1981 TO 2010
CLIMATE RECORD PERIOD 1948 TO 2015


WEATHER ITEM   OBSERVED TIME   RECORD YEAR NORMAL DEPARTURE LAST
                VALUE   (LST)  VALUE       VALUE  FROM      YEAR
                                                  NORMAL
..................................................................
TEMPERATURE (F)
 TODAY
  MAXIMUM         92    359 PM 105    2010  91      1       89
                                      1964
  MINIMUM         67    553 AM  55    1974  65      2       62
  AVERAGE         80                        78      2       76

PRECIPITATION (IN)
  TODAY            0.00          1.27 1948   0.10  -0.10     0.00
  MONTH TO DATE    0.00                      0.20  -0.20     0.00
  SINCE JUN 1      9.08                      6.46   2.62    14.44
  SINCE JAN 1     17.90                     13.40   4.50    15.80

DEGREE DAYS
 HEATING
  TODAY            0                         0      0        0
  MONTH TO DATE    0                         0      0        0
  SINCE JUN 1      0                        17    -17       21
  SINCE JUL 1      0                         1     -1       10

 COOLING
  TODAY           15                        13      2       11
  MONTH TO DATE   28                        26      2       18
  SINCE JUN 1    784                       688     96      634
  SINCE JAN 1    814                       777     37      777
..................................................................


WIND (MPH)
  HIGHEST WIND SPEED    13   HIGHEST WIND DIRECTION    SE (150)
  HIGHEST GUST SPEED    19   HIGHEST GUST DIRECTION     S (160)
  AVERAGE WIND SPEED     6.5



WEATHER CONDITIONS
 THE FOLLOWING WEATHER WAS RECORDED TODAY.
  FOG


RELATIVE HUMIDITY (PERCENT)
 HIGHEST    93           600 AM
 LOWEST     36           400 PM
 AVERAGE    65

..........................................................


THE GARDEN CITY REGIONAL ARPT KS CLIMATE NORMALS FOR TOMORROW
                         NORMAL    RECORD    YEAR
 MAXIMUM TEMPERATURE (F)   91       104      1987
 MINIMUM TEMPERATURE (F)   65        49      1974


SUNRISE AND SUNSET
AUGUST  2 2015........SUNRISE   647 AM CDT   SUNSET   851 PM CDT
AUGUST  3 2015........SUNRISE   648 AM CDT   SUNSET   850 PM CDT


-  INDICATES NEGATIVE NUMBERS.
R  INDICATES RECORD WAS SET OR TIED.
MM INDICATES DATA IS MISSING.
T  INDICATES TRACE AMOUNT.




$$
