000
CDUS41 KPHI 270628
CLIGED


CLIMATE REPORT
NATIONAL WEATHER SERVICE MOUNT HOLLY NJ
128 AM EST MON FEB 27 2017


...................................

...THE GEORGETOWN DE CLIMATE SUMMARY FOR FEBRUARY 26 2017...

CLIMATE NORMAL PERIOD 1981 TO 2010
CLIMATE RECORD PERIOD 1948 TO 2017


WEATHER ITEM   OBSERVED TIME   RECORD YEAR NORMAL DEPARTURE LAST
                VALUE   (LST)  VALUE       VALUE  FROM      YEAR
                                                  NORMAL
..................................................................
TEMPERATURE (F)
 YESTERDAY
  MAXIMUM         49   1213 AM  70    1996  49      0       42
  MINIMUM         29   1128 PM  11    1970  30     -1       31
  AVERAGE         39                        40     -1       37

PRECIPITATION (IN)
  YESTERDAY        0.00          1.55 1979   0.10  -0.10      T
  MONTH TO DATE    0.75                      2.57  -1.82     3.60
  SINCE DEC 1      6.68                      8.78  -2.10    10.63
  SINCE JAN 1      3.88                      5.49  -1.61     6.47

DEGREE DAYS
 HEATING
  YESTERDAY       26                        25      1       28
  MONTH TO DATE  503                       719   -216      660
  SINCE DEC 1   2023                      2445   -422     1975
  SINCE JUL 1   2657                      3229   -572     2615

 COOLING
  YESTERDAY        0                         0      0        0
  MONTH TO DATE    0                         0      0        0
  SINCE DEC 1      0                         0      0        9
  SINCE JAN 1      0                         0      0        0
..................................................................


WIND (MPH)
  HIGHEST WIND SPEED    20   HIGHEST WIND DIRECTION     W (270)
  HIGHEST GUST SPEED    26   HIGHEST GUST DIRECTION     W (290)
  AVERAGE WIND SPEED     8.1


SKY COVER
  POSSIBLE SUNSHINE  MM
  AVERAGE SKY COVER 0.1


WEATHER CONDITIONS
 THE FOLLOWING WEATHER WAS RECORDED YESTERDAY.
  NO SIGNIFICANT WEATHER WAS OBSERVED.


RELATIVE HUMIDITY (PERCENT)
 HIGHEST    72          1000 PM
 LOWEST     33           500 PM
 AVERAGE    53

..........................................................


THE GEORGETOWN DE CLIMATE NORMALS FOR TODAY
                         NORMAL    RECORD    YEAR
 MAXIMUM TEMPERATURE (F)   49        69      2009
                                             1977
 MINIMUM TEMPERATURE (F)   30        10      1963


SUNRISE AND SUNSET
FEBRUARY 27 2017......SUNRISE   636 AM EST   SUNSET   553 PM EST
FEBRUARY 28 2017......SUNRISE   635 AM EST   SUNSET   554 PM EST


-  INDICATES NEGATIVE NUMBERS.
R  INDICATES RECORD WAS SET OR TIED.
MM INDICATES DATA IS MISSING.
T  INDICATES TRACE AMOUNT.




$$
