000
CDUS41 KPHI 252132
CLIGED


CLIMATE REPORT
NATIONAL WEATHER SERVICE MOUNT HOLLY NJ
430 PM EST SUN JAN 25 2015


...................................

...THE GEORGETOWN DE CLIMATE SUMMARY FOR JANUARY 25 2015...
VALID TODAY AS OF 0400 PM LOCAL TIME.

CLIMATE NORMAL PERIOD 1981 TO 2010
CLIMATE RECORD PERIOD 1948 TO 2015


WEATHER ITEM   OBSERVED TIME   RECORD YEAR NORMAL DEPARTURE LAST
                VALUE   (LST)  VALUE       VALUE  FROM      YEAR
                                                  NORMAL
..................................................................
TEMPERATURE (F)
 TODAY
  MAXIMUM         50    221 PM  74    1950  44      6       32
  MINIMUM         35    603 AM   1    1963  26      9       17
  AVERAGE         43                        35      8       25

PRECIPITATION (IN)
  TODAY            0.00          1.38 2010   0.10  -0.10     0.05
  MONTH TO DATE    4.13                      2.37   1.76     2.89
  SINCE DEC 1      7.66                      5.66   2.00     7.78
  SINCE JAN 1      4.13                      2.37   1.76     2.89

SNOWFALL (IN)
  TODAY           MM            MM      MM  MM     MM       MM
  MONTH TO DATE   MM                        MM     MM       MM
  SINCE DEC 1     MM                        MM     MM       MM
  SINCE JUL 1     MM                        MM     MM       MM
  SNOW DEPTH      MM

DEGREE DAYS
 HEATING
  TODAY           22                        30     -8       40
  MONTH TO DATE  762                       747     15      798
  SINCE DEC 1   1458                      1545    -87     1491
  SINCE JUL 1   2221                      2329   -108     2294

 COOLING
  TODAY            0                         0      0        0
  MONTH TO DATE    0                         0      0        0
  SINCE DEC 1      0                         0      0        4
  SINCE JAN 1      0                         0      0        0
..................................................................


WIND (MPH)
  HIGHEST WIND SPEED    16   HIGHEST WIND DIRECTION    SW (220)
  HIGHEST GUST SPEED    21   HIGHEST GUST DIRECTION    SW (230)
  AVERAGE WIND SPEED     6.8


SKY COVER
  POSSIBLE SUNSHINE  MM
  AVERAGE SKY COVER 0.5


WEATHER CONDITIONS
 THE FOLLOWING WEATHER WAS RECORDED TODAY.
  NO SIGNIFICANT WEATHER WAS OBSERVED.


RELATIVE HUMIDITY (PERCENT)
 HIGHEST    75           300 AM
 LOWEST     46           200 PM
 AVERAGE    61

..........................................................


THE GEORGETOWN DE CLIMATE NORMALS FOR TOMORROW
                         NORMAL    RECORD    YEAR
 MAXIMUM TEMPERATURE (F)   44        75      1950
 MINIMUM TEMPERATURE (F)   27         5      1961


SUNRISE AND SUNSET
JANUARY 25 2015.......SUNRISE   713 AM EST   SUNSET   515 PM EST
JANUARY 26 2015.......SUNRISE   712 AM EST   SUNSET   516 PM EST


-  INDICATES NEGATIVE NUMBERS.
R  INDICATES RECORD WAS SET OR TIED.
MM INDICATES DATA IS MISSING.
T  INDICATES TRACE AMOUNT.




$$
