000
CDUS41 KPHI 050636
CLIGED


CLIMATE REPORT
NATIONAL WEATHER SERVICE MOUNT HOLLY NJ
234 AM EDT WED AUG 5 2015


...................................

...THE GEORGETOWN DE CLIMATE SUMMARY FOR AUGUST 4 2015...

CLIMATE NORMAL PERIOD 1981 TO 2010
CLIMATE RECORD PERIOD 1948 TO 2015


WEATHER ITEM   OBSERVED TIME   RECORD YEAR NORMAL DEPARTURE LAST
                VALUE   (LST)  VALUE       VALUE  FROM      YEAR
                                                  NORMAL
..................................................................
TEMPERATURE (F)
 YESTERDAY
  MAXIMUM         92    322 PM  97    1980  86      6       84
  MINIMUM         70   1159 PM  53    1985  68      2       68
  AVERAGE         81                        77      4       76

PRECIPITATION (IN)
  YESTERDAY        0.35          3.58 1967   0.10   0.25     0.00
  MONTH TO DATE    0.94                      0.41   0.53     2.81
  SINCE JUN 1      9.08                      9.21  -0.13    11.60
  SINCE JAN 1     23.82                     26.15  -2.33    28.79

SNOWFALL (IN)
  YESTERDAY       MM            MM      MM  MM     MM       MM
  MONTH TO DATE   MM                        MM     MM       MM
  SINCE JUN 1     MM                        MM     MM       MM
  SINCE JUL 1     MM                        MM     MM       MM
  SNOW DEPTH      MM

DEGREE DAYS
 HEATING
  YESTERDAY        0                         0      0        0
  MONTH TO DATE    0                         0      0        0
  SINCE JUN 1     21                        13      8        5
  SINCE JUL 1      0                         0      0        0

 COOLING
  YESTERDAY       16                        12      4       11
  MONTH TO DATE   57                        48      9       31
  SINCE JUN 1    730                       654     76      629
  SINCE JAN 1    905                       748    157      730
..................................................................


WIND (MPH)
  HIGHEST WIND SPEED    20   HIGHEST WIND DIRECTION    SW (230)
  HIGHEST GUST SPEED    27   HIGHEST GUST DIRECTION    SW (230)
  AVERAGE WIND SPEED     8.7


SKY COVER
  POSSIBLE SUNSHINE  MM
  AVERAGE SKY COVER 0.1


WEATHER CONDITIONS
 THE FOLLOWING WEATHER WAS RECORDED YESTERDAY.
  THUNDERSTORM
  HEAVY RAIN
  RAIN
  LIGHT RAIN
  FOG


RELATIVE HUMIDITY (PERCENT)
 HIGHEST    94           100 AM
 LOWEST     41           200 PM
 AVERAGE    68

..........................................................


THE GEORGETOWN DE CLIMATE NORMALS FOR TODAY
                         NORMAL    RECORD    YEAR
 MAXIMUM TEMPERATURE (F)   86        98      2010
 MINIMUM TEMPERATURE (F)   68        50      1951


SUNRISE AND SUNSET
AUGUST  5 2015........SUNRISE   606 AM EDT   SUNSET   808 PM EDT
AUGUST  6 2015........SUNRISE   607 AM EDT   SUNSET   807 PM EDT


-  INDICATES NEGATIVE NUMBERS.
R  INDICATES RECORD WAS SET OR TIED.
MM INDICATES DATA IS MISSING.
T  INDICATES TRACE AMOUNT.




$$
