000
CDUS41 KPHI 292128
CLIGED


CLIMATE REPORT
NATIONAL WEATHER SERVICE MOUNT HOLLY NJ
528 PM EDT MON JUN 29 2015


...................................

...THE GEORGETOWN DE CLIMATE SUMMARY FOR JUNE 29 2015...
VALID TODAY AS OF 0500 PM LOCAL TIME.

CLIMATE NORMAL PERIOD 1981 TO 2010
CLIMATE RECORD PERIOD 1948 TO 2015


WEATHER ITEM   OBSERVED TIME   RECORD YEAR NORMAL DEPARTURE LAST
                VALUE   (LST)  VALUE       VALUE  FROM      YEAR
                                                  NORMAL
..................................................................
TEMPERATURE (F)
 TODAY
  MAXIMUM         81    359 PM 101    2012  85     -4       82
  MINIMUM         61    504 AM  49    1981  66     -5       56
  AVERAGE         71                        76     -5       69

PRECIPITATION (IN)
  TODAY            0.00          1.53 1951   0.16  -0.16     0.00
  MONTH TO DATE    4.82                      4.44   0.38     1.77
  SINCE JUN 1      4.82                      4.44   0.38     1.77
  SINCE JAN 1     19.56                     21.38  -1.82    18.96

SNOWFALL (IN)
  TODAY           MM            MM      MM  MM     MM       MM
  MONTH TO DATE   MM                        MM     MM       MM
  SINCE JUN 1     MM                        MM     MM       MM
  SINCE JUL 1     MM                        MM     MM       MM
  SNOW DEPTH      MM

DEGREE DAYS
 HEATING
  TODAY            0                         0      0        0
  MONTH TO DATE   21                        10     11        5
  SINCE JUN 1     21                        10     11        5
  SINCE JUL 1   4637                      4403    234     4505

 COOLING
  TODAY            6                        11     -5        4
  MONTH TO DATE  283                       229     54      244
  SINCE JUN 1    283                       229     54      244
  SINCE JAN 1    458                       323    135      345
..................................................................


WIND (MPH)
  HIGHEST WIND SPEED    15   HIGHEST WIND DIRECTION    SW (240)
  HIGHEST GUST SPEED    20   HIGHEST GUST DIRECTION    SW (230)
  AVERAGE WIND SPEED     7.1


SKY COVER
  POSSIBLE SUNSHINE  MM
  AVERAGE SKY COVER 0.0


WEATHER CONDITIONS
 THE FOLLOWING WEATHER WAS RECORDED TODAY.
  NO SIGNIFICANT WEATHER WAS OBSERVED.


RELATIVE HUMIDITY (PERCENT)
 HIGHEST    84           400 AM
 LOWEST     39           300 PM
 AVERAGE    62

..........................................................


THE GEORGETOWN DE CLIMATE NORMALS FOR TOMORROW
                         NORMAL    RECORD    YEAR
 MAXIMUM TEMPERATURE (F)   86       101      1959
 MINIMUM TEMPERATURE (F)   66        49      1983


SUNRISE AND SUNSET
JUNE 29 2015..........SUNRISE   539 AM EDT   SUNSET   830 PM EDT
JUNE 30 2015..........SUNRISE   540 AM EDT   SUNSET   830 PM EDT


-  INDICATES NEGATIVE NUMBERS.
R  INDICATES RECORD WAS SET OR TIED.
MM INDICATES DATA IS MISSING.
T  INDICATES TRACE AMOUNT.




$$
