000
CDUS41 KPHI 290729
CLIGED


CLIMATE REPORT
NATIONAL WEATHER SERVICE MOUNT HOLLY NJ
328 AM EDT FRI MAY 29 2015


...................................

...THE GEORGETOWN DE CLIMATE SUMMARY FOR MAY 28 2015...

CLIMATE NORMAL PERIOD 1981 TO 2010
CLIMATE RECORD PERIOD 1948 TO 2015


WEATHER ITEM   OBSERVED TIME   RECORD YEAR NORMAL DEPARTURE LAST
                VALUE   (LST)  VALUE       VALUE  FROM      YEAR
                                                  NORMAL
..................................................................
TEMPERATURE (F)
 YESTERDAY
  MAXIMUM         87    328 PM  93    1965  77     10       79
  MINIMUM         68    420 AM  39    1972  57     11       57
  AVERAGE         78                        67     11       68

PRECIPITATION (IN)
  YESTERDAY        0.00          1.30 1968   0.12  -0.12     0.40
  MONTH TO DATE    1.19                      3.16  -1.97     3.07
  SINCE MAR 1      7.91                     10.84  -2.93     9.94
  SINCE JAN 1     14.74                     16.55  -1.81    17.12

SNOWFALL (IN)
  YESTERDAY       MM            MM      MM  MM     MM       MM
  MONTH TO DATE   MM                        MM     MM       MM
  SINCE MAR 1     MM                        MM     MM       MM
  SINCE JUL 1     MM                        MM     MM       MM
  SNOW DEPTH      MM

DEGREE DAYS
 HEATING
  YESTERDAY        0                         2     -2        0
  MONTH TO DATE   63                       129    -66       55
  SINCE MAR 1   1128                      1109     19     1133
  SINCE JUL 1   4616                      4389    227     4488

 COOLING
  YESTERDAY       13                         4      9        3
  MONTH TO DATE  134                        62     72       89
  SINCE MAR 1    139                        82     57      101
  SINCE JAN 1    139                        82     57      101
..................................................................


WIND (MPH)
  HIGHEST WIND SPEED    16   HIGHEST WIND DIRECTION    SW (210)
  HIGHEST GUST SPEED    20   HIGHEST GUST DIRECTION    SW (230)
  AVERAGE WIND SPEED     8.2


SKY COVER
  POSSIBLE SUNSHINE  MM
  AVERAGE SKY COVER 0.2


WEATHER CONDITIONS
 THE FOLLOWING WEATHER WAS RECORDED YESTERDAY.
  THUNDERSTORM


RELATIVE HUMIDITY (PERCENT)
 HIGHEST    90           100 AM
 LOWEST     51           300 PM
 AVERAGE    71

..........................................................


THE GEORGETOWN DE CLIMATE NORMALS FOR TODAY
                         NORMAL    RECORD    YEAR
 MAXIMUM TEMPERATURE (F)   78        92      1955
 MINIMUM TEMPERATURE (F)   57        39      1997


SUNRISE AND SUNSET
MAY 29 2015...........SUNRISE   540 AM EDT   SUNSET   818 PM EDT
MAY 30 2015...........SUNRISE   540 AM EDT   SUNSET   819 PM EDT


-  INDICATES NEGATIVE NUMBERS.
R  INDICATES RECORD WAS SET OR TIED.
MM INDICATES DATA IS MISSING.
T  INDICATES TRACE AMOUNT.




$$
