227
CDUS46 KOTX 100827
CLIGEG


CLIMATE REPORT
NATIONAL WEATHER SERVICE SPOKANE, WA
1226 AM PST WED FEB 10 2016


...................................

...THE SPOKANE WA AIRPORT CLIMATE SUMMARY FOR FEBRUARY 9 2016...

CLIMATE NORMAL PERIOD 1981 TO 2010
CLIMATE RECORD PERIOD 1881 TO 2016


WEATHER ITEM   OBSERVED TIME   RECORD YEAR NORMAL DEPARTURE LAST
                VALUE   (LST)  VALUE       VALUE  FROM      YEAR
                                                  NORMAL
..................................................................
TEMPERATURE (F)
 YESTERDAY
  MAXIMUM         50    413 PM  53    1918  38     12       52
  MINIMUM         30    724 AM -17    1933  26      4       43
  AVERAGE         40                        32      8       48

PRECIPITATION (IN)
  YESTERDAY        0.00          0.52 1902   0.05  -0.05     0.08
  MONTH TO DATE    0.14                      0.42  -0.28     1.03
  SINCE OCT 1      9.24                      7.99   1.25     7.67
  SINCE JAN 1      2.88                      2.21   0.67     2.94

SNOWFALL (IN)
  YESTERDAY        0.0           4.8  1994   0.3   -0.3      0.0
  MONTH TO DATE    1.3                       2.5   -1.2      1.1
  SINCE DEC 1     32.1                      28.5    3.6     15.2
  SINCE JUL 1     33.6                      36.0   -2.4     15.7
  SNOW DEPTH       0

DEGREE DAYS
 HEATING
  YESTERDAY       25                        33     -8       17
  MONTH TO DATE  279                       299    -20      206
  SINCE DEC 1   2381                      2565   -184     2246
  SINCE JUL 1   3815                      4232   -417     3615

 COOLING
  YESTERDAY        0                         0      0        0
  MONTH TO DATE    0                         0      0        0
  SINCE DEC 1      0                         0      0        0
  SINCE JAN 1      0                         0      0        0
..................................................................


WIND (MPH)
  HIGHEST WIND SPEED    12   HIGHEST WIND DIRECTION    NE (50)
  HIGHEST GUST SPEED    14   HIGHEST GUST DIRECTION    NE (60)
  AVERAGE WIND SPEED     5.7


SKY COVER
  POSSIBLE SUNSHINE  MM
  AVERAGE SKY COVER 0.2


WEATHER CONDITIONS
 THE FOLLOWING WEATHER WAS RECORDED YESTERDAY.
  NO SIGNIFICANT WEATHER WAS OBSERVED.


RELATIVE HUMIDITY (PERCENT)
 HIGHEST    92           600 AM
 LOWEST     52           400 PM
 AVERAGE    72

..........................................................


THE SPOKANE WA AIRPORT CLIMATE NORMALS FOR TODAY
                         NORMAL    RECORD    YEAR
 MAXIMUM TEMPERATURE (F)   38        55      1963
 MINIMUM TEMPERATURE (F)   26        -6      1929


SUNRISE AND SUNSET
FEBRUARY 10 2016......SUNRISE   704 AM PST   SUNSET   505 PM PST
FEBRUARY 11 2016......SUNRISE   703 AM PST   SUNSET   506 PM PST


-  INDICATES NEGATIVE NUMBERS.
R  INDICATES RECORD WAS SET OR TIED.
MM INDICATES DATA IS MISSING.
T  INDICATES TRACE AMOUNT.




$$
