000
CDUS46 KOTX 300832
CLIGEG


CLIMATE REPORT
NATIONAL WEATHER SERVICE SPOKANE, WA
131 AM PDT WED JUL 30 2014


...................................

...THE SPOKANE WA AIRPORT CLIMATE SUMMARY FOR JULY 29 2014...

CLIMATE NORMAL PERIOD 1981 TO 2010
CLIMATE RECORD PERIOD 1881 TO 2014


WEATHER ITEM   OBSERVED TIME   RECORD YEAR NORMAL DEPARTURE LAST
                VALUE   (LST)  VALUE       VALUE  FROM      YEAR
                                                  NORMAL
..................................................................
TEMPERATURE (F)
 YESTERDAY
  MAXIMUM        100R   310 PM  99    2003  86     14       84
                                      1929
  MINIMUM         67    456 AM  45    1917  58      9       55
  AVERAGE         84                        72     12       70

PRECIPITATION (IN)
  YESTERDAY        0.00          0.30 1886   0.02  -0.02     0.00
  MONTH TO DATE    0.18                      0.61  -0.43      T
  SINCE OCT 1     11.75                     15.27  -3.52    14.15
  SINCE JAN 1      9.42                      9.49  -0.07     6.79

SNOWFALL (IN)
  YESTERDAY        0.0           0.0  2002   0.0    0.0      0.0
                                      2001
                                      2000
  MONTH TO DATE    0.0                       0.0    0.0      0.0
  SINCE JUN 1      0.0                       0.0    0.0      0.0
  SINCE JUL 1      0.0                       0.0    0.0      0.0
  SNOW DEPTH       0

DEGREE DAYS
 HEATING
  YESTERDAY        0                         0      0        0
  MONTH TO DATE    7                        31    -24        0
  SINCE JUN 1    113                       167    -54      140
  SINCE JUL 1      7                        31    -24        0

 COOLING
  YESTERDAY       19                         7     12        5
  MONTH TO DATE  310                       164    146      264
  SINCE JUN 1    324                       213    111      312
  SINCE JAN 1    330                       227    103      342
..................................................................


WIND (MPH)
  HIGHEST WIND SPEED    14   HIGHEST WIND DIRECTION     W (280)
  HIGHEST GUST SPEED    18   HIGHEST GUST DIRECTION     W (260)
  AVERAGE WIND SPEED     5.2


SKY COVER
  POSSIBLE SUNSHINE  MM
  AVERAGE SKY COVER 0.2


WEATHER CONDITIONS
 THE FOLLOWING WEATHER WAS RECORDED YESTERDAY.
  NO SIGNIFICANT WEATHER WAS OBSERVED.


RELATIVE HUMIDITY (PERCENT)
 HIGHEST    52           500 AM
 LOWEST     12           400 PM
 AVERAGE    32

..........................................................


THE SPOKANE WA AIRPORT CLIMATE NORMALS FOR TODAY
                         NORMAL    RECORD    YEAR
 MAXIMUM TEMPERATURE (F)   86       102      1929
 MINIMUM TEMPERATURE (F)   58        41      2001


SUNRISE AND SUNSET
JULY 30 2014..........SUNRISE   525 AM PDT   SUNSET   827 PM PDT
JULY 31 2014..........SUNRISE   526 AM PDT   SUNSET   826 PM PDT


-  INDICATES NEGATIVE NUMBERS.
R  INDICATES RECORD WAS SET OR TIED.
MM INDICATES DATA IS MISSING.
T  INDICATES TRACE AMOUNT.




$$
