000
CDUS46 KOTX 040819
CLIGEG


CLIMATE REPORT
NATIONAL WEATHER SERVICE SPOKANE, WA
118 AM PDT SAT JUL 4 2015


...................................

...THE SPOKANE WA AIRPORT CLIMATE SUMMARY FOR JULY 3 2015...

CLIMATE NORMAL PERIOD 1981 TO 2010
CLIMATE RECORD PERIOD 1881 TO 2015


WEATHER ITEM   OBSERVED TIME   RECORD YEAR NORMAL DEPARTURE LAST
                VALUE   (LST)  VALUE       VALUE  FROM      YEAR
                                                  NORMAL
..................................................................
TEMPERATURE (F)
 YESTERDAY
  MAXIMUM         99        MM 101    1922  79     20       86
  MINIMUM         65        MM  40    1999  54     11       68
  AVERAGE         82                        67     15       77

PRECIPITATION (IN)
  YESTERDAY        0.00          1.15 1881   0.03  -0.03     0.00
  MONTH TO DATE    0.00                      0.08  -0.08     0.00
  SINCE OCT 1     11.56                     14.74  -3.18    11.57
  SINCE JAN 1      6.83                      8.96  -2.13     9.24

SNOWFALL (IN)
  YESTERDAY        0.0           0.0  2002   0.0    0.0      0.0
                                      2000
  MONTH TO DATE    0.0                       0.0    0.0      0.0
  SINCE JUN 1      0.0                       0.0    0.0      0.0
  SINCE JUL 1      0.0                       0.0    0.0      0.0
  SNOW DEPTH       0

DEGREE DAYS
 HEATING
  YESTERDAY        0                         2     -2        0
  MONTH TO DATE    0                         6     -6        0
  SINCE JUN 1     25                       142   -117      106
  SINCE JUL 1      0                         6     -6        0

 COOLING
  YESTERDAY       17                         4     13       12
  MONTH TO DATE   50                        10     40       32
  SINCE JUN 1    275                        59    216       46
  SINCE JAN 1    307                        73    234       52
..................................................................


WIND (MPH)
  HIGHEST WIND SPEED    17   HIGHEST WIND DIRECTION    SW (210)
  HIGHEST GUST SPEED    28   HIGHEST GUST DIRECTION    SW (210)
  AVERAGE WIND SPEED     7.3


SKY COVER
  POSSIBLE SUNSHINE  MM
  AVERAGE SKY COVER 0.4


WEATHER CONDITIONS
 THE FOLLOWING WEATHER WAS RECORDED YESTERDAY.
  NO SIGNIFICANT WEATHER WAS OBSERVED.


RELATIVE HUMIDITY (PERCENT)
 HIGHEST    45           500 AM
 LOWEST     11           200 PM
 AVERAGE    28

..........................................................


THE SPOKANE WA AIRPORT CLIMATE NORMALS FOR TODAY
                         NORMAL    RECORD    YEAR
 MAXIMUM TEMPERATURE (F)   80        99      1970
                                             1906
 MINIMUM TEMPERATURE (F)   54        42      1999
                                             1959


SUNRISE AND SUNSET
JULY  4 2015..........SUNRISE   458 AM PDT   SUNSET   851 PM PDT
JULY  5 2015..........SUNRISE   459 AM PDT   SUNSET   850 PM PDT


-  INDICATES NEGATIVE NUMBERS.
R  INDICATES RECORD WAS SET OR TIED.
MM INDICATES DATA IS MISSING.
T  INDICATES TRACE AMOUNT.




$$
