000
CDUS46 KOTX 280827
CLIGEG


CLIMATE REPORT
NATIONAL WEATHER SERVICE SPOKANE, WA
1227 AM PST WED JAN 28 2015


...................................

...THE SPOKANE WA AIRPORT CLIMATE SUMMARY FOR JANUARY 27 2015...

CLIMATE NORMAL PERIOD 1981 TO 2010
CLIMATE RECORD PERIOD 1881 TO 2015


WEATHER ITEM   OBSERVED TIME   RECORD YEAR NORMAL DEPARTURE LAST
                VALUE   (LST)  VALUE       VALUE  FROM      YEAR
                                                  NORMAL
..................................................................
TEMPERATURE (F)
 YESTERDAY
  MAXIMUM         37    653 PM  54    1899  36      1       28
  MINIMUM         30    935 AM -18    1957  26      4       23
  AVERAGE         34                        31      3       26

PRECIPITATION (IN)
  YESTERDAY        0.00          0.68 1954   0.05  -0.05      T
  MONTH TO DATE    1.91                      1.60   0.31     0.59
  SINCE OCT 1      6.64                      7.38  -0.74     2.92
  SINCE JAN 1      1.91                      1.60   0.31     0.59

SNOWFALL (IN)
  YESTERDAY        0.0           8.1  1954   0.3   -0.3       T
  MONTH TO DATE   10.1                      10.3   -0.2      3.0
  SINCE DEC 1     13.8                      24.9  -11.1      6.7
  SINCE JUL 1     14.3                      32.4  -18.1      9.8
  SNOW DEPTH       0

DEGREE DAYS
 HEATING
  YESTERDAY       31                        34     -3       39
  MONTH TO DATE  914                       963    -49      932
  SINCE DEC 1   1905                      2130   -225     2145
  SINCE JUL 1   3274                      3797   -523     3800

 COOLING
  YESTERDAY        0                         0      0        0
  MONTH TO DATE    0                         0      0        0
  SINCE DEC 1      0                         0      0        0
  SINCE JAN 1      0                         0      0        0
..................................................................


WIND (MPH)
  HIGHEST WIND SPEED    12   HIGHEST WIND DIRECTION     W (260)
  HIGHEST GUST SPEED    13   HIGHEST GUST DIRECTION     W (270)
  AVERAGE WIND SPEED     4.8


SKY COVER
  POSSIBLE SUNSHINE  MM
  AVERAGE SKY COVER 0.8


WEATHER CONDITIONS
 THE FOLLOWING WEATHER WAS RECORDED YESTERDAY.
  FOG
  FOG W/VISIBILITY <= 1/4 MILE


RELATIVE HUMIDITY (PERCENT)
 HIGHEST   100           100 AM
 LOWEST     92           300 AM
 AVERAGE    96

..........................................................


THE SPOKANE WA AIRPORT CLIMATE NORMALS FOR TODAY
                         NORMAL    RECORD    YEAR
 MAXIMUM TEMPERATURE (F)   36        58      1931
 MINIMUM TEMPERATURE (F)   26       -17      1882


SUNRISE AND SUNSET
JANUARY 28 2015.......SUNRISE   722 AM PST   SUNSET   445 PM PST
JANUARY 29 2015.......SUNRISE   721 AM PST   SUNSET   446 PM PST


-  INDICATES NEGATIVE NUMBERS.
R  INDICATES RECORD WAS SET OR TIED.
MM INDICATES DATA IS MISSING.
T  INDICATES TRACE AMOUNT.




$$
