000
CDUS46 KOTX 230431
CLIGEG


CLIMATE REPORT
NATIONAL WEATHER SERVICE SPOKANE, WA
831 PM PST SUN JAN 22 2017


...................................

...THE SPOKANE WA AIRPORT CLIMATE SUMMARY FOR JANUARY 22 2017...
VALID TODAY AS OF 0800 PM LOCAL TIME.

CLIMATE NORMAL PERIOD 1981 TO 2010
CLIMATE RECORD PERIOD 1881 TO 2017


WEATHER ITEM   OBSERVED TIME   RECORD YEAR NORMAL DEPARTURE LAST
                VALUE   (LST)  VALUE       VALUE  FROM      YEAR
                                                  NORMAL
..................................................................
TEMPERATURE (F)
 TODAY
  MAXIMUM         41    148 PM  56    1919  35      6       47
  MINIMUM         33    759 PM -11    1969  26      7       33
  AVERAGE         37                        30      7       40

PRECIPITATION (IN)
  TODAY            0.17          0.50 2003   0.05   0.12     0.10
  MONTH TO DATE    1.80                      1.34   0.46     1.94
  SINCE OCT 1     11.09                      7.12   3.97     8.30
  SINCE JAN 1      1.80                      1.34   0.46     1.94

SNOWFALL (IN)
  TODAY           MM
  SNOW DEPTH      MM

DEGREE DAYS
 HEATING
  TODAY           28                        34     -6       25
  MONTH TO DATE 1032                       793    239      778
  SINCE DEC 1   2321                      1960    361     1832
  SINCE JUL 1   3654                      3627     27     3266

 COOLING
  TODAY            0                         0      0        0
  MONTH TO DATE    0                         0      0        0
  SINCE DEC 1      0                         0      0        0
  SINCE JAN 1      0                         0      0        0
..................................................................


WIND (MPH)
  HIGHEST WIND SPEED    15   HIGHEST WIND DIRECTION    SE (150)
  HIGHEST GUST SPEED    22   HIGHEST GUST DIRECTION    SE (150)
  AVERAGE WIND SPEED     9.5


SKY COVER
  POSSIBLE SUNSHINE  MM
  AVERAGE SKY COVER 0.6


WEATHER CONDITIONS
 THE FOLLOWING WEATHER WAS RECORDED TODAY.
  LIGHT RAIN
  SNOW
  LIGHT SNOW
  FOG


RELATIVE HUMIDITY (PERCENT)
 HIGHEST    96           300 AM
 LOWEST     64           200 PM
 AVERAGE    80

..........................................................


THE SPOKANE WA AIRPORT CLIMATE NORMALS FOR TOMORROW
                         NORMAL    RECORD    YEAR
 MAXIMUM TEMPERATURE (F)   36        53      1919
 MINIMUM TEMPERATURE (F)   26       -19      1969


SUNRISE AND SUNSET
JANUARY 22 2017.......SUNRISE   728 AM PST   SUNSET   436 PM PST
JANUARY 23 2017.......SUNRISE   727 AM PST   SUNSET   438 PM PST


-  INDICATES NEGATIVE NUMBERS.
R  INDICATES RECORD WAS SET OR TIED.
MM INDICATES DATA IS MISSING.
T  INDICATES TRACE AMOUNT.




$$
