251
CDUS46 KOTX 230823
CLIGEG


CLIMATE REPORT
NATIONAL WEATHER SERVICE SPOKANE, WA
122 AM PDT SAT JUL 23 2016


...................................

...THE SPOKANE WA AIRPORT CLIMATE SUMMARY FOR JULY 22 2016...

CLIMATE NORMAL PERIOD 1981 TO 2010
CLIMATE RECORD PERIOD 1881 TO 2016


WEATHER ITEM   OBSERVED TIME   RECORD YEAR NORMAL DEPARTURE LAST
                VALUE   (LST)  VALUE       VALUE  FROM      YEAR
                                                  NORMAL
..................................................................
TEMPERATURE (F)
 YESTERDAY
  MAXIMUM         73    421 PM 103    1938  85    -12       79
  MINIMUM         58   1153 PM  42    1954  58      0       56
  AVERAGE         66                        71     -5       68

PRECIPITATION (IN)
  YESTERDAY        0.07          1.05 1887   0.02   0.05     0.00
  MONTH TO DATE    0.27                      0.50  -0.23     0.19
  SINCE OCT 1     15.00                     15.16  -0.16    11.75
  SINCE JAN 1      8.64                      9.38  -0.74     7.02

SNOWFALL (IN)
  YESTERDAY        0.0           0.0  2002   0.0    0.0      0.0
                                      2001
                                      2000
  MONTH TO DATE    0.0                       0.0    0.0      0.0
  SINCE JUN 1      0.0                       0.0    0.0      0.0
  SINCE JUL 1      0.0                       0.0    0.0      0.0
  SNOW DEPTH       0

DEGREE DAYS
 HEATING
  YESTERDAY        0                         1     -1        0
  MONTH TO DATE   20                        29     -9        0
  SINCE JUN 1    130                       165    -35       25
  SINCE JUL 1     20                        29     -9        0

 COOLING
  YESTERDAY        1                         7     -6        3
  MONTH TO DATE   52                       115    -63      247
  SINCE JUN 1    166                       164      2      472
  SINCE JAN 1    178                       178      0      504
..................................................................


WIND (MPH)
  HIGHEST WIND SPEED    30   HIGHEST WIND DIRECTION    NW (320)
  HIGHEST GUST SPEED    36   HIGHEST GUST DIRECTION    NW (320)
  AVERAGE WIND SPEED     9.2


SKY COVER
  POSSIBLE SUNSHINE  MM
  AVERAGE SKY COVER 0.5


WEATHER CONDITIONS
 THE FOLLOWING WEATHER WAS RECORDED YESTERDAY.
  THUNDERSTORM
  RAIN
  LIGHT RAIN
  FOG


RELATIVE HUMIDITY (PERCENT)
 HIGHEST    84          1000 PM
 LOWEST     36          1200 AM
 AVERAGE    60

..........................................................


THE SPOKANE WA AIRPORT CLIMATE NORMALS FOR TODAY
                         NORMAL    RECORD    YEAR
 MAXIMUM TEMPERATURE (F)   85       102      2006
                                             1959
                                             1928
 MINIMUM TEMPERATURE (F)   58        44      1963


SUNRISE AND SUNSET
JULY 23 2016..........SUNRISE   517 AM PDT   SUNSET   835 PM PDT
JULY 24 2016..........SUNRISE   518 AM PDT   SUNSET   834 PM PDT


-  INDICATES NEGATIVE NUMBERS.
R  INDICATES RECORD WAS SET OR TIED.
MM INDICATES DATA IS MISSING.
T  INDICATES TRACE AMOUNT.




$$
