000
CDUS46 KOTX 290827
CLIGEG


CLIMATE REPORT
NATIONAL WEATHER SERVICE SPOKANE, WA
127 AM PDT FRI APR 29 2016


...................................

...THE SPOKANE WA AIRPORT CLIMATE SUMMARY FOR APRIL 28 2016...

CLIMATE NORMAL PERIOD 1981 TO 2010
CLIMATE RECORD PERIOD 1881 TO 2016


WEATHER ITEM   OBSERVED TIME   RECORD YEAR NORMAL DEPARTURE LAST
                VALUE   (LST)  VALUE       VALUE  FROM      YEAR
                                                  NORMAL
..................................................................
TEMPERATURE (F)
 YESTERDAY
  MAXIMUM         66    338 PM  88    1926  61      5       78
  MINIMUM         45   1220 AM  24    1907  39      6       46
  AVERAGE         56                        50      6       62

PRECIPITATION (IN)
  YESTERDAY        0.01          0.53 1937   0.04  -0.03     0.00
  MONTH TO DATE    0.25                      1.21  -0.96     0.52
  SINCE OCT 1     13.37                     11.72   1.65    10.63
  SINCE JAN 1      7.01                      5.94   1.07     5.90

SNOWFALL (IN)
  YESTERDAY        0.0           3.5  1990   0.0    0.0      0.0
  MONTH TO DATE    0.0                       1.0   -1.0      1.0
  SINCE MAR 1      0.6                       4.5   -3.9      1.9
  SINCE JUL 1     34.2                      44.8  -10.6     17.6
  SNOW DEPTH       0

DEGREE DAYS
 HEATING
  YESTERDAY        9                        15     -6        3
  MONTH TO DATE  283                       511   -228      491
  SINCE MAR 1    966                      1278   -312     1088
  SINCE JUL 1   5255                      6107   -852     5210

 COOLING
  YESTERDAY        0                         0      0        0
  MONTH TO DATE    6                         0      6        0
  SINCE MAR 1      6                         0      6        0
  SINCE JAN 1      6                         0      6        0
..................................................................


WIND (MPH)
  HIGHEST WIND SPEED    15   HIGHEST WIND DIRECTION     E (90)
  HIGHEST GUST SPEED    18   HIGHEST GUST DIRECTION     E (90)
  AVERAGE WIND SPEED     7.2


SKY COVER
  POSSIBLE SUNSHINE  MM
  AVERAGE SKY COVER 0.8


WEATHER CONDITIONS
 THE FOLLOWING WEATHER WAS RECORDED YESTERDAY.
  LIGHT RAIN


RELATIVE HUMIDITY (PERCENT)
 HIGHEST    82           500 AM
 LOWEST     30           500 PM
 AVERAGE    56

..........................................................


THE SPOKANE WA AIRPORT CLIMATE NORMALS FOR TODAY
                         NORMAL    RECORD    YEAR
 MAXIMUM TEMPERATURE (F)   61        90      1926
 MINIMUM TEMPERATURE (F)   39        25      1954


SUNRISE AND SUNSET
APRIL 29 2016.........SUNRISE   535 AM PDT   SUNSET   800 PM PDT
APRIL 30 2016.........SUNRISE   534 AM PDT   SUNSET   802 PM PDT


-  INDICATES NEGATIVE NUMBERS.
R  INDICATES RECORD WAS SET OR TIED.
MM INDICATES DATA IS MISSING.
T  INDICATES TRACE AMOUNT.




$$
