000
CDUS46 KOTX 270831
CLIGEG


CLIMATE REPORT
NATIONAL WEATHER SERVICE SPOKANE, WA
131 AM PDT MON MAR 27 2017


...................................

...THE SPOKANE WA AIRPORT CLIMATE SUMMARY FOR MARCH 26 2017...

CLIMATE NORMAL PERIOD 1981 TO 2010
CLIMATE RECORD PERIOD 1881 TO 2017


WEATHER ITEM   OBSERVED TIME   RECORD YEAR NORMAL DEPARTURE LAST
                VALUE   (LST)  VALUE       VALUE  FROM      YEAR
                                                  NORMAL
..................................................................
TEMPERATURE (F)
 YESTERDAY
  MAXIMUM         49    147 PM  67    1946  52     -3       51
                                      1889
  MINIMUM         33    611 AM  16    1904  34     -1       33
  AVERAGE         41                        43     -2       42

PRECIPITATION (IN)
  YESTERDAY        0.05          0.62 2012   0.05   0.00     0.00
  MONTH TO DATE    3.47                      1.35   2.12     2.95
  SINCE OCT 1     19.00                     10.25   8.75    12.77
  SINCE JAN 1      9.71                      4.47   5.24     6.41

SNOWFALL (IN)
  YESTERDAY        0.0           0.8  2008   0.1   -0.1      0.0
  MONTH TO DATE    5.4                       3.0    2.4       T
  SINCE MAR 1      5.4                       3.0    2.4       T
  SINCE JUL 1     61.0                      43.3   17.7     33.6
  SNOW DEPTH       0

DEGREE DAYS
 HEATING
  YESTERDAY       24                        22      2       23
  MONTH TO DATE  635                       660    -25      586
  SINCE MAR 1    635                       660    -25      586
  SINCE JUL 1   5628                      5489    139     4875

 COOLING
  YESTERDAY        0                         0      0        0
  MONTH TO DATE    0                         0      0        0
  SINCE MAR 1      0                         0      0        0
  SINCE JAN 1      0                         0      0        0
..................................................................


WIND (MPH)
  HIGHEST WIND SPEED    16   HIGHEST WIND DIRECTION     S (200)
  HIGHEST GUST SPEED    21   HIGHEST GUST DIRECTION     S (200)
  AVERAGE WIND SPEED     6.4


SKY COVER
  POSSIBLE SUNSHINE  MM
  AVERAGE SKY COVER 0.8


WEATHER CONDITIONS
 THE FOLLOWING WEATHER WAS RECORDED YESTERDAY.
  LIGHT RAIN


RELATIVE HUMIDITY (PERCENT)
 HIGHEST    89          1200 AM
 LOWEST     56          1200 PM
 AVERAGE    73

..........................................................


THE SPOKANE WA AIRPORT CLIMATE NORMALS FOR TODAY
                         NORMAL    RECORD    YEAR
 MAXIMUM TEMPERATURE (F)   52        72      1889
 MINIMUM TEMPERATURE (F)   34        16      1944


SUNRISE AND SUNSET
MARCH 27 2017.........SUNRISE   638 AM PDT   SUNSET   713 PM PDT
MARCH 28 2017.........SUNRISE   636 AM PDT   SUNSET   715 PM PDT


-  INDICATES NEGATIVE NUMBERS.
R  INDICATES RECORD WAS SET OR TIED.
MM INDICATES DATA IS MISSING.
T  INDICATES TRACE AMOUNT.




$$
