036
CDUS46 KOTX 210823
CLIGEG


CLIMATE REPORT
NATIONAL WEATHER SERVICE SPOKANE, WA
1223 AM PST TUE NOV 21 2017


...................................

...THE SPOKANE WA AIRPORT CLIMATE SUMMARY FOR NOVEMBER 20 2017...

CLIMATE NORMAL PERIOD 1981 TO 2010
CLIMATE RECORD PERIOD 1881 TO 2017


WEATHER ITEM   OBSERVED TIME   RECORD YEAR NORMAL DEPARTURE LAST
                VALUE   (LST)  VALUE       VALUE  FROM      YEAR
                                                  NORMAL
..................................................................
TEMPERATURE (F)
 YESTERDAY
  MAXIMUM         47    311 PM  61    1917  39      8       43
  MINIMUM         36    946 PM   4    1985  29      7       35
                                      1900
  AVERAGE         42                        34      8       39

PRECIPITATION (IN)
  YESTERDAY        0.44          0.95 1998   0.08   0.36     0.07
  MONTH TO DATE    1.92                      1.47   0.45     0.97
  SINCE OCT 1      3.32                      2.65   0.67     7.20
  SINCE JAN 1     18.50                     13.43   5.07    16.21

SNOWFALL (IN)
  YESTERDAY        T             8.2  2003   0.3   -0.3      0.0
  MONTH TO DATE    7.2                       3.7    3.5      0.7
  SINCE SEP 1      7.2                       3.8    3.4      0.7
  SINCE JUL 1      7.2                       3.8    3.4      0.7
  SNOW DEPTH       0

DEGREE DAYS
 HEATING
  YESTERDAY       23                        31     -8       26
  MONTH TO DATE  566                       548     18      374
  SINCE SEP 1   1292                      1271     21     1040
  SINCE JUL 1   1295                      1336    -41     1070

 COOLING
  YESTERDAY        0                         0      0        0
  MONTH TO DATE    0                         0      0        0
  SINCE SEP 1     89                        39     50        7
  SINCE JAN 1    794                       450    344      494
..................................................................


WIND (MPH)
  HIGHEST WIND SPEED    24   HIGHEST WIND DIRECTION    SW (240)
  HIGHEST GUST SPEED    33   HIGHEST GUST DIRECTION    SW (210)
  AVERAGE WIND SPEED    12.1


SKY COVER
  POSSIBLE SUNSHINE  MM
  AVERAGE SKY COVER 0.8


WEATHER CONDITIONS
 THE FOLLOWING WEATHER WAS RECORDED YESTERDAY.
  RAIN
  LIGHT RAIN
  SNOW
  LIGHT SNOW
  FOG


RELATIVE HUMIDITY (PERCENT)
 HIGHEST   100           800 AM
 LOWEST     89           500 PM
 AVERAGE    95

..........................................................


THE SPOKANE WA AIRPORT CLIMATE NORMALS FOR TODAY
                         NORMAL    RECORD    YEAR
 MAXIMUM TEMPERATURE (F)   39        56      2002
 MINIMUM TEMPERATURE (F)   28       -10      1900


SUNRISE AND SUNSET
NOVEMBER 21 2017......SUNRISE   705 AM PST   SUNSET   407 PM PST
NOVEMBER 22 2017......SUNRISE   706 AM PST   SUNSET   406 PM PST


-  INDICATES NEGATIVE NUMBERS.
R  INDICATES RECORD WAS SET OR TIED.
MM INDICATES DATA IS MISSING.
T  INDICATES TRACE AMOUNT.




$$
