000
CDUS45 KRIW 310033
CLIGEY


CLIMATE REPORT
NATIONAL WEATHER SERVICE RIVERTON WY
631 PM MDT WED JUL 30 2014


...................................

...THE GREYBULL WY CLIMATE SUMMARY FOR JULY 30 2014...
VALID TODAY AS OF 0500 PM LOCAL TIME.

CLIMATE NORMAL PERIOD 1981 TO 2010
CLIMATE RECORD PERIOD 1998 TO 2014


WEATHER ITEM   OBSERVED TIME   RECORD YEAR NORMAL DEPARTURE LAST
                VALUE   (LST)  VALUE       VALUE  FROM      YEAR
                                                  NORMAL
..................................................................
TEMPERATURE (F)
 TODAY
  MAXIMUM         86        MM 101    2000  92     -6       82
  MINIMUM         54        MM  45    2009  58     -4       59
  AVERAGE         70

PRECIPITATION (IN)
  TODAY            0.00          0.08 1999   0.01  -0.01     0.01
  MONTH TO DATE    0.21                      0.64  -0.43     0.31
  SINCE JUN 1      1.15                      1.84  -0.69     0.71
  SINCE JAN 1      2.85                      5.01  -2.16     2.61

DEGREE DAYS
 HEATING
  TODAY            0                         0      0        0
  MONTH TO DATE    0                         1     -1        0
  SINCE JUN 1     56                        71    -15       36
  SINCE JUL 1      0                         1     -1        0

 COOLING
  TODAY            5                        10     -5        6
  MONTH TO DATE  334                       268     66      376
  SINCE JUN 1    383                       374      9      549
  SINCE JAN 1    425                       394     31      576
..................................................................


WIND (MPH)
  HIGHEST WIND SPEED     5   HIGHEST WIND DIRECTION    SE (130)
  HIGHEST GUST SPEED    MM   HIGHEST GUST DIRECTION    MM
  AVERAGE WIND SPEED     2.0


SKY COVER
  POSSIBLE SUNSHINE  MM
  AVERAGE SKY COVER 0.0


WEATHER CONDITIONS
 THE FOLLOWING WEATHER WAS RECORDED TODAY.
  NO SIGNIFICANT WEATHER WAS OBSERVED.


RELATIVE HUMIDITY (PERCENT)
 HIGHEST    93           500 AM
 LOWEST     19           400 PM
 AVERAGE    56

..........................................................


THE GREYBULL WY CLIMATE NORMALS FOR TOMORROW
                         NORMAL    RECORD    YEAR
 MAXIMUM TEMPERATURE (F)   92       101      2012
                                             2000
 MINIMUM TEMPERATURE (F)   58        49      2009


SUNRISE AND SUNSET
JULY 30 2014..........SUNRISE   557 AM MDT   SUNSET   840 PM MDT
JULY 31 2014..........SUNRISE   558 AM MDT   SUNSET   839 PM MDT


-  INDICATES NEGATIVE NUMBERS.
R  INDICATES RECORD WAS SET OR TIED.
MM INDICATES DATA IS MISSING.
T  INDICATES TRACE AMOUNT.




$$
