000
CDUS45 KRIW 080736
CLIGEY


CLIMATE REPORT
NATIONAL WEATHER SERVICE RIVERTON WY
1233 AM MST MON FEB 8 2016


...................................

...THE GREYBULL WY CLIMATE SUMMARY FOR FEBRUARY 7 2016...

CLIMATE NORMAL PERIOD 1981 TO 2010
CLIMATE RECORD PERIOD 1998 TO 2016


WEATHER ITEM   OBSERVED TIME   RECORD YEAR NORMAL DEPARTURE LAST
                VALUE   (LST)  VALUE       VALUE  FROM      YEAR
                                                  NORMAL
..................................................................
TEMPERATURE (F)
 YESTERDAY
  MAXIMUM         41    346 PM  58    2015  32      9       58
                                      1999
  MINIMUM         26   1207 AM -24    2014   8     18       30
  AVERAGE         34                        20     14       44

PRECIPITATION (IN)
  YESTERDAY        0.00          0.02 2004   0.01  -0.01     0.00
  MONTH TO DATE    T                         0.04  -0.04      T
  SINCE DEC 1      0.12                      0.55  -0.43     0.43
  SINCE JAN 1      0.11                      0.27  -0.16     0.22

DEGREE DAYS
 HEATING
  YESTERDAY       31                        45    -14       21
  MONTH TO DATE  274                       319    -45      234
  SINCE DEC 1   3044                      3276   -232     3147
  SINCE JUL 1   4561                      5133   -572     4980

 COOLING
  YESTERDAY        0                         0      0        0
  MONTH TO DATE    0                         0      0        0
  SINCE DEC 1      0                         0      0        0
  SINCE JAN 1      0                         0      0        0
..................................................................


WIND (MPH)
  HIGHEST WIND SPEED    31   HIGHEST WIND DIRECTION     N (340)
  HIGHEST GUST SPEED    41   HIGHEST GUST DIRECTION    NW (330)
  AVERAGE WIND SPEED    13.8


SKY COVER
  POSSIBLE SUNSHINE  MM
  AVERAGE SKY COVER 0.6


WEATHER CONDITIONS
 THE FOLLOWING WEATHER WAS RECORDED YESTERDAY.
  NO SIGNIFICANT WEATHER WAS OBSERVED.


RELATIVE HUMIDITY (PERCENT)
 HIGHEST    75          1200 AM
 LOWEST     28           300 PM
 AVERAGE    52

..........................................................


THE GREYBULL WY CLIMATE NORMALS FOR TODAY
                         NORMAL    RECORD    YEAR
 MAXIMUM TEMPERATURE (F)   33        57      2015
 MINIMUM TEMPERATURE (F)    9       -22      2001


SUNRISE AND SUNSET
FEBRUARY  8 2016......SUNRISE   723 AM MST   SUNSET   531 PM MST
FEBRUARY  9 2016......SUNRISE   721 AM MST   SUNSET   532 PM MST


-  INDICATES NEGATIVE NUMBERS.
R  INDICATES RECORD WAS SET OR TIED.
MM INDICATES DATA IS MISSING.
T  INDICATES TRACE AMOUNT.




$$
