000
CDUS45 KRIW 020736
CLIGEY


CLIMATE REPORT
NATIONAL WEATHER SERVICE RIVERTON WY
134 AM MDT TUE SEP 2 2014


...................................

...THE GREYBULL WY CLIMATE SUMMARY FOR SEPTEMBER 1 2014...

CLIMATE NORMAL PERIOD 1981 TO 2010
CLIMATE RECORD PERIOD 1998 TO 2014


WEATHER ITEM   OBSERVED TIME   RECORD YEAR NORMAL DEPARTURE LAST
                VALUE   (LST)  VALUE       VALUE  FROM      YEAR
                                                  NORMAL
..................................................................
TEMPERATURE (F)
 YESTERDAY
  MAXIMUM         72    526 PM  95    2004  84    -12       92
  MINIMUM         52    602 AM  41    2005  50      2       51
  AVERAGE         62                        67     -5       72

PRECIPITATION (IN)
  YESTERDAY        0.00          0.73 2008   0.03  -0.03      T
  MONTH TO DATE    0.00                      0.03  -0.03      T
  SINCE SEP 1      0.00                      0.03  -0.03      T
  SINCE JAN 1      3.86                      5.48  -1.62     2.62

DEGREE DAYS
 HEATING
  YESTERDAY        3                         2      1        0
  MONTH TO DATE    3                         2      1        0
  SINCE SEP 1      3                         2      1        0
  SINCE JUL 1     30                        23      7        0

 COOLING
  YESTERDAY        0                         4     -4        7
  MONTH TO DATE    0                         4     -4        7
  SINCE SEP 1      0                         4     -4        7
  SINCE JAN 1    655                       637     18      916
..................................................................


WIND (MPH)
  HIGHEST WIND SPEED    13   HIGHEST WIND DIRECTION    SW (240)
  HIGHEST GUST SPEED    15   HIGHEST GUST DIRECTION    SW (240)
  AVERAGE WIND SPEED     4.9


SKY COVER
  POSSIBLE SUNSHINE  MM
  AVERAGE SKY COVER 0.2


WEATHER CONDITIONS
 THE FOLLOWING WEATHER WAS RECORDED YESTERDAY.
  NO SIGNIFICANT WEATHER WAS OBSERVED.


RELATIVE HUMIDITY (PERCENT)
 HIGHEST   100           200 AM
 LOWEST     31           300 PM
 AVERAGE    66

..........................................................


THE GREYBULL WY CLIMATE NORMALS FOR TODAY
                         NORMAL    RECORD    YEAR
 MAXIMUM TEMPERATURE (F)   83        96      2007
 MINIMUM TEMPERATURE (F)   49        37      2006


SUNRISE AND SUNSET
SEPTEMBER  2 2014.....SUNRISE   636 AM MDT   SUNSET   747 PM MDT
SEPTEMBER  3 2014.....SUNRISE   637 AM MDT   SUNSET   745 PM MDT


-  INDICATES NEGATIVE NUMBERS.
R  INDICATES RECORD WAS SET OR TIED.
MM INDICATES DATA IS MISSING.
T  INDICATES TRACE AMOUNT.




$$
