000
CDUS45 KRIW 230736
CLIGEY


CLIMATE REPORT
NATIONAL WEATHER SERVICE RIVERTON WY
134 AM MDT THU MAR 23 2017


...................................

...THE GREYBULL WY CLIMATE SUMMARY FOR MARCH 22 2017...

CLIMATE NORMAL PERIOD 1981 TO 2010
CLIMATE RECORD PERIOD 1998 TO 2017


WEATHER ITEM   OBSERVED TIME   RECORD YEAR NORMAL DEPARTURE LAST
                VALUE   (LST)  VALUE       VALUE  FROM      YEAR
                                                  NORMAL
..................................................................
TEMPERATURE (F)
 YESTERDAY
  MAXIMUM         68    456 PM  71    2004  54     14       53
  MINIMUM         35    526 AM  16    2000  25     10       35
  AVERAGE         52                        39     13       44

PRECIPITATION (IN)
  YESTERDAY        T             0.03 2016   0.01  -0.01     0.03
  MONTH TO DATE    0.16                      0.24  -0.08     0.03
  SINCE MAR 1      0.16                      0.24  -0.08     0.03
  SINCE JAN 1      0.37                      0.65  -0.28     0.14

DEGREE DAYS
 HEATING
  YESTERDAY       13                        26    -13       21
  MONTH TO DATE  477                       654   -177      529
  SINCE MAR 1    477                       654   -177      529
  SINCE JUL 1   6518                      6625   -107     5682

 COOLING
  YESTERDAY        0                         0      0        0
  MONTH TO DATE    0                         0      0        0
  SINCE MAR 1      0                         0      0        0
  SINCE JAN 1      0                         0      0        0
..................................................................


WIND (MPH)
  HIGHEST WIND SPEED    21   HIGHEST WIND DIRECTION    NW (310)
  HIGHEST GUST SPEED    23   HIGHEST GUST DIRECTION    NW (300)
  AVERAGE WIND SPEED     4.1


SKY COVER
  POSSIBLE SUNSHINE  MM
  AVERAGE SKY COVER 0.2


WEATHER CONDITIONS
 THE FOLLOWING WEATHER WAS RECORDED YESTERDAY.
  LIGHT RAIN
  FOG


RELATIVE HUMIDITY (PERCENT)
 HIGHEST   100           100 AM
 LOWEST     31           300 PM
 AVERAGE    66

..........................................................


THE GREYBULL WY CLIMATE NORMALS FOR TODAY
                         NORMAL    RECORD    YEAR
 MAXIMUM TEMPERATURE (F)   54        79      2012
 MINIMUM TEMPERATURE (F)   26        16      2008


SUNRISE AND SUNSET
MARCH 23 2017.........SUNRISE   709 AM MDT   SUNSET   729 PM MDT
MARCH 24 2017.........SUNRISE   707 AM MDT   SUNSET   730 PM MDT


-  INDICATES NEGATIVE NUMBERS.
R  INDICATES RECORD WAS SET OR TIED.
MM INDICATES DATA IS MISSING.
T  INDICATES TRACE AMOUNT.




$$
