000
CDUS45 KRIW 040732
CLIGEY


CLIMATE REPORT
NATIONAL WEATHER SERVICE RIVERTON WY
1230 AM MST SUN DEC 4 2016


...................................

...THE GREYBULL WY CLIMATE SUMMARY FOR DECEMBER 3 2016...

CLIMATE NORMAL PERIOD 1981 TO 2010
CLIMATE RECORD PERIOD 1998 TO 2016


WEATHER ITEM   OBSERVED TIME   RECORD YEAR NORMAL DEPARTURE LAST
                VALUE   (LST)  VALUE       VALUE  FROM      YEAR
                                                  NORMAL
..................................................................
TEMPERATURE (F)
 YESTERDAY
  MAXIMUM         40    313 PM  54    1998  32      8       26
  MINIMUM         22    300 AM -14    2006   9     13        1
  AVERAGE         31                        21     10       14

PRECIPITATION (IN)
  YESTERDAY        0.00          0.01 2002   0.02  -0.02     0.00
                                      2002
                                      2013
  MONTH TO DATE    0.00                      0.05  -0.05      T
  SINCE DEC 1      0.00                      0.05  -0.05      T
  SINCE JAN 1      7.05                      7.28  -0.23     2.42

DEGREE DAYS
 HEATING
  YESTERDAY       34                        44    -10       51
  MONTH TO DATE  103                       131    -28      169
  SINCE DEC 1    103                       131    -28      169
  SINCE JUL 1   1478                      1988   -510     1686

 COOLING
  YESTERDAY        0                         0      0        0
  MONTH TO DATE    0                         0      0        0
  SINCE DEC 1      0                         0      0        0
  SINCE JAN 1    887                       669    218      821
..................................................................


WIND (MPH)
  HIGHEST WIND SPEED    13   HIGHEST WIND DIRECTION    SE (150)
  HIGHEST GUST SPEED    16   HIGHEST GUST DIRECTION    SE (150)
  AVERAGE WIND SPEED     4.6


SKY COVER
  POSSIBLE SUNSHINE  MM
  AVERAGE SKY COVER 0.7


WEATHER CONDITIONS
 THE FOLLOWING WEATHER WAS RECORDED YESTERDAY.
  NO SIGNIFICANT WEATHER WAS OBSERVED.


RELATIVE HUMIDITY (PERCENT)
 HIGHEST    81           800 AM
 LOWEST     34           300 PM
 AVERAGE    58

..........................................................


THE GREYBULL WY CLIMATE NORMALS FOR TODAY
                         NORMAL    RECORD    YEAR
 MAXIMUM TEMPERATURE (F)   32        48      2004
 MINIMUM TEMPERATURE (F)    9        -7      2013


SUNRISE AND SUNSET
DECEMBER  4 2016......SUNRISE   732 AM MST   SUNSET   433 PM MST
DECEMBER  5 2016......SUNRISE   734 AM MST   SUNSET   433 PM MST


-  INDICATES NEGATIVE NUMBERS.
R  INDICATES RECORD WAS SET OR TIED.
MM INDICATES DATA IS MISSING.
T  INDICATES TRACE AMOUNT.




$$
