805
CDUS45 KRIW 250731
CLIGEY


CLIMATE REPORT
NATIONAL WEATHER SERVICE RIVERTON WY
128 AM MDT SUN JUN 25 2017


...................................

...THE GREYBULL WY CLIMATE SUMMARY FOR JUNE 24 2017...

CLIMATE NORMAL PERIOD 1981 TO 2010
CLIMATE RECORD PERIOD 1998 TO 2017


WEATHER ITEM   OBSERVED TIME   RECORD YEAR NORMAL DEPARTURE LAST
                VALUE   (LST)  VALUE       VALUE  FROM      YEAR
                                                  NORMAL
..................................................................
TEMPERATURE (F)
 YESTERDAY
  MAXIMUM         79    418 PM 105    2012  84     -5       99
  MINIMUM         48    549 AM  47    2003  54     -6       59
  AVERAGE         64                        69     -5       79

PRECIPITATION (IN)
  YESTERDAY        0.00          0.35 2011   0.02  -0.02     0.00
  MONTH TO DATE    0.20                      1.10  -0.90     0.06
  SINCE JUN 1      0.20                      1.10  -0.90     0.06
  SINCE JAN 1      1.74                      4.27  -2.53     2.35

DEGREE DAYS
 HEATING
  YESTERDAY        1                         1      0        0
  MONTH TO DATE   14                        65    -51        5
  SINCE JUN 1     14                        65    -51        5
  SINCE JUL 1   7449                      7745   -296     6596

 COOLING
  YESTERDAY        0                         5     -5       14
  MONTH TO DATE  122                        72     50      207
  SINCE JUN 1    122                        72     50      207
  SINCE JAN 1    134                        92     42      218
..................................................................


WIND (MPH)
  HIGHEST WIND SPEED    21   HIGHEST WIND DIRECTION     N (340)
  HIGHEST GUST SPEED    27   HIGHEST GUST DIRECTION     N (340)
  AVERAGE WIND SPEED     7.4


SKY COVER
  POSSIBLE SUNSHINE  MM
  AVERAGE SKY COVER 0.2


WEATHER CONDITIONS
 THE FOLLOWING WEATHER WAS RECORDED YESTERDAY.
  NO SIGNIFICANT WEATHER WAS OBSERVED.


RELATIVE HUMIDITY (PERCENT)
 HIGHEST    61           500 AM
 LOWEST     16           200 PM
 AVERAGE    39

..........................................................


THE GREYBULL WY CLIMATE NORMALS FOR TODAY
                         NORMAL    RECORD    YEAR
 MAXIMUM TEMPERATURE (F)   85       101      2012
 MINIMUM TEMPERATURE (F)   54        45      2003


SUNRISE AND SUNSET
JUNE 25 2017..........SUNRISE   529 AM MDT   SUNSET   901 PM MDT
JUNE 26 2017..........SUNRISE   529 AM MDT   SUNSET   901 PM MDT


-  INDICATES NEGATIVE NUMBERS.
R  INDICATES RECORD WAS SET OR TIED.
MM INDICATES DATA IS MISSING.
T  INDICATES TRACE AMOUNT.




$$
