000
CDUS45 KRIW 270745
CLIGEY


CLIMATE REPORT
NATIONAL WEATHER SERVICE RIVERTON WY
1239 AM MST THU NOV 27 2014


...................................

...THE GREYBULL WY CLIMATE SUMMARY FOR NOVEMBER 26 2014...

CLIMATE NORMAL PERIOD 1981 TO 2010
CLIMATE RECORD PERIOD 1998 TO 2014


WEATHER ITEM   OBSERVED TIME   RECORD YEAR NORMAL DEPARTURE LAST
                VALUE   (LST)  VALUE       VALUE  FROM      YEAR
                                                  NORMAL
..................................................................
TEMPERATURE (F)
 YESTERDAY
  MAXIMUM         31    125 PM  64    1998  36     -5       40
  MINIMUM         21   1132 PM -12    2002  12      9       11
  AVERAGE         26                        24      2       26

PRECIPITATION (IN)
  YESTERDAY        0.10          0.22 2005   0.01   0.09     0.00
  MONTH TO DATE    0.58                      0.26   0.32      T
  SINCE SEP 1      1.45                      1.74  -0.29     2.23
  SINCE JAN 1      5.31                      7.19  -1.88     4.85

DEGREE DAYS
 HEATING
  YESTERDAY       39                        41     -2       39
  MONTH TO DATE 1088                       865    223      861
  SINCE SEP 1   1630                      1666    -36     1670
  SINCE JUL 1   1657                      1687    -30     1670

 COOLING
  YESTERDAY        0                         0      0        0
  MONTH TO DATE    0                         0      0        0
  SINCE SEP 1     43                        36      7       96
  SINCE JAN 1    698                       669     29     1005
..................................................................


WIND (MPH)
  HIGHEST WIND SPEED    17   HIGHEST WIND DIRECTION     W (290)
  HIGHEST GUST SPEED    19   HIGHEST GUST DIRECTION     W (290)
  AVERAGE WIND SPEED     3.2


SKY COVER
  POSSIBLE SUNSHINE  MM
  AVERAGE SKY COVER 1.0


WEATHER CONDITIONS
 THE FOLLOWING WEATHER WAS RECORDED YESTERDAY.
  LIGHT SNOW
  FOG


RELATIVE HUMIDITY (PERCENT)
 HIGHEST   100           300 AM
 LOWEST     85          1200 AM
 AVERAGE    93

..........................................................


THE GREYBULL WY CLIMATE NORMALS FOR TODAY
                         NORMAL    RECORD    YEAR
 MAXIMUM TEMPERATURE (F)   35        60      1998
 MINIMUM TEMPERATURE (F)   12         4      2010


SUNRISE AND SUNSET
NOVEMBER 27 2014......SUNRISE   724 AM MST   SUNSET   436 PM MST
NOVEMBER 28 2014......SUNRISE   725 AM MST   SUNSET   435 PM MST


-  INDICATES NEGATIVE NUMBERS.
R  INDICATES RECORD WAS SET OR TIED.
MM INDICATES DATA IS MISSING.
T  INDICATES TRACE AMOUNT.




$$
