000
CDUS43 KIND 240534
CLIGEZ


CLIMATE REPORT
NATIONAL WEATHER SERVICE INDIANAPOLIS IN
134 AM EDT SUN MAY 24 2015


...................................

...THE SHELBYVILLE IN CLIMATE SUMMARY FOR MAY 23 2015...

CLIMATE NORMAL PERIOD 1981 TO 2010
CLIMATE RECORD PERIOD 9999 TO 9999


WEATHER ITEM   OBSERVED TIME   NORMAL DEPARTURE LAST
                VALUE   (LST)  VALUE  FROM      YEAR
                                      NORMAL
......................................................
TEMPERATURE (F)
 YESTERDAY
  MAXIMUM         82    419 PM  76      6       76
  MINIMUM         55   1224 AM  55      0       54
  AVERAGE         69            65      4       65

PRECIPITATION (IN)
  YESTERDAY        0.00          0.16  -0.16     0.00
  MONTH TO DATE    1.27          4.13  -2.86     4.13
  SINCE MAR 1      9.80         11.88  -2.08    11.59
  SINCE JAN 1     12.82         16.63  -3.81    15.47

DEGREE DAYS
 HEATING
  YESTERDAY        0             3     -3        0
  MONTH TO DATE   59           118    -59      103
  SINCE MAR 1   1113          1215   -102     1204
  SINCE JUL 1   5554          5378    176     5702

 COOLING
  YESTERDAY        4             3      1        0
  MONTH TO DATE  106            40     66       78
  SINCE MAR 1    114            53     61       88
  SINCE JAN 1    114            53     61       88
......................................................


WIND (MPH)
  HIGHEST WIND SPEED    16   HIGHEST WIND DIRECTION     S (160)
  HIGHEST GUST SPEED    21   HIGHEST GUST DIRECTION    SW (210)
  AVERAGE WIND SPEED     7.6


SKY COVER
  AVERAGE SKY COVER 0.0


WEATHER CONDITIONS
 THE FOLLOWING WEATHER WAS RECORDED YESTERDAY.
  NO SIGNIFICANT WEATHER WAS OBSERVED.


RELATIVE HUMIDITY (PERCENT)
 HIGHEST    72          1200 AM
 LOWEST     24           300 PM
 AVERAGE    48

..........................................................


THE SHELBYVILLE IN CLIMATE NORMALS FOR TODAY
                         NORMAL
 MAXIMUM TEMPERATURE (F)   76
 MINIMUM TEMPERATURE (F)   55


SUNRISE AND SUNSET
MAY 24 2015...........SUNRISE   622 AM EDT   SUNSET   858 PM EDT
MAY 25 2015...........SUNRISE   621 AM EDT   SUNSET   859 PM EDT


-  INDICATES NEGATIVE NUMBERS.
R  INDICATES RECORD WAS SET OR TIED.
MM INDICATES DATA IS MISSING.
T  INDICATES TRACE AMOUNT.




$$
