000
CDUS43 KIND 210552
CLIGEZ


CLIMATE REPORT
NATIONAL WEATHER SERVICE INDIANAPOLIS IN
1242 AM EST SUN JAN 21 2018


...................................

...THE SHELBYVILLE IN CLIMATE SUMMARY FOR JANUARY 20 2018...

CLIMATE NORMAL PERIOD 1981 TO 2010
CLIMATE RECORD PERIOD 9999 TO 9999


WEATHER ITEM   OBSERVED TIME   NORMAL DEPARTURE LAST
                VALUE   (LST)  VALUE  FROM      YEAR
                                      NORMAL
......................................................
TEMPERATURE (F)
 YESTERDAY
  MAXIMUM         43    132 PM  36      7       57
  MINIMUM         30    850 AM  21      9       46
  AVERAGE         37            29      8       52

PRECIPITATION (IN)
  YESTERDAY        0.01          0.05  -0.04     0.62
  MONTH TO DATE    1.93          1.77   0.16     4.03
  SINCE DEC 1      3.05          5.04  -1.99     6.22
  SINCE JAN 1      1.93          1.77   0.16     4.03

DEGREE DAYS
 HEATING
  YESTERDAY       28            36     -8       13
  MONTH TO DATE  907           720    187      601
  SINCE DEC 1   1976          1749    227     1630
  SINCE JUL 1   2869          2824     45     2316

 COOLING
  YESTERDAY        0             0      0        0
  MONTH TO DATE    0             0      0        0
  SINCE DEC 1      0             0      0        0
  SINCE JAN 1      0             0      0        0
......................................................


WIND (MPH)
  HIGHEST WIND SPEED    14   HIGHEST WIND DIRECTION     S (190)
  HIGHEST GUST SPEED    17   HIGHEST GUST DIRECTION     S (180)
  AVERAGE WIND SPEED     9.1


SKY COVER
  AVERAGE SKY COVER 0.4


WEATHER CONDITIONS
 THE FOLLOWING WEATHER WAS RECORDED YESTERDAY.
  LIGHT RAIN
  FOG
  FOG W/VISIBILITY <= 1/4 MILE


RELATIVE HUMIDITY (PERCENT)
 HIGHEST    92          1000 PM
 LOWEST     57           100 PM
 AVERAGE    75

..........................................................


THE SHELBYVILLE IN CLIMATE NORMALS FOR TODAY
                         NORMAL
 MAXIMUM TEMPERATURE (F)   36
 MINIMUM TEMPERATURE (F)   21


SUNRISE AND SUNSET
JANUARY 21 2018.......SUNRISE   759 AM EST   SUNSET   550 PM EST
JANUARY 22 2018.......SUNRISE   759 AM EST   SUNSET   551 PM EST


-  INDICATES NEGATIVE NUMBERS.
R  INDICATES RECORD WAS SET OR TIED.
MM INDICATES DATA IS MISSING.
T  INDICATES TRACE AMOUNT.




$$
