000
CDUS43 KIND 230532
CLIGEZ


CLIMATE REPORT
NATIONAL WEATHER SERVICE INDIANAPOLIS IN
131 AM EDT SAT JUL 23 2016


...................................

...THE SHELBYVILLE IN CLIMATE SUMMARY FOR JULY 22 2016...

CLIMATE NORMAL PERIOD 1981 TO 2010
CLIMATE RECORD PERIOD 9999 TO 9999


WEATHER ITEM   OBSERVED TIME   NORMAL DEPARTURE LAST
                VALUE   (LST)  VALUE  FROM      YEAR
                                      NORMAL
......................................................
TEMPERATURE (F)
 YESTERDAY
  MAXIMUM         89    404 PM  84      5       83
  MINIMUM         73   1250 AM  64      9       57
  AVERAGE         81            74      7       70

PRECIPITATION (IN)
  YESTERDAY        0.00          0.17  -0.17     0.00
  MONTH TO DATE    4.88          3.43   1.45     5.52
  SINCE JUN 1      9.03          7.83   1.20    13.34
  SINCE JAN 1     25.57         25.61  -0.04    27.38

DEGREE DAYS
 HEATING
  YESTERDAY        0             0      0        0
  MONTH TO DATE    2             0      2        0
  SINCE JUN 1      2            15    -13       21
  SINCE JUL 1      2             0      2        0

 COOLING
  YESTERDAY       16             9      7        5
  MONTH TO DATE  228           198     30      199
  SINCE JUN 1    542           407    135      490
  SINCE JAN 1    665           488    177      678
......................................................


WIND (MPH)
  HIGHEST WIND SPEED    14   HIGHEST WIND DIRECTION     W (250)
  HIGHEST GUST SPEED    17   HIGHEST GUST DIRECTION     W (250)
  AVERAGE WIND SPEED     5.7


SKY COVER
  AVERAGE SKY COVER 0.2


WEATHER CONDITIONS
 THE FOLLOWING WEATHER WAS RECORDED YESTERDAY.
  FOG
  FOG W/VISIBILITY <= 1/4 MILE
  HAZE


RELATIVE HUMIDITY (PERCENT)
 HIGHEST    94           300 AM
 LOWEST     63           200 PM
 AVERAGE    79

..........................................................


THE SHELBYVILLE IN CLIMATE NORMALS FOR TODAY
                         NORMAL
 MAXIMUM TEMPERATURE (F)   84
 MINIMUM TEMPERATURE (F)   64


SUNRISE AND SUNSET
JULY 23 2016..........SUNRISE   635 AM EDT   SUNSET   904 PM EDT
JULY 24 2016..........SUNRISE   636 AM EDT   SUNSET   903 PM EDT


-  INDICATES NEGATIVE NUMBERS.
R  INDICATES RECORD WAS SET OR TIED.
MM INDICATES DATA IS MISSING.
T  INDICATES TRACE AMOUNT.




$$
