000
CDUS43 KIND 020534
CLIGEZ


CLIMATE REPORT
NATIONAL WEATHER SERVICE INDIANAPOLIS IN
132 AM EDT THU OCT 2 2014


...................................

...THE SHELBYVILLE IN CLIMATE SUMMARY FOR OCTOBER 1 2014...

CLIMATE NORMAL PERIOD 1981 TO 2010
CLIMATE RECORD PERIOD 9999 TO 9999


WEATHER ITEM   OBSERVED TIME   NORMAL DEPARTURE LAST
                VALUE   (LST)  VALUE  FROM      YEAR
                                      NORMAL
......................................................
TEMPERATURE (F)
 YESTERDAY
  MAXIMUM         81    423 PM  72      9       MM
  MINIMUM         45    713 AM  47     -2       MM
  AVERAGE         63            59      4       MM

PRECIPITATION (IN)
  YESTERDAY        0.00          0.12  -0.12    MM
  MONTH TO DATE    0.00          0.12  -0.12    MM
  SINCE SEP 1      2.72          3.29  -0.57     2.03
  SINCE JAN 1     29.63         33.57  -3.94    23.44

DEGREE DAYS
 HEATING
  YESTERDAY        2             7     -5       MM
  MONTH TO DATE    2             7     -5       MM
  SINCE SEP 1     67            86    -19       31
  SINCE JUL 1     72            92    -20       39

 COOLING
  YESTERDAY        0             1     -1       MM
  MONTH TO DATE    0             1     -1       MM
  SINCE SEP 1     97            94      3      159
  SINCE JAN 1   1067           900    167     1144
......................................................


WIND (MPH)
  HIGHEST WIND SPEED     9   HIGHEST WIND DIRECTION     E (110)
  HIGHEST GUST SPEED    12   HIGHEST GUST DIRECTION     E (110)
  AVERAGE WIND SPEED     4.6


SKY COVER
  AVERAGE SKY COVER 0.0


WEATHER CONDITIONS
 THE FOLLOWING WEATHER WAS RECORDED YESTERDAY.
  FOG
  HAZE


RELATIVE HUMIDITY (PERCENT)
 HIGHEST    93           400 AM
 LOWEST     42           400 PM
 AVERAGE    68

..........................................................


THE SHELBYVILLE IN CLIMATE NORMALS FOR TODAY
                         NORMAL
 MAXIMUM TEMPERATURE (F)   71
 MINIMUM TEMPERATURE (F)   47


SUNRISE AND SUNSET
OCTOBER  2 2014.......SUNRISE   740 AM EDT   SUNSET   724 PM EDT
OCTOBER  3 2014.......SUNRISE   741 AM EDT   SUNSET   722 PM EDT


-  INDICATES NEGATIVE NUMBERS.
R  INDICATES RECORD WAS SET OR TIED.
MM INDICATES DATA IS MISSING.
T  INDICATES TRACE AMOUNT.




$$
