000
CDUS43 KIND 200531
CLIGEZ


CLIMATE REPORT
NATIONAL WEATHER SERVICE INDIANAPOLIS IN
130 AM EDT SUN APR 20 2014


...................................

...THE SHELBYVILLE IN CLIMATE SUMMARY FOR APRIL 19 2014...

CLIMATE NORMAL PERIOD 1981 TO 2010
CLIMATE RECORD PERIOD 9999 TO 9999


WEATHER ITEM   OBSERVED TIME   NORMAL DEPARTURE LAST
                VALUE   (LST)  VALUE  FROM      YEAR
                                      NORMAL
......................................................
TEMPERATURE (F)
 YESTERDAY
  MAXIMUM         71    328 PM  65      6       58
  MINIMUM         42    542 AM  43     -1       38
  AVERAGE         57            54      3       48

PRECIPITATION (IN)
  YESTERDAY        0.00          0.15  -0.15     0.56
  MONTH TO DATE    3.92          2.46   1.46     2.28
  SINCE MAR 1      5.98          5.89   0.09     3.54
  SINCE JAN 1      9.86         10.64  -0.78     8.74

DEGREE DAYS
 HEATING
  YESTERDAY        8            11     -3       17
  MONTH TO DATE  227           272    -45      209
  SINCE MAR 1   1045           992     53     1056
  SINCE JUL 1   5543          5155    388     4858

 COOLING
  YESTERDAY        0             0      0        0
  MONTH TO DATE    8             0      8       15
  SINCE MAR 1      8             1      7       15
  SINCE JAN 1      8             1      7       15
......................................................


WIND (MPH)
  HIGHEST WIND SPEED    20   HIGHEST WIND DIRECTION    NE (50)
  HIGHEST GUST SPEED    27   HIGHEST GUST DIRECTION    NE (60)
  AVERAGE WIND SPEED     9.8


SKY COVER
  AVERAGE SKY COVER 0.0


WEATHER CONDITIONS
 THE FOLLOWING WEATHER WAS RECORDED YESTERDAY.
  NO SIGNIFICANT WEATHER WAS OBSERVED.


RELATIVE HUMIDITY (PERCENT)
 HIGHEST    76           500 AM
 LOWEST     28           200 PM
 AVERAGE    52

..........................................................


THE SHELBYVILLE IN CLIMATE NORMALS FOR TODAY
                         NORMAL
 MAXIMUM TEMPERATURE (F)   65
 MINIMUM TEMPERATURE (F)   44


SUNRISE AND SUNSET
APRIL 20 2014.........SUNRISE   659 AM EDT   SUNSET   826 PM EDT
APRIL 21 2014.........SUNRISE   657 AM EDT   SUNSET   827 PM EDT


-  INDICATES NEGATIVE NUMBERS.
R  INDICATES RECORD WAS SET OR TIED.
MM INDICATES DATA IS MISSING.
T  INDICATES TRACE AMOUNT.




$$
