031
CDUS43 KIND 130537
CLIGEZ


CLIMATE REPORT
NATIONAL WEATHER SERVICE INDIANAPOLIS IN
1237 AM EST SAT FEB 13 2016


...................................

...THE SHELBYVILLE IN CLIMATE SUMMARY FOR FEBRUARY 12 2016...

CLIMATE NORMAL PERIOD 1981 TO 2010
CLIMATE RECORD PERIOD 9999 TO 9999


WEATHER ITEM   OBSERVED TIME   NORMAL DEPARTURE LAST
                VALUE   (LST)  VALUE  FROM      YEAR
                                      NORMAL
......................................................
TEMPERATURE (F)
 YESTERDAY
  MAXIMUM         28    246 PM  39    -11       30
  MINIMUM         15    150 AM  23     -8       17
  AVERAGE         22            31     -9       24

PRECIPITATION (IN)
  YESTERDAY        T             0.10  -0.10      T
  MONTH TO DATE    1.14          1.03   0.11     0.42
  SINCE DEC 1      8.66          6.69   1.97     5.32
  SINCE JAN 1      2.50          3.42  -0.92     2.34

DEGREE DAYS
 HEATING
  YESTERDAY       43            34      9       41
  MONTH TO DATE  398           421    -23      403
  SINCE DEC 1   2036          2575   -539     2431
  SINCE JUL 1   2763          3650   -887     3615

 COOLING
  YESTERDAY        0             0      0        0
  MONTH TO DATE    0             0      0        0
  SINCE DEC 1      1             0      1        0
  SINCE JAN 1      0             0      0        0
......................................................


WIND (MPH)
  HIGHEST WIND SPEED    29   HIGHEST WIND DIRECTION    NW (310)
  HIGHEST GUST SPEED    35   HIGHEST GUST DIRECTION    NW (310)
  AVERAGE WIND SPEED    10.4


SKY COVER
  AVERAGE SKY COVER 0.9


WEATHER CONDITIONS
 THE FOLLOWING WEATHER WAS RECORDED YESTERDAY.
  LIGHT SNOW


RELATIVE HUMIDITY (PERCENT)
 HIGHEST    75           400 PM
 LOWEST     54           900 PM
 AVERAGE    65

..........................................................


THE SHELBYVILLE IN CLIMATE NORMALS FOR TODAY
                         NORMAL
 MAXIMUM TEMPERATURE (F)   39
 MINIMUM TEMPERATURE (F)   23


SUNRISE AND SUNSET
FEBRUARY 13 2016......SUNRISE   738 AM EST   SUNSET   617 PM EST
FEBRUARY 14 2016......SUNRISE   737 AM EST   SUNSET   618 PM EST


-  INDICATES NEGATIVE NUMBERS.
R  INDICATES RECORD WAS SET OR TIED.
MM INDICATES DATA IS MISSING.
T  INDICATES TRACE AMOUNT.




$$
