000
CDUS43 KFGF 280713
CLIGFK


CLIMATE REPORT
NATIONAL WEATHER SERVICE EASTERN NORTH DAKOTA/GRAND FORKS
213 AM CDT SAT MAR 28 2015


...................................

...THE GRAND FORKS INTL AP ND CLIMATE SUMMARY FOR MARCH 27 2015...

CLIMATE NORMAL PERIOD 1981 TO 2010
CLIMATE RECORD PERIOD 1941 TO 2015


WEATHER ITEM   OBSERVED TIME   RECORD YEAR NORMAL DEPARTURE LAST
                VALUE   (LST)  VALUE       VALUE  FROM      YEAR
                                                  NORMAL
..................................................................
TEMPERATURE (F)
 YESTERDAY
  MAXIMUM         35    452 PM  79    1946  41     -6       30
  MINIMUM         12    532 AM -13    1955  22    -10       16
  AVERAGE         24                        31     -7       23

PRECIPITATION (IN)
  YESTERDAY        T             0.58 2004   0.03  -0.03     0.00
  MONTH TO DATE    0.18                      0.83  -0.65     0.59
  SINCE MAR 1      0.18                      0.83  -0.65     0.59
  SINCE JAN 1      1.00                      1.90  -0.90     1.66

SNOWFALL (IN)
  YESTERDAY        T            MM      MM   0.1   -0.1      0.0
  MONTH TO DATE    2.1                       6.6   -4.5      2.0
  SINCE MAR 1      2.1                       6.6   -4.5      2.0
  SINCE JUL 1     16.4                      43.8  -27.4     47.7
  SNOW DEPTH       0

DEGREE DAYS
 HEATING
  YESTERDAY       41                        34      7       42
  MONTH TO DATE  954                      1107   -153     1298
  SINCE MAR 1    954                      1107   -153     1298
  SINCE JUL 1   7871                      8257   -386     9193

 COOLING
  YESTERDAY        0                         0      0        0
  MONTH TO DATE    0                         0      0        0
  SINCE MAR 1      0                         0      0        0
  SINCE JAN 1      0                         0      0        0
..................................................................


WIND (MPH)
  HIGHEST WIND SPEED    20   HIGHEST WIND DIRECTION    SE (140)
  HIGHEST GUST SPEED    22   HIGHEST GUST DIRECTION    SE (150)
  AVERAGE WIND SPEED     9.0


SKY COVER
  POSSIBLE SUNSHINE  MM
  AVERAGE SKY COVER 0.7


WEATHER CONDITIONS
 THE FOLLOWING WEATHER WAS RECORDED YESTERDAY.
  LIGHT SNOW


RELATIVE HUMIDITY (PERCENT)
 HIGHEST    92           400 AM
 LOWEST     46          1000 AM
 AVERAGE    69

..........................................................


THE GRAND FORKS INTL AP ND CLIMATE NORMALS FOR TODAY
                         NORMAL    RECORD    YEAR
 MAXIMUM TEMPERATURE (F)   41        68      1946
 MINIMUM TEMPERATURE (F)   22       -11      1969


SUNRISE AND SUNSET
MARCH 28 2015.........SUNRISE   716 AM CDT   SUNSET   753 PM CDT
MARCH 29 2015.........SUNRISE   714 AM CDT   SUNSET   754 PM CDT


-  INDICATES NEGATIVE NUMBERS.
R  INDICATES RECORD WAS SET OR TIED.
MM INDICATES DATA IS MISSING.
T  INDICATES TRACE AMOUNT.




$$
