000
CDUS43 KFGF 140730
CLIGFK


CLIMATE REPORT
NATIONAL WEATHER SERVICE EASTERN NORTH DAKOTA/GRAND FORKS
230 AM CDT MON JUL 14 2014


...................................

...THE GRAND FORKS INTL AP ND CLIMATE SUMMARY FOR JULY 13 2014...

CLIMATE NORMAL PERIOD 1981 TO 2010
CLIMATE RECORD PERIOD 1941 TO 2014


WEATHER ITEM   OBSERVED TIME   RECORD YEAR NORMAL DEPARTURE LAST
                VALUE   (LST)  VALUE       VALUE  FROM      YEAR
                                                  NORMAL
..................................................................
TEMPERATURE (F)
 YESTERDAY
  MAXIMUM         72    106 PM  95    1983  81     -9       89
  MINIMUM         51    518 AM  39    1950  57     -6       62
  AVERAGE         62                        69     -7       76

PRECIPITATION (IN)
  YESTERDAY        T             0.71 1968   0.10  -0.10     0.00
  MONTH TO DATE    0.85                      1.48  -0.63     1.29
  SINCE JUN 1      7.45                      4.96   2.49     4.39
  SINCE JAN 1     14.63                     10.68   3.95    12.56

SNOWFALL (IN)
  YESTERDAY        0.0          MM      MM   0.0    0.0      0.0
  MONTH TO DATE    0.0                       0.0    0.0      0.0
  SINCE JUN 1      0.0                       0.0    0.0      0.0
  SINCE JUL 1      0.0                       0.0    0.0      0.0
  SNOW DEPTH       0

DEGREE DAYS
 HEATING
  YESTERDAY        3                         1      2        0
  MONTH TO DATE   17                        14      3        0
  SINCE JUN 1     63                       117    -54       77
  SINCE JUL 1     17                        14      3        0

 COOLING
  YESTERDAY        0                         5     -5       11
  MONTH TO DATE   45                        55    -10      106
  SINCE JUN 1    112                       130    -18      219
  SINCE JAN 1    165                       147     18      228
..................................................................


WIND (MPH)
  HIGHEST WIND SPEED    26   HIGHEST WIND DIRECTION    NW (300)
  HIGHEST GUST SPEED    36   HIGHEST GUST DIRECTION    NW (310)
  AVERAGE WIND SPEED    12.3


SKY COVER
  POSSIBLE SUNSHINE  MM
  AVERAGE SKY COVER 0.5


WEATHER CONDITIONS
 THE FOLLOWING WEATHER WAS RECORDED YESTERDAY.
  LIGHT RAIN
  FOG


RELATIVE HUMIDITY (PERCENT)
 HIGHEST   100          1200 AM
 LOWEST     44          1000 AM
 AVERAGE    72

..........................................................


THE GRAND FORKS INTL AP ND CLIMATE NORMALS FOR TODAY
                         NORMAL    RECORD    YEAR
 MAXIMUM TEMPERATURE (F)   81        94      2006
                                             1983
                                             1951
 MINIMUM TEMPERATURE (F)   57        43      1967


SUNRISE AND SUNSET
JULY 14 2014..........SUNRISE   544 AM CDT   SUNSET   924 PM CDT
JULY 15 2014..........SUNRISE   545 AM CDT   SUNSET   924 PM CDT


-  INDICATES NEGATIVE NUMBERS.
R  INDICATES RECORD WAS SET OR TIED.
MM INDICATES DATA IS MISSING.
T  INDICATES TRACE AMOUNT.




$$
