860
CDUS43 KFGF 190728
CLIGFK


CLIMATE REPORT
NATIONAL WEATHER SERVICE EASTERN NORTH DAKOTA/GRAND FORKS
128 AM CST THU JAN 19 2017


...................................

...THE GRAND FORKS INTL AP ND CLIMATE SUMMARY FOR JANUARY 18 2017...

CLIMATE NORMAL PERIOD 1981 TO 2010
CLIMATE RECORD PERIOD 1941 TO 2017


WEATHER ITEM   OBSERVED TIME   RECORD YEAR NORMAL DEPARTURE LAST
                VALUE   (LST)  VALUE       VALUE  FROM      YEAR
                                                  NORMAL
..................................................................
TEMPERATURE (F)
 YESTERDAY
  MAXIMUM         33    131 PM  40    1991  16     17        1
  MINIMUM         21    859 AM -34    1970  -4     25      -10
  AVERAGE         27                         6     21       -4

PRECIPITATION (IN)
  YESTERDAY        0.00          0.18 1987   0.02  -0.02     0.00
  MONTH TO DATE    0.42                      0.34   0.08     0.28
  SINCE DEC 1      2.03                      0.95   1.08     1.34
  SINCE JAN 1      0.42                      0.34   0.08     0.28

SNOWFALL (IN)
  YESTERDAY        0.0           2.7  1987   0.4   -0.4      0.0
  MONTH TO DATE    7.1                       6.6    0.5      4.3
  SINCE DEC 1     32.2                      17.3   14.9     19.6
  SINCE JUL 1     33.3                      26.5    6.8     22.3
  SNOW DEPTH      10

DEGREE DAYS
 HEATING
  YESTERDAY       38                        59    -21       69
  MONTH TO DATE 1152                      1054     98     1089
  SINCE DEC 1   2756                      2714     42     2477
  SINCE JUL 1   4224                      4913   -689     4142

 COOLING
  YESTERDAY        0                         0      0        0
  MONTH TO DATE    0                         0      0        0
  SINCE DEC 1      0                         0      0        0
  SINCE JAN 1      0                         0      0        0
..................................................................


WIND (MPH)
  HIGHEST WIND SPEED    17   HIGHEST WIND DIRECTION     S (180)
  HIGHEST GUST SPEED    21   HIGHEST GUST DIRECTION     S (170)
  AVERAGE WIND SPEED    11.7


SKY COVER
  POSSIBLE SUNSHINE  MM
  AVERAGE SKY COVER 0.2


WEATHER CONDITIONS
 THE FOLLOWING WEATHER WAS RECORDED YESTERDAY.
  NO SIGNIFICANT WEATHER WAS OBSERVED.


RELATIVE HUMIDITY (PERCENT)
 HIGHEST    77          1200 AM
 LOWEST     68           300 AM
 AVERAGE    73

..........................................................


THE GRAND FORKS INTL AP ND CLIMATE NORMALS FOR TODAY
                         NORMAL    RECORD    YEAR
 MAXIMUM TEMPERATURE (F)   16        43      1942
 MINIMUM TEMPERATURE (F)   -4       -35      1970


SUNRISE AND SUNSET
JANUARY 19 2017.......SUNRISE   810 AM CST   SUNSET   509 PM CST
JANUARY 20 2017.......SUNRISE   809 AM CST   SUNSET   511 PM CST


-  INDICATES NEGATIVE NUMBERS.
R  INDICATES RECORD WAS SET OR TIED.
MM INDICATES DATA IS MISSING.
T  INDICATES TRACE AMOUNT.




$$
