000
CDUS43 KFGF 240728
CLIGFK


CLIMATE REPORT
NATIONAL WEATHER SERVICE EASTERN NORTH DAKOTA/GRAND FORKS
228 AM CDT TUE MAY 24 2016


...................................

...THE GRAND FORKS INTL AP ND CLIMATE SUMMARY FOR MAY 23 2016...

CLIMATE NORMAL PERIOD 1981 TO 2010
CLIMATE RECORD PERIOD 1941 TO 2016


WEATHER ITEM   OBSERVED TIME   RECORD YEAR NORMAL DEPARTURE LAST
                VALUE   (LST)  VALUE       VALUE  FROM      YEAR
                                                  NORMAL
..................................................................
TEMPERATURE (F)
 YESTERDAY
  MAXIMUM         82    431 PM  93    1980  70     12       78
  MINIMUM         61   1058 PM  29    2002  44     17       44
  AVERAGE         72                        57     15       61

PRECIPITATION (IN)
  YESTERDAY        0.47          1.34 1991   0.09   0.38     0.00
  MONTH TO DATE    0.81                      1.90  -1.09     3.80
  SINCE MAR 1      2.92                      3.87  -0.95     4.84
  SINCE JAN 1      3.50                      4.94  -1.44     5.66

SNOWFALL (IN)
  YESTERDAY        0.0          MM      MM   0.0    0.0      0.0
  MONTH TO DATE    T                         0.1   -0.1       T
  SINCE MAR 1      2.5                      10.2   -7.7      2.7
  SINCE JUL 1     28.4                      47.4  -19.0     17.0
  SNOW DEPTH       0

DEGREE DAYS
 HEATING
  YESTERDAY        0                         8     -8        4
  MONTH TO DATE  211                       276    -65      322
  SINCE MAR 1   1824                      2204   -380     1980
  SINCE JUL 1   7803                      9354  -1551     8897

 COOLING
  YESTERDAY        7                         1      6        0
  MONTH TO DATE   16                         8      8        0
  SINCE MAR 1     16                         9      7        0
  SINCE JAN 1     16                         9      7        0
..................................................................


WIND (MPH)
  HIGHEST WIND SPEED    23   HIGHEST WIND DIRECTION     W (270)
  HIGHEST GUST SPEED    28   HIGHEST GUST DIRECTION     W (270)
  AVERAGE WIND SPEED    10.7


SKY COVER
  POSSIBLE SUNSHINE  MM
  AVERAGE SKY COVER 0.6


WEATHER CONDITIONS
 THE FOLLOWING WEATHER WAS RECORDED YESTERDAY.
  HEAVY RAIN
  RAIN
  LIGHT RAIN
  FOG


RELATIVE HUMIDITY (PERCENT)
 HIGHEST    93          1200 AM
 LOWEST     26           400 PM
 AVERAGE    60

..........................................................


THE GRAND FORKS INTL AP ND CLIMATE NORMALS FOR TODAY
                         NORMAL    RECORD    YEAR
 MAXIMUM TEMPERATURE (F)   70        91      1980
 MINIMUM TEMPERATURE (F)   45        24      2002


SUNRISE AND SUNSET
MAY 24 2016...........SUNRISE   540 AM CDT   SUNSET   912 PM CDT
MAY 25 2016...........SUNRISE   539 AM CDT   SUNSET   913 PM CDT


-  INDICATES NEGATIVE NUMBERS.
R  INDICATES RECORD WAS SET OR TIED.
MM INDICATES DATA IS MISSING.
T  INDICATES TRACE AMOUNT.




$$
