000
CDUS43 KFGF 270714
CLIGFK


CLIMATE REPORT
NATIONAL WEATHER SERVICE EASTERN NORTH DAKOTA/GRAND FORKS
214 AM CDT WED AUG 27 2014


...................................

...THE GRAND FORKS INTL AP ND CLIMATE SUMMARY FOR AUGUST 26 2014...

CLIMATE NORMAL PERIOD 1981 TO 2010
CLIMATE RECORD PERIOD 1941 TO 2014


WEATHER ITEM   OBSERVED TIME   RECORD YEAR NORMAL DEPARTURE LAST
                VALUE   (LST)  VALUE       VALUE  FROM      YEAR
                                                  NORMAL
..................................................................
TEMPERATURE (F)
 YESTERDAY
  MAXIMUM         69    323 PM  97    1953  78     -9       89
  MINIMUM         45    557 AM  37    1982  52     -7       63
  AVERAGE         57                        65     -8       76

PRECIPITATION (IN)
  YESTERDAY        0.00          3.14 1946   0.09  -0.09     0.02
  MONTH TO DATE    3.05                      2.43   0.62     0.32
  SINCE JUN 1     13.35                      9.06   4.29     5.50
  SINCE JAN 1     20.53                     14.78   5.75    13.67

SNOWFALL (IN)
  YESTERDAY        0.0          MM      MM   0.0    0.0      0.0
  MONTH TO DATE    0.0                       0.0    0.0      0.0
  SINCE JUN 1      0.0                       0.0    0.0      0.0
  SINCE JUL 1      0.0                       0.0    0.0      0.0
  SNOW DEPTH       0

DEGREE DAYS
 HEATING
  YESTERDAY        8                         3      5        0
  MONTH TO DATE   17                        38    -21       53
  SINCE JUN 1     92                       169    -77      159
  SINCE JUL 1     46                        66    -20       82

 COOLING
  YESTERDAY        0                         3     -3       11
  MONTH TO DATE  125                       109     16      105
  SINCE JUN 1    303                       325    -22      384
  SINCE JAN 1    356                       342     14      393
..................................................................


WIND (MPH)
  HIGHEST WIND SPEED    10   HIGHEST WIND DIRECTION    NW (320)
  HIGHEST GUST SPEED    14   HIGHEST GUST DIRECTION    NW (310)
  AVERAGE WIND SPEED     3.9


SKY COVER
  POSSIBLE SUNSHINE  MM
  AVERAGE SKY COVER 0.5


WEATHER CONDITIONS
 THE FOLLOWING WEATHER WAS RECORDED YESTERDAY.
  NO SIGNIFICANT WEATHER WAS OBSERVED.


RELATIVE HUMIDITY (PERCENT)
 HIGHEST    93          1200 AM
 LOWEST     55           300 PM
 AVERAGE    74

..........................................................


THE GRAND FORKS INTL AP ND CLIMATE NORMALS FOR TODAY
                         NORMAL    RECORD    YEAR
 MAXIMUM TEMPERATURE (F)   78        98      1991
 MINIMUM TEMPERATURE (F)   52        32      1982


SUNRISE AND SUNSET
AUGUST 27 2014........SUNRISE   640 AM CDT   SUNSET   819 PM CDT
AUGUST 28 2014........SUNRISE   641 AM CDT   SUNSET   817 PM CDT


-  INDICATES NEGATIVE NUMBERS.
R  INDICATES RECORD WAS SET OR TIED.
MM INDICATES DATA IS MISSING.
T  INDICATES TRACE AMOUNT.




$$
