558
CDUS43 KFGF 280634
CLIGFK


CLIMATE REPORT
NATIONAL WEATHER SERVICE EASTERN NORTH DAKOTA/GRAND FORKS
133 AM CDT THU JUL 28 2016


...................................

...THE GRAND FORKS INTL AP ND CLIMATE SUMMARY FOR JULY 27 2016...

CLIMATE NORMAL PERIOD 1981 TO 2010
CLIMATE RECORD PERIOD 1941 TO 2016


WEATHER ITEM   OBSERVED TIME   RECORD YEAR NORMAL DEPARTURE LAST
                VALUE   (LST)  VALUE       VALUE  FROM      YEAR
                                                  NORMAL
..................................................................
TEMPERATURE (F)
 YESTERDAY
  MAXIMUM         78    427 PM 101    1941  82     -4       88
  MINIMUM         61   1159 PM  45    2013  56      5       65
                                      1971
                                      1965
  AVERAGE         70                        69      1       77

PRECIPITATION (IN)
  YESTERDAY        0.00          1.54 2001   0.09  -0.09     0.00
  MONTH TO DATE    5.27                      2.80   2.47     5.09
  SINCE JUN 1      8.57                      6.28   2.29     7.60
  SINCE JAN 1     14.96                     12.00   2.96    13.91

SNOWFALL (IN)
  YESTERDAY        0.0          MM      MM   0.0    0.0      0.0
  MONTH TO DATE    0.0                       0.0    0.0      0.0
  SINCE JUN 1      0.0                       0.0    0.0      0.0
  SINCE JUL 1      0.0                       0.0    0.0      0.0
  SNOW DEPTH       0

DEGREE DAYS
 HEATING
  YESTERDAY        0                         1     -1        0
  MONTH TO DATE   12                        28    -16       14
  SINCE JUN 1     66                       131    -65       72
  SINCE JUL 1     12                        28    -16       14

 COOLING
  YESTERDAY        5                         5      0       12
  MONTH TO DATE  148                       125     23      172
  SINCE JUN 1    226                       200     26      237
  SINCE JAN 1    248                       217     31      243
..................................................................


WIND (MPH)
  HIGHEST WIND SPEED    18   HIGHEST WIND DIRECTION     N (350)
  HIGHEST GUST SPEED    24   HIGHEST GUST DIRECTION     N (350)
  AVERAGE WIND SPEED    10.6


SKY COVER
  POSSIBLE SUNSHINE  MM
  AVERAGE SKY COVER 0.4


WEATHER CONDITIONS
 THE FOLLOWING WEATHER WAS RECORDED YESTERDAY.
  NO SIGNIFICANT WEATHER WAS OBSERVED.


RELATIVE HUMIDITY (PERCENT)
 HIGHEST    90           500 AM
 LOWEST     50           400 PM
 AVERAGE    70

..........................................................


THE GRAND FORKS INTL AP ND CLIMATE NORMALS FOR TODAY
                         NORMAL    RECORD    YEAR
 MAXIMUM TEMPERATURE (F)   82       100      1941
 MINIMUM TEMPERATURE (F)   56        42      2013


SUNRISE AND SUNSET
JULY 28 2016..........SUNRISE   601 AM CDT   SUNSET   909 PM CDT
JULY 29 2016..........SUNRISE   602 AM CDT   SUNSET   908 PM CDT


-  INDICATES NEGATIVE NUMBERS.
R  INDICATES RECORD WAS SET OR TIED.
MM INDICATES DATA IS MISSING.
T  INDICATES TRACE AMOUNT.




$$
