000
CDUS43 KFGF 232309
CLIGFK


CLIMATE REPORT
NATIONAL WEATHER SERVICE EASTERN NORTH DAKOTA/GRAND FORKS
502 PM CST FRI FEB 23 2018


...................................

...THE GRAND FORKS INTL AP ND CLIMATE SUMMARY FOR FEBRUARY 23 2018...
VALID TODAY AS OF 0400 PM LOCAL TIME.

CLIMATE NORMAL PERIOD 1981 TO 2010
CLIMATE RECORD PERIOD 1948 TO 2018


WEATHER ITEM   OBSERVED TIME   RECORD YEAR NORMAL DEPARTURE LAST
                VALUE   (LST)  VALUE       VALUE  FROM      YEAR
                                                  NORMAL
..................................................................
TEMPERATURE (F)
 TODAY
  MAXIMUM         20    205 AM  59    1958  24     -4       30
  MINIMUM         13   1041 AM -22    1950   6      7       18
  AVERAGE         17                        15      2       24

PRECIPITATION (IN)
  TODAY            0.06          0.51 1977   0.02   0.04     0.00
  MONTH TO DATE    0.27                      0.39  -0.12     0.34
  SINCE DEC 1      1.54                      1.55  -0.01     2.40
  SINCE JAN 1      0.77                      0.94  -0.17     0.79

SNOWFALL (IN)
  TODAY            0.6           3.7  1991   0.2    0.4      0.0
  MONTH TO DATE    6.6                       5.2    1.4      3.7
  SINCE DEC 1     24.1                      26.6   -2.5     36.2
  SINCE JUL 1     34.3                      35.8   -1.5     37.3
  SNOW DEPTH       8

DEGREE DAYS
 HEATING
  TODAY           48                        50     -2       41
  MONTH TO DATE 1399                      1239    160     1017
  SINCE DEC 1   4751                      4706     45     4262
  SINCE JUL 1   6736                      6905   -169     5730

 COOLING
  TODAY            0                         0      0        0
  MONTH TO DATE    0                         0      0        0
  SINCE DEC 1      0                         0      0        0
  SINCE JAN 1      0                         0      0        0
..................................................................


WIND (MPH)
  HIGHEST WIND SPEED    15   HIGHEST WIND DIRECTION     W (280)
  HIGHEST GUST SPEED    18   HIGHEST GUST DIRECTION     W (280)
  AVERAGE WIND SPEED     8.7


SKY COVER
  POSSIBLE SUNSHINE  MM
  AVERAGE SKY COVER 0.7


WEATHER CONDITIONS
 THE FOLLOWING WEATHER WAS RECORDED TODAY.
  LIGHT SNOW
  FOG


RELATIVE HUMIDITY (PERCENT)
 HIGHEST    92           300 AM
 LOWEST     67          1100 AM
 AVERAGE    80

..........................................................


THE GRAND FORKS INTL AP ND CLIMATE NORMALS FOR TOMORROW
                         NORMAL    RECORD    YEAR
 MAXIMUM TEMPERATURE (F)   25        51      1976
 MINIMUM TEMPERATURE (F)    6       -30      1950


SUNRISE AND SUNSET
FEBRUARY 23 2018......SUNRISE   721 AM CST   SUNSET   604 PM CST
FEBRUARY 24 2018......SUNRISE   719 AM CST   SUNSET   606 PM CST


-  INDICATES NEGATIVE NUMBERS.
R  INDICATES RECORD WAS SET OR TIED.
MM INDICATES DATA IS MISSING.
T  INDICATES TRACE AMOUNT.




$$
