000
CDUS41 KALY 220623
CLIGFL


CLIMATE REPORT
NATIONAL WEATHER SERVICE ALBANY NY
223 AM EDT WED OCT 22 2014


...................................

...THE GLENS FALLS NY CLIMATE SUMMARY FOR OCTOBER 21 2014...

CLIMATE NORMAL PERIOD 1981 TO 2010
CLIMATE RECORD PERIOD 1949 TO 2014


WEATHER ITEM   OBSERVED TIME   RECORD YEAR NORMAL DEPARTURE LAST
                VALUE   (LST)  VALUE       VALUE  FROM      YEAR
                                                  NORMAL
..................................................................
TEMPERATURE (F)
 YESTERDAY
  MAXIMUM         54    330 PM  80    1979  56     -2       64
  MINIMUM         44    632 AM  18    1972  34     10       33
  AVERAGE         49                        45      4       49

PRECIPITATION (IN)
  YESTERDAY        0.09          1.77 1995   0.11  -0.02     0.00
  MONTH TO DATE    2.32                      2.40  -0.08     1.75
  SINCE SEP 1      3.45                      5.78  -2.33     4.18
  SINCE JAN 1     29.49                     31.59  -2.10    29.45

DEGREE DAYS
 HEATING
  YESTERDAY       16                        20     -4       16
  MONTH TO DATE  233                       352   -119      230
  SINCE SEP 1    410                       571   -161      477
  SINCE JUL 1    425                       637   -212      515

 COOLING
  YESTERDAY        0                         0      0        0
  MONTH TO DATE    7                         0      7        0
  SINCE SEP 1     54                        24     30       43
  SINCE JAN 1    392                       351     41      537
..................................................................


WIND (MPH)
  HIGHEST WIND SPEED    13   HIGHEST WIND DIRECTION     N (10)
  HIGHEST GUST SPEED    15   HIGHEST GUST DIRECTION     N (10)
  AVERAGE WIND SPEED     4.6


SKY COVER
  AVERAGE SKY COVER 0.9



RELATIVE HUMIDITY (PERCENT)
 HIGHEST    93           900 AM
 LOWEST     76          1200 AM
 AVERAGE    85

..........................................................


THE GLENS FALLS NY CLIMATE NORMALS FOR TODAY
                         NORMAL    RECORD    YEAR
 MAXIMUM TEMPERATURE (F)   56        81      1979
 MINIMUM TEMPERATURE (F)   33        20      1959


SUNRISE AND SUNSET
OCTOBER 22 2014.......SUNRISE   717 AM EDT   SUNSET   600 PM EDT
OCTOBER 23 2014.......SUNRISE   718 AM EDT   SUNSET   559 PM EDT


-  INDICATES NEGATIVE NUMBERS.
R  INDICATES RECORD WAS SET OR TIED.
MM INDICATES DATA IS MISSING.
T  INDICATES TRACE AMOUNT.




$$
