000
CDUS44 KSHV 280757
CLIGGG


CLIMATE REPORT
NATIONAL WEATHER SERVICE SHREVEPORT, LA
256 AM CDT THU APR 28 2016


...................................

...THE LONGVIEW CLIMATE SUMMARY FOR APRIL 27 2016...

CLIMATE NORMAL PERIOD 1981 TO 2010
CLIMATE RECORD PERIOD 1902 TO 2016


WEATHER ITEM   OBSERVED TIME   RECORD YEAR NORMAL DEPARTURE LAST
                VALUE   (LST)  VALUE       VALUE  FROM      YEAR
                                                  NORMAL
..................................................................
TEMPERATURE (F)
 YESTERDAY
  MAXIMUM         84    421 PM  88    1994  79      5       75
  MINIMUM         59   1151 PM  39    1920  57      2       58
  AVERAGE         72                        68      4       67

PRECIPITATION (IN)
  YESTERDAY        0.64          4.47 1957   0.11   0.53     0.40
  MONTH TO DATE    5.17                      2.87   2.30     6.00
  SINCE DEC 1     26.16                     19.07   7.09    25.35
  SINCE JAN 1     20.10                     14.58   5.52    23.05

SNOWFALL (IN)
  YESTERDAY        0.0
  MONTH TO DATE    0.0
  SINCE MAR 1      0.0
  SINCE JUL 1      0.0
  SNOW DEPTH       0

DEGREE DAYS
 HEATING
  YESTERDAY        0                         1     -1        0
  MONTH TO DATE   49                        86    -37       30
  SINCE MAR 1    190                       341   -151      299
  SINCE JUL 1   1639                      2245   -606     2272

 COOLING
  YESTERDAY        7                         4      3        2
  MONTH TO DATE   75                        73      2      137
  SINCE MAR 1    113                       100     13      162
  SINCE JAN 1    119                       112      7      162
..................................................................


WIND (MPH)
  HIGHEST WIND SPEED    32   HIGHEST WIND DIRECTION    NW (300)
  HIGHEST GUST SPEED    37   HIGHEST GUST DIRECTION     W (290)
  AVERAGE WIND SPEED     7.8


SKY COVER
  POSSIBLE SUNSHINE  MM
  AVERAGE SKY COVER 0.3


WEATHER CONDITIONS
 THE FOLLOWING WEATHER WAS RECORDED YESTERDAY.
  THUNDERSTORM
  HEAVY RAIN
  RAIN
  LIGHT RAIN
  FOG


RELATIVE HUMIDITY (PERCENT)
 HIGHEST    93           800 AM
 LOWEST     37           400 PM
 AVERAGE    65

..........................................................


THE LONGVIEW CLIMATE NORMALS FOR TODAY
                         NORMAL    RECORD    YEAR
 MAXIMUM TEMPERATURE (F)   79        91      1938
 MINIMUM TEMPERATURE (F)   57        42      2008
                                             1921


SUNRISE AND SUNSET
APRIL 28 2016.........SUNRISE   635 AM CDT   SUNSET   758 PM CDT
APRIL 29 2016.........SUNRISE   634 AM CDT   SUNSET   759 PM CDT


-  INDICATES NEGATIVE NUMBERS.
R  INDICATES RECORD WAS SET OR TIED.
MM INDICATES DATA IS MISSING.
T  INDICATES TRACE AMOUNT.




$$
