000
CDUS44 KSHV 170848
CLIGGG


CLIMATE REPORT
NATIONAL WEATHER SERVICE SHREVEPORT, LA
244 AM CST TUE JAN 17 2017


...................................

...THE LONGVIEW CLIMATE SUMMARY FOR JANUARY 16 2017...

CLIMATE NORMAL PERIOD 1981 TO 2010
CLIMATE RECORD PERIOD 1902 TO 2017


WEATHER ITEM   OBSERVED TIME   RECORD YEAR NORMAL DEPARTURE LAST
                VALUE   (LST)  VALUE       VALUE  FROM      YEAR
                                                  NORMAL
..................................................................
TEMPERATURE (F)
 YESTERDAY
  MAXIMUM         73    146 PM  80    1935  57     16       48
  MINIMUM         57   1159 PM  15    1992  36     21       34
  AVERAGE         65                        46     19       41

PRECIPITATION (IN)
  YESTERDAY        1.46          2.40 2011   0.11   1.35     0.10
  MONTH TO DATE    2.12                      1.64   0.48     0.75
  SINCE DEC 1      6.92                      6.13   0.79     6.81
  SINCE JAN 1      2.12                      1.64   0.48     0.75

SNOWFALL (IN)
  YESTERDAY        0.0
  MONTH TO DATE    0.0
  SINCE DEC 1      0.0
  SINCE JUL 1      0.0
  SNOW DEPTH       0

DEGREE DAYS
 HEATING
  YESTERDAY        0                        19    -19       24
  MONTH TO DATE  200                       304   -104      314
  SINCE DEC 1    615                       838   -223      671
  SINCE JUL 1    775                      1210   -435      871

 COOLING
  YESTERDAY        0                         0      0        0
  MONTH TO DATE   19                         0     19        0
  SINCE DEC 1     37                         6     31       22
  SINCE JAN 1     19                         0     19        0
..................................................................


WIND (MPH)
  HIGHEST WIND SPEED    23   HIGHEST WIND DIRECTION     S (180)
  HIGHEST GUST SPEED    30   HIGHEST GUST DIRECTION     S (200)
  AVERAGE WIND SPEED    10.0


SKY COVER
  POSSIBLE SUNSHINE  MM
  AVERAGE SKY COVER 0.9


WEATHER CONDITIONS
 THE FOLLOWING WEATHER WAS RECORDED YESTERDAY.
  HEAVY RAIN
  RAIN
  LIGHT RAIN
  FOG


RELATIVE HUMIDITY (PERCENT)
 HIGHEST   100           600 AM
 LOWEST     79           100 PM
 AVERAGE    90

..........................................................


THE LONGVIEW CLIMATE NORMALS FOR TODAY
                         NORMAL    RECORD    YEAR
 MAXIMUM TEMPERATURE (F)   57        77      1999
 MINIMUM TEMPERATURE (F)   36        16      1957


SUNRISE AND SUNSET
JANUARY 17 2017.......SUNRISE   720 AM CST   SUNSET   539 PM CST
JANUARY 18 2017.......SUNRISE   720 AM CST   SUNSET   539 PM CST


-  INDICATES NEGATIVE NUMBERS.
R  INDICATES RECORD WAS SET OR TIED.
MM INDICATES DATA IS MISSING.
T  INDICATES TRACE AMOUNT.




$$
