000
CDUS44 KSHV 260748
CLIGGG


CLIMATE REPORT
NATIONAL WEATHER SERVICE SHREVEPORT, LA
248 AM CDT THU MAY 26 2016


...................................

...THE LONGVIEW CLIMATE SUMMARY FOR MAY 25 2016...

CLIMATE NORMAL PERIOD 1981 TO 2010
CLIMATE RECORD PERIOD 1902 TO 2016


WEATHER ITEM   OBSERVED TIME   RECORD YEAR NORMAL DEPARTURE LAST
                VALUE   (LST)  VALUE       VALUE  FROM      YEAR
                                                  NORMAL
..................................................................
TEMPERATURE (F)
 YESTERDAY
  MAXIMUM         88    318 PM  99    1937  86      2       86
  MINIMUM         75    509 AM  50    1967  65     10       64
  AVERAGE         82                        75      7       75

PRECIPITATION (IN)
  YESTERDAY        T             1.63 1907   0.16  -0.16     1.59
  MONTH TO DATE    1.83                      3.82  -1.99     9.92
  SINCE DEC 1     32.18                     23.24   8.94    35.46
  SINCE JAN 1     26.12                     18.75   7.37    33.16

SNOWFALL (IN)
  YESTERDAY        0.0
  MONTH TO DATE    0.0
  SINCE MAR 1      0.0
  SINCE JUL 1      0.0
  SNOW DEPTH       0

DEGREE DAYS
 HEATING
  YESTERDAY        0                         0      0        0
  MONTH TO DATE   15                         8      7        0
  SINCE MAR 1    205                       353   -148      309
  SINCE JUL 1   1654                      2257   -603     2282

 COOLING
  YESTERDAY       17                        10      7       10
  MONTH TO DATE  158                       190    -32      224
  SINCE MAR 1    295                       301     -6      387
  SINCE JAN 1    301                       313    -12      387
..................................................................


WIND (MPH)
  HIGHEST WIND SPEED    18   HIGHEST WIND DIRECTION     S (190)
  HIGHEST GUST SPEED    24   HIGHEST GUST DIRECTION     S (190)
  AVERAGE WIND SPEED    10.8


SKY COVER
  POSSIBLE SUNSHINE  MM
  AVERAGE SKY COVER 0.7


WEATHER CONDITIONS
 THE FOLLOWING WEATHER WAS RECORDED YESTERDAY.
  LIGHT RAIN


RELATIVE HUMIDITY (PERCENT)
 HIGHEST    87           200 AM
 LOWEST     63           100 PM
 AVERAGE    75

..........................................................


THE LONGVIEW CLIMATE NORMALS FOR TODAY
                         NORMAL    RECORD    YEAR
 MAXIMUM TEMPERATURE (F)   86        98      1942
 MINIMUM TEMPERATURE (F)   65        50      1930


SUNRISE AND SUNSET
MAY 26 2016...........SUNRISE   614 AM CDT   SUNSET   818 PM CDT
MAY 27 2016...........SUNRISE   614 AM CDT   SUNSET   818 PM CDT


-  INDICATES NEGATIVE NUMBERS.
R  INDICATES RECORD WAS SET OR TIED.
MM INDICATES DATA IS MISSING.
T  INDICATES TRACE AMOUNT.




$$
