000
CDUS44 KSHV 240746
CLIGGG


CLIMATE REPORT
NATIONAL WEATHER SERVICE SHREVEPORT, LA
242 AM CDT TUE OCT 24 2017


...................................

...THE LONGVIEW CLIMATE SUMMARY FOR OCTOBER 23 2017...

CLIMATE NORMAL PERIOD 1981 TO 2010
CLIMATE RECORD PERIOD 1902 TO 2017


WEATHER ITEM   OBSERVED TIME   RECORD YEAR NORMAL DEPARTURE LAST
                VALUE   (LST)  VALUE       VALUE  FROM      YEAR
                                                  NORMAL
..................................................................
TEMPERATURE (F)
 YESTERDAY
  MAXIMUM         80    344 PM  94    1939  76      4       78
  MINIMUM         44    637 AM  35    2006  52     -8       47
                                      1952
  AVERAGE         62                        64     -2       63

PRECIPITATION (IN)
  YESTERDAY        0.00          3.04 1935   0.16  -0.16     0.00
  MONTH TO DATE    1.63                      3.51  -1.88     0.79
  SINCE DEC 1     41.98                     41.99  -0.01    47.86
  SINCE JAN 1     37.18                     37.50  -0.32    41.80

SNOWFALL (IN)
  YESTERDAY        0.0
  MONTH TO DATE    0.0
  SINCE SEP 1      0.0
  SINCE JUL 1      0.0
  SNOW DEPTH       0

DEGREE DAYS
 HEATING
  YESTERDAY        3                         4     -1        2
  MONTH TO DATE   15                        46    -31       14
  SINCE SEP 1     15                        52    -37       14
  SINCE JUL 1     15                        52    -37       14

 COOLING
  YESTERDAY        0                         3     -3        0
  MONTH TO DATE  177                        96     81      169
  SINCE SEP 1    545                       435    110      591
  SINCE JAN 1   2613                      2375    238     2636
..................................................................


WIND (MPH)
  HIGHEST WIND SPEED    14   HIGHEST WIND DIRECTION    SW (240)
  HIGHEST GUST SPEED    18   HIGHEST GUST DIRECTION    SW (240)
  AVERAGE WIND SPEED     4.3


SKY COVER
  POSSIBLE SUNSHINE  MM
  AVERAGE SKY COVER 0.0


WEATHER CONDITIONS
 THE FOLLOWING WEATHER WAS RECORDED YESTERDAY.
  NO SIGNIFICANT WEATHER WAS OBSERVED.


RELATIVE HUMIDITY (PERCENT)
 HIGHEST   100           500 AM
 LOWEST     26           300 PM
 AVERAGE    63

..........................................................


THE LONGVIEW CLIMATE NORMALS FOR TODAY
                         NORMAL    RECORD    YEAR
 MAXIMUM TEMPERATURE (F)   76        90      1927
 MINIMUM TEMPERATURE (F)   52        31      1929


SUNRISE AND SUNSET
OCTOBER 24 2017.......SUNRISE   730 AM CDT   SUNSET   636 PM CDT
OCTOBER 25 2017.......SUNRISE   731 AM CDT   SUNSET   635 PM CDT


-  INDICATES NEGATIVE NUMBERS.
R  INDICATES RECORD WAS SET OR TIED.
MM INDICATES DATA IS MISSING.
T  INDICATES TRACE AMOUNT.




$$
