000
CDUS44 KSHV 260752
CLIGGG


CLIMATE REPORT
NATIONAL WEATHER SERVICE SHREVEPORT, LA
251 AM CDT SUN MAR 26 2017


...................................

...THE LONGVIEW CLIMATE SUMMARY FOR MARCH 25 2017...

CLIMATE NORMAL PERIOD 1981 TO 2010
CLIMATE RECORD PERIOD 1902 TO 2017


WEATHER ITEM   OBSERVED TIME   RECORD YEAR NORMAL DEPARTURE LAST
                VALUE   (LST)  VALUE       VALUE  FROM      YEAR
                                                  NORMAL
..................................................................
TEMPERATURE (F)
 YESTERDAY
  MAXIMUM         74    305 PM  90    1935  71      3       67
  MINIMUM         53   1159 PM  29    2013  48      5       38
  AVERAGE         64                        60      4       53

PRECIPITATION (IN)
  YESTERDAY        0.00          1.50 1922   0.15  -0.15     0.00
  MONTH TO DATE    2.00                      3.55  -1.55    10.54
  SINCE DEC 1     14.77                     15.40  -0.63    20.88
  SINCE JAN 1      9.97                     10.91  -0.94    14.82

SNOWFALL (IN)
  YESTERDAY        0.0
  MONTH TO DATE    0.0
  SINCE MAR 1      0.0
  SINCE JUL 1      0.0
  SNOW DEPTH       0

DEGREE DAYS
 HEATING
  YESTERDAY        1                         7     -6       12
  MONTH TO DATE  144                       220    -76      124
  SINCE MAR 1    144                       220    -76      124
  SINCE JUL 1   1245                      2124   -879     1573

 COOLING
  YESTERDAY        0                         1     -1        0
  MONTH TO DATE   69                        25     44       24
  SINCE MAR 1     69                        25     44       24
  SINCE JAN 1    140                        37    103       30
..................................................................


WIND (MPH)
  HIGHEST WIND SPEED    17   HIGHEST WIND DIRECTION     W (280)
  HIGHEST GUST SPEED    23   HIGHEST GUST DIRECTION     S (190)
  AVERAGE WIND SPEED     7.8


SKY COVER
  POSSIBLE SUNSHINE  MM
  AVERAGE SKY COVER 0.1


WEATHER CONDITIONS
 THE FOLLOWING WEATHER WAS RECORDED YESTERDAY.
  NO SIGNIFICANT WEATHER WAS OBSERVED.


RELATIVE HUMIDITY (PERCENT)
 HIGHEST    93           100 AM
 LOWEST     46           300 PM
 AVERAGE    70

..........................................................


THE LONGVIEW CLIMATE NORMALS FOR TODAY
                         NORMAL    RECORD    YEAR
 MAXIMUM TEMPERATURE (F)   71        90      1938
 MINIMUM TEMPERATURE (F)   48        24      1955


SUNRISE AND SUNSET
MARCH 26 2017.........SUNRISE   714 AM CDT   SUNSET   735 PM CDT
MARCH 27 2017.........SUNRISE   713 AM CDT   SUNSET   736 PM CDT


-  INDICATES NEGATIVE NUMBERS.
R  INDICATES RECORD WAS SET OR TIED.
MM INDICATES DATA IS MISSING.
T  INDICATES TRACE AMOUNT.




$$
