000
CDUS44 KSHV 230843
CLIGGG


CLIMATE REPORT
NATIONAL WEATHER SERVICE SHREVEPORT, LA
243 AM CST TUE JAN 23 2018


...................................

...THE LONGVIEW CLIMATE SUMMARY FOR JANUARY 22 2018...

CLIMATE NORMAL PERIOD 1981 TO 2010
CLIMATE RECORD PERIOD 1902 TO 2018


WEATHER ITEM   OBSERVED TIME   RECORD YEAR NORMAL DEPARTURE LAST
                VALUE   (LST)  VALUE       VALUE  FROM      YEAR
                                                  NORMAL
..................................................................
TEMPERATURE (F)
 YESTERDAY
  MAXIMUM         65   1256 AM  80    1909  58      7       64
  MINIMUM         44   1154 PM   6    1930  36      8       52
  AVERAGE         55                        46      9       58

PRECIPITATION (IN)
  YESTERDAY        0.15          2.49 1980   0.10   0.05     0.02
  MONTH TO DATE    2.71                      2.27   0.44     5.50
  SINCE DEC 1      8.04                      6.76   1.28    10.30
  SINCE JAN 1      2.71                      2.27   0.44     5.50

SNOWFALL (IN)
  YESTERDAY        0.0
  MONTH TO DATE    T
  SINCE DEC 1      T
  SINCE JUL 1      T
  SNOW DEPTH       0

DEGREE DAYS
 HEATING
  YESTERDAY       10                        19     -9        7
  MONTH TO DATE  530                       418    112      242
  SINCE DEC 1   1042                       952     90      657
  SINCE JUL 1   1322                      1324     -2      817

 COOLING
  YESTERDAY        0                         0      0        0
  MONTH TO DATE    3                         0      3       19
  SINCE DEC 1      7                         6      1       37
  SINCE JAN 1      3                         0      3       19
..................................................................


WIND (MPH)
  HIGHEST WIND SPEED    32   HIGHEST WIND DIRECTION     W (290)
  HIGHEST GUST SPEED    40   HIGHEST GUST DIRECTION    NW (310)
  AVERAGE WIND SPEED    11.4


SKY COVER
  POSSIBLE SUNSHINE  MM
  AVERAGE SKY COVER 0.1


WEATHER CONDITIONS
 THE FOLLOWING WEATHER WAS RECORDED YESTERDAY.
  THUNDERSTORM
  LIGHT RAIN
  FOG


RELATIVE HUMIDITY (PERCENT)
 HIGHEST   100           100 AM
 LOWEST     27           400 PM
 AVERAGE    64

..........................................................


THE LONGVIEW CLIMATE NORMALS FOR TODAY
                         NORMAL    RECORD    YEAR
 MAXIMUM TEMPERATURE (F)   58        80      1944
 MINIMUM TEMPERATURE (F)   36        10      1940


SUNRISE AND SUNSET
JANUARY 23 2018.......SUNRISE   718 AM CST   SUNSET   544 PM CST
JANUARY 24 2018.......SUNRISE   717 AM CST   SUNSET   545 PM CST


-  INDICATES NEGATIVE NUMBERS.
R  INDICATES RECORD WAS SET OR TIED.
MM INDICATES DATA IS MISSING.
T  INDICATES TRACE AMOUNT.




$$
