000
CDUS44 KSHV 292134
CLIGGG


CLIMATE REPORT
NATIONAL WEATHER SERVICE SHREVEPORT, LA
433 PM CDT FRI AUG 29 2014


...................................

...THE LONGVIEW CLIMATE SUMMARY FOR AUGUST 29 2014...
VALID TODAY AS OF 0400 PM LOCAL TIME.

CLIMATE NORMAL PERIOD 1981 TO 2010
CLIMATE RECORD PERIOD 1902 TO 2014


WEATHER ITEM   OBSERVED TIME   RECORD YEAR NORMAL DEPARTURE LAST
                VALUE   (LST)  VALUE       VALUE  FROM      YEAR
                                                  NORMAL
..................................................................
TEMPERATURE (F)
 TODAY
  MAXIMUM         96    256 PM 103    2000  93      3      102
  MINIMUM         77    631 AM  55    1992  70      7       77
  AVERAGE         87                        81      6       90

PRECIPITATION (IN)
  TODAY            T             1.62 1974   0.10  -0.10     0.00
  MONTH TO DATE    0.22                      2.80  -2.58     1.06
  SINCE DEC 1     30.16                     34.92  -4.76    24.68
  SINCE JAN 1     26.01                     30.43  -4.42    20.33

DEGREE DAYS
 HEATING
  TODAY            0                         0      0        0
  MONTH TO DATE    0                         0      0        0
  SINCE JUN 1      0                         0      0        0
  SINCE JUL 1      0                         0      0        0

 COOLING
  TODAY           22                        16      6       25
  MONTH TO DATE  518                       519     -1      592
  SINCE JUN 1   1464                      1530    -66     1660
  SINCE JAN 1   1818                      1909    -91     2048
..................................................................


WIND (MPH)
  HIGHEST WIND SPEED    14   HIGHEST WIND DIRECTION    SE (150)
  HIGHEST GUST SPEED    19   HIGHEST GUST DIRECTION     S (160)
  AVERAGE WIND SPEED     6.5


SKY COVER
  POSSIBLE SUNSHINE  MM
  AVERAGE SKY COVER 0.5


WEATHER CONDITIONS
 THE FOLLOWING WEATHER WAS RECORDED TODAY.
  THUNDERSTORM
  LIGHT RAIN


RELATIVE HUMIDITY (PERCENT)
 HIGHEST    85           700 AM
 LOWEST     35           300 PM
 AVERAGE    60

..........................................................


THE LONGVIEW CLIMATE NORMALS FOR TOMORROW
                         NORMAL    RECORD    YEAR
 MAXIMUM TEMPERATURE (F)   93       105      2000
 MINIMUM TEMPERATURE (F)   70        56      1992


SUNRISE AND SUNSET
AUGUST 29 2014........SUNRISE   652 AM CDT   SUNSET   747 PM CDT
AUGUST 30 2014........SUNRISE   653 AM CDT   SUNSET   746 PM CDT


-  INDICATES NEGATIVE NUMBERS.
R  INDICATES RECORD WAS SET OR TIED.
MM INDICATES DATA IS MISSING.
T  INDICATES TRACE AMOUNT.




$$
