000
CDUS44 KSHV 010740
CLIGGG


CLIMATE REPORT
NATIONAL WEATHER SERVICE SHREVEPORT, LA
236 AM CDT WED JUL 1 2015


...................................

...THE LONGVIEW CLIMATE SUMMARY FOR JUNE 30 2015...

CLIMATE NORMAL PERIOD 1981 TO 2010
CLIMATE RECORD PERIOD 1902 TO 2015


WEATHER ITEM   OBSERVED TIME   RECORD YEAR NORMAL DEPARTURE LAST
                VALUE   (LST)  VALUE       VALUE  FROM      YEAR
                                                  NORMAL
..................................................................
TEMPERATURE (F)
 YESTERDAY
  MAXIMUM         MM        MM 108    1917  92     MM       92
  MINIMUM         MM        MM  58    1974  73     MM       76
  AVERAGE         MM                        82     MM       84

PRECIPITATION (IN)
  YESTERDAY        0.00          2.13 2000   0.15  -0.15     0.00
  MONTH TO DATE    6.65                      5.01   1.64     4.01
  SINCE DEC 1     43.76                     29.23  14.53    26.32
  SINCE JAN 1     41.46                     24.74  16.72    22.17

SNOWFALL (IN)
  YESTERDAY        0.0
  MONTH TO DATE    0.0
  SINCE JUN 1      0.0
  SINCE JUL 1      3.1
  SNOW DEPTH       0

DEGREE DAYS
 HEATING
  YESTERDAY       MM                         0     MM        0
  MONTH TO DATE    0                         0      0        0
  SINCE JUN 1      0                         0      0        0
  SINCE JUL 1   2282                      2258     24     2611

 COOLING
  YESTERDAY       MM                        17     MM       19
  MONTH TO DATE  486                       439     47      460
  SINCE JUN 1    486                       439     47      460
  SINCE JAN 1    944                       818    126      814
..................................................................


WIND (MPH)
  HIGHEST WIND SPEED    16   HIGHEST WIND DIRECTION     S (200)
  HIGHEST GUST SPEED    28   HIGHEST GUST DIRECTION     S (200)
  AVERAGE WIND SPEED     9.0


SKY COVER
  POSSIBLE SUNSHINE  MM
  AVERAGE SKY COVER 0.1


WEATHER CONDITIONS
 THE FOLLOWING WEATHER WAS RECORDED YESTERDAY.
  FOG


RELATIVE HUMIDITY (PERCENT)
 HIGHEST    94           500 AM
 LOWEST     52          1200 PM
 AVERAGE    73

..........................................................


THE LONGVIEW CLIMATE NORMALS FOR TODAY
                         NORMAL    RECORD    YEAR
 MAXIMUM TEMPERATURE (F)   92       104      1917
 MINIMUM TEMPERATURE (F)   73        56      1950


SUNRISE AND SUNSET
JULY  1 2015..........SUNRISE   615 AM CDT   SUNSET   830 PM CDT
JULY  2 2015..........SUNRISE   616 AM CDT   SUNSET   830 PM CDT


-  INDICATES NEGATIVE NUMBERS.
R  INDICATES RECORD WAS SET OR TIED.
MM INDICATES DATA IS MISSING.
T  INDICATES TRACE AMOUNT.




$$
