944
CDUS45 KGGW 240015
CLIGGW


CLIMATE REPORT
NATIONAL WEATHER SERVICE GLASGOW MT
615 PM MDT SAT JUL 23 2016


...................................

...THE GLASGOW MT CLIMATE SUMMARY FOR JULY 23 2016...
VALID TODAY AS OF 0500 PM LOCAL TIME.

CLIMATE NORMAL PERIOD 1981 TO 2010
CLIMATE RECORD PERIOD 1893 TO 2016


WEATHER ITEM   OBSERVED TIME   RECORD YEAR NORMAL DEPARTURE LAST
                VALUE   (LST)  VALUE       VALUE  FROM      YEAR
                                                  NORMAL
..................................................................
TEMPERATURE (F)
 TODAY
  MAXIMUM         81        MM 106    1931  87     -6       77
  MINIMUM         62        MM  36    1911  58      4       58
  AVERAGE         72                        72      0       68

PRECIPITATION (IN)
  TODAY            T             1.03 2012   0.05  -0.05     0.06
  MONTH TO DATE    2.84                      1.40   1.44     0.57
  SINCE OCT 1     17.54                      9.10   8.44     8.73
  SINCE JAN 1     14.56                      7.55   7.01     7.47

SNOWFALL (IN)
  TODAY            0.0           0.0  2002   0.0    0.0      0.0
                                      2001
                                      2000
  MONTH TO DATE    0.0                       0.0    0.0      0.0
  SINCE JUN 1      0.0                       0.0    0.0      0.0
  SINCE JUL 1      0.0                       0.0    0.0      0.0
  SNOW DEPTH       0

DEGREE DAYS
 HEATING
  TODAY            0                         0      0        0
  MONTH TO DATE    8                        15     -7        2
  SINCE JUN 1     40                       120    -80       48
  SINCE JUL 1      8                        15     -7        2

 COOLING
  TODAY            7                         8     -1        3
  MONTH TO DATE  108                       143    -35      165
  SINCE JUN 1    177                       218    -41      292
  SINCE JAN 1    188                       235    -47      292
..................................................................


WIND (MPH)
  HIGHEST WIND SPEED    31   HIGHEST WIND DIRECTION    NW (300)
  HIGHEST GUST SPEED    41   HIGHEST GUST DIRECTION     W (280)
  AVERAGE WIND SPEED    20.4


SKY COVER
  POSSIBLE SUNSHINE  MM
  AVERAGE SKY COVER 0.1


WEATHER CONDITIONS
 THE FOLLOWING WEATHER WAS RECORDED TODAY.
  RAIN


RELATIVE HUMIDITY (PERCENT)
 HIGHEST    78           300 AM
 LOWEST     33           400 PM
 AVERAGE    56

..........................................................


THE GLASGOW MT CLIMATE NORMALS FOR TOMORROW
                         NORMAL    RECORD    YEAR
 MAXIMUM TEMPERATURE (F)   87       108      1929
 MINIMUM TEMPERATURE (F)   58        42      1901


SUNRISE AND SUNSET
JULY 23 2016..........SUNRISE   532 AM MDT   SUNSET   854 PM MDT
JULY 24 2016..........SUNRISE   533 AM MDT   SUNSET   853 PM MDT


-  INDICATES NEGATIVE NUMBERS.
R  INDICATES RECORD WAS SET OR TIED.
MM INDICATES DATA IS MISSING.
T  INDICATES TRACE AMOUNT.




$$
