000
CDUS45 KGGW 180017
CLIGGW


CLIMATE REPORT
NATIONAL WEATHER SERVICE GLASGOW MT
616 PM MDT THU APR 17 2014


...................................

...THE GLASGOW MT CLIMATE SUMMARY FOR APRIL 17 2014...
VALID TODAY AS OF 0500 PM LOCAL TIME.

CLIMATE NORMAL PERIOD 1981 TO 2010
CLIMATE RECORD PERIOD 1893 TO 2014


WEATHER ITEM   OBSERVED TIME   RECORD YEAR NORMAL DEPARTURE LAST
                VALUE   (LST)  VALUE       VALUE  FROM      YEAR
                                                  NORMAL
..................................................................
TEMPERATURE (F)
 TODAY
  MAXIMUM         57        MM  87    1931  59     -2       31
  MINIMUM         23    100 AM  14    1989  33    -10       18
  AVERAGE         40                        46     -6       25

PRECIPITATION (IN)
  TODAY            0.00          0.75 1896   0.02  -0.02     0.02
  MONTH TO DATE    T                         0.39  -0.39     1.07
  SINCE OCT 1      2.51                      2.99  -0.48     4.93
  SINCE JAN 1      1.06                      1.44  -0.38     2.73

SNOWFALL (IN)
  TODAY            0.0           7.5  1896   0.0    0.0      0.5
  MONTH TO DATE    0.0                       1.3   -1.3     11.6
  SINCE MAR 1      6.6                       6.0    0.6     24.9
  SINCE JUL 1     30.4                      33.0   -2.6     62.2
  SNOW DEPTH       0

DEGREE DAYS
 HEATING
  TODAY           25                        19      6       40
  MONTH TO DATE  447                       381     66      505
  SINCE MAR 1   1601                      1415    186     1761
  SINCE JUL 1   8249                      7785    464     7968

 COOLING
  TODAY            0                         0      0        0
  MONTH TO DATE    0                         0      0        0
  SINCE MAR 1      0                         0      0        0
  SINCE JAN 1      0                         0      0        0
..................................................................


WIND (MPH)
  HIGHEST WIND SPEED    23   HIGHEST WIND DIRECTION    SE (130)
  HIGHEST GUST SPEED    30   HIGHEST GUST DIRECTION     E (110)
  AVERAGE WIND SPEED    17.3


SKY COVER
  POSSIBLE SUNSHINE  MM
  AVERAGE SKY COVER 0.6


WEATHER CONDITIONS
 THE FOLLOWING WEATHER WAS RECORDED TODAY.
  NO SIGNIFICANT WEATHER WAS OBSERVED.


RELATIVE HUMIDITY (PERCENT)
 HIGHEST    88           600 AM
 LOWEST     36           300 PM
 AVERAGE    62

..........................................................


THE GLASGOW MT CLIMATE NORMALS FOR TOMORROW
                         NORMAL    RECORD    YEAR
 MAXIMUM TEMPERATURE (F)   59        84      1936
 MINIMUM TEMPERATURE (F)   33        12      1928


SUNRISE AND SUNSET
APRIL 17 2014.........SUNRISE   613 AM MDT   SUNSET   800 PM MDT
APRIL 18 2014.........SUNRISE   611 AM MDT   SUNSET   802 PM MDT


-  INDICATES NEGATIVE NUMBERS.
R  INDICATES RECORD WAS SET OR TIED.
MM INDICATES DATA IS MISSING.
T  INDICATES TRACE AMOUNT.




$$

SNOW DEPTH AT 12Z/6AM MDT
