000
CDUS45 KGGW 260740
CLIGGW


CLIMATE REPORT
NATIONAL WEATHER SERVICE GLASGOW MT
140 AM MDT WED APR 26 2017


...................................

...THE GLASGOW MT CLIMATE SUMMARY FOR APRIL 25 2017...

CLIMATE NORMAL PERIOD 1981 TO 2010
CLIMATE RECORD PERIOD 1893 TO 2017


WEATHER ITEM   OBSERVED TIME   RECORD YEAR NORMAL DEPARTURE LAST
                VALUE   (LST)  VALUE       VALUE  FROM      YEAR
                                                  NORMAL
..................................................................
TEMPERATURE (F)
 YESTERDAY
  MAXIMUM         45    430 PM  91    1952  62    -17       35
  MINIMUM         29    621 AM  13    2002  35     -6       32
  AVERAGE         37                        48    -11       34

PRECIPITATION (IN)
  YESTERDAY        T             1.03 1998   0.04  -0.04     0.70
  MONTH TO DATE    0.46                      0.66  -0.20     2.09
  SINCE OCT 1      5.50                      3.26   2.24     6.21
  SINCE JAN 1      1.97                      1.71   0.26     3.23

SNOWFALL (IN)
  YESTERDAY        0.0           1.7  2016   0.0    0.0      1.7
  MONTH TO DATE    0.0                       1.7   -1.7      3.2
  SINCE MAR 1      6.2                       6.4   -0.2      6.1
  SINCE JUL 1     37.7                      33.4    4.3     27.6
  SNOW DEPTH       0

DEGREE DAYS
 HEATING
  YESTERDAY       28                        17     11       31
  MONTH TO DATE  489                       524    -35      446
  SINCE MAR 1   1444                      1558   -114     1218
  SINCE JUL 1   7551                      7928   -377     6683

 COOLING
  YESTERDAY        0                         0      0        0
  MONTH TO DATE    0                         0      0        0
  SINCE MAR 1      0                         0      0        0
  SINCE JAN 1      0                         0      0        0
..................................................................


WIND (MPH)
  HIGHEST WIND SPEED    17   HIGHEST WIND DIRECTION     E (110)
  HIGHEST GUST SPEED    22   HIGHEST GUST DIRECTION     E (110)
  AVERAGE WIND SPEED    12.0


SKY COVER
  POSSIBLE SUNSHINE  MM
  AVERAGE SKY COVER 1.0


WEATHER CONDITIONS
 THE FOLLOWING WEATHER WAS RECORDED YESTERDAY.
  LIGHT RAIN
  FOG


RELATIVE HUMIDITY (PERCENT)
 HIGHEST    92           600 AM
 LOWEST     45           500 PM
 AVERAGE    69

..........................................................


THE GLASGOW MT CLIMATE NORMALS FOR TODAY
                         NORMAL    RECORD    YEAR
 MAXIMUM TEMPERATURE (F)   62        93      1952
 MINIMUM TEMPERATURE (F)   35        17      1931


SUNRISE AND SUNSET
APRIL 26 2017.........SUNRISE   556 AM MDT   SUNSET   814 PM MDT
APRIL 27 2017.........SUNRISE   554 AM MDT   SUNSET   815 PM MDT


-  INDICATES NEGATIVE NUMBERS.
R  INDICATES RECORD WAS SET OR TIED.
MM INDICATES DATA IS MISSING.
T  INDICATES TRACE AMOUNT.

$$
