000
CDUS45 KGGW 310740
CLIGGW


CLIMATE REPORT
NATIONAL WEATHER SERVICE GLASGOW MT
140 AM MDT SUN AUG 31 2014


...................................

...THE GLASGOW MT CLIMATE SUMMARY FOR AUGUST 30 2014...

CLIMATE NORMAL PERIOD 1981 TO 2010
CLIMATE RECORD PERIOD 1893 TO 2014


WEATHER ITEM   OBSERVED TIME   RECORD YEAR NORMAL DEPARTURE LAST
                VALUE   (LST)  VALUE       VALUE  FROM      YEAR
                                                  NORMAL
..................................................................
TEMPERATURE (F)
 YESTERDAY
  MAXIMUM         68    444 PM 104    1921  80    -12       94
  MINIMUM         55    453 AM  37    1912  52      3       61
  AVERAGE         62                        66     -4       78

PRECIPITATION (IN)
  YESTERDAY        0.14          1.22 1957   0.04   0.10     0.00
  MONTH TO DATE    6.71                      1.21   5.50     0.18
  SINCE OCT 1     14.39                     10.69   3.70    14.79
  SINCE JAN 1     12.94                      9.14   3.80    12.59

SNOWFALL (IN)
  YESTERDAY        0.0           0.0  2002   0.0    0.0      0.0
                                      2001
                                      2000
  MONTH TO DATE    0.0                       0.0    0.0      0.0
  SINCE JUN 1      0.0                       0.0    0.0      0.0
  SINCE JUL 1      0.0                       0.0    0.0      0.0
  SNOW DEPTH       0

DEGREE DAYS
 HEATING
  YESTERDAY        3                         3      0        0
  MONTH TO DATE   47                        31     16        5
  SINCE JUN 1    159                       154      5       99
  SINCE JUL 1     51                        49      2       15

 COOLING
  YESTERDAY        0                         4     -4       13
  MONTH TO DATE  201                       193      8      243
  SINCE JUN 1    438                       475    -37      464
  SINCE JAN 1    472                       492    -20      473
..................................................................


WIND (MPH)
  HIGHEST WIND SPEED    25   HIGHEST WIND DIRECTION     E (110)
  HIGHEST GUST SPEED    31   HIGHEST GUST DIRECTION    SE (120)
  AVERAGE WIND SPEED     9.0


SKY COVER
  POSSIBLE SUNSHINE  MM
  AVERAGE SKY COVER 0.4


WEATHER CONDITIONS
 THE FOLLOWING WEATHER WAS RECORDED YESTERDAY.
  THUNDERSTORM
  LIGHT RAIN
  FOG


RELATIVE HUMIDITY (PERCENT)
 HIGHEST    93           500 AM
 LOWEST     68           300 PM
 AVERAGE    81

..........................................................


THE GLASGOW MT CLIMATE NORMALS FOR TODAY
                         NORMAL    RECORD    YEAR
 MAXIMUM TEMPERATURE (F)   79       104      1929
                                             1919
 MINIMUM TEMPERATURE (F)   51        36      1949


SUNRISE AND SUNSET
AUGUST 31 2014........SUNRISE   623 AM MDT   SUNSET   750 PM MDT
SEPTEMBER  1 2014.....SUNRISE   624 AM MDT   SUNSET   748 PM MDT


-  INDICATES NEGATIVE NUMBERS.
R  INDICATES RECORD WAS SET OR TIED.
MM INDICATES DATA IS MISSING.
T  INDICATES TRACE AMOUNT.




$$
