968
CDUS45 KGGW 080117
CLIGGW


CLIMATE REPORT
NATIONAL WEATHER SERVICE GLASGOW MT
616 PM MST WED DEC 7 2016


...................................

...THE GLASGOW MT CLIMATE SUMMARY FOR DECEMBER 7 2016...
VALID TODAY AS OF 0500 PM LOCAL TIME.

CLIMATE NORMAL PERIOD 1981 TO 2010
CLIMATE RECORD PERIOD 1893 TO 2016


WEATHER ITEM   OBSERVED TIME   RECORD YEAR NORMAL DEPARTURE LAST
                VALUE   (LST)  VALUE       VALUE  FROM      YEAR
                                                  NORMAL
..................................................................
TEMPERATURE (F)
 TODAY
  MAXIMUM          5    219 PM  59    1939  28    -23       53
  MINIMUM         -2    820 AM -36    1927   9    -11       32
  AVERAGE          2                        19    -17       43

PRECIPITATION (IN)
  TODAY            0.00          0.29 1945   0.01  -0.01     0.00
  MONTH TO DATE    0.09                      0.08   0.01     0.00
  SINCE OCT 1      3.26                      1.23   2.03     2.27
  SINCE JAN 1     20.59                     11.34   9.25    12.33

SNOWFALL (IN)
  TODAY            0.0           2.8  1929   0.3   -0.3      0.0
  MONTH TO DATE    1.7                       1.5    0.2      0.0
  SINCE DEC 1      1.7                       1.5    0.2      0.0
  SINCE JUL 1      2.1                       8.1   -6.0      1.0
  SNOW DEPTH       1

DEGREE DAYS
 HEATING
  TODAY           63                        46     17       22
  MONTH TO DATE  315                       316     -1      228
  SINCE DEC 1    315                       316     -1      228
  SINCE JUL 1   1934                      2309   -375     1890

 COOLING
  TODAY            0                         0      0        0
  MONTH TO DATE    0                         0      0        0
  SINCE DEC 1      0                         0      0        0
  SINCE JAN 1    434                       533    -99      619
..................................................................


WIND (MPH)
  HIGHEST WIND SPEED    31   HIGHEST WIND DIRECTION     W (290)
  HIGHEST GUST SPEED    39   HIGHEST GUST DIRECTION    NW (310)
  AVERAGE WIND SPEED    25.2


SKY COVER
  POSSIBLE SUNSHINE  MM
  AVERAGE SKY COVER 0.7


WEATHER CONDITIONS
 THE FOLLOWING WEATHER WAS RECORDED TODAY.
  NO SIGNIFICANT WEATHER WAS OBSERVED.


RELATIVE HUMIDITY (PERCENT)
 HIGHEST    79          1200 AM
 LOWEST     62          1200 PM
 AVERAGE    71

..........................................................


THE GLASGOW MT CLIMATE NORMALS FOR TOMORROW
                         NORMAL    RECORD    YEAR
 MAXIMUM TEMPERATURE (F)   28        69      1939
 MINIMUM TEMPERATURE (F)    9       -45      1927


SUNRISE AND SUNSET
DECEMBER  7 2016......SUNRISE   744 AM MST   SUNSET   413 PM MST
DECEMBER  8 2016......SUNRISE   745 AM MST   SUNSET   413 PM MST


-  INDICATES NEGATIVE NUMBERS.
R  INDICATES RECORD WAS SET OR TIED.
MM INDICATES DATA IS MISSING.
T  INDICATES TRACE AMOUNT.

$$
