000
CDUS45 KGGW 240741
CLIGGW


CLIMATE REPORT
NATIONAL WEATHER SERVICE GLASGOW MT
140 AM MDT FRI MAR 24 2017


...................................

...THE GLASGOW MT CLIMATE SUMMARY FOR MARCH 23 2017...

CLIMATE NORMAL PERIOD 1981 TO 2010
CLIMATE RECORD PERIOD 1893 TO 2017


WEATHER ITEM   OBSERVED TIME   RECORD YEAR NORMAL DEPARTURE LAST
                VALUE   (LST)  VALUE       VALUE  FROM      YEAR
                                                  NORMAL
..................................................................
TEMPERATURE (F)
 YESTERDAY
  MAXIMUM         63    308 PM  79    1993  46     17       44
  MINIMUM         33   1148 PM -16    1965  24      9       25
  AVERAGE         48                        35     13       35

PRECIPITATION (IN)
  YESTERDAY        0.00          0.30 1952   0.01  -0.01     0.00
  MONTH TO DATE    0.38                      0.28   0.10     0.41
  SINCE OCT 1      4.93                      2.46   2.47     4.00
  SINCE JAN 1      1.40                      0.91   0.49     1.02

SNOWFALL (IN)
  YESTERDAY        0.0           3.6  1952   0.1   -0.1      0.0
  MONTH TO DATE    6.2                       3.6    2.6      2.9
  SINCE MAR 1      6.2                       3.6    2.6      2.9
  SINCE JUL 1     37.7                      30.6    7.1     24.4
  SNOW DEPTH       0

DEGREE DAYS
 HEATING
  YESTERDAY       17                        30    -13       30
  MONTH TO DATE  808                       811     -3      572
  SINCE MAR 1    808                       811     -3      572
  SINCE JUL 1   6915                      7181   -266     6037

 COOLING
  YESTERDAY        0                         0      0        0
  MONTH TO DATE    0                         0      0        0
  SINCE MAR 1      0                         0      0        0
  SINCE JAN 1      0                         0      0        0
..................................................................


WIND (MPH)
  HIGHEST WIND SPEED    21   HIGHEST WIND DIRECTION    NW (330)
  HIGHEST GUST SPEED    25   HIGHEST GUST DIRECTION     N (340)
  AVERAGE WIND SPEED     7.4


SKY COVER
  POSSIBLE SUNSHINE  MM
  AVERAGE SKY COVER 0.0


WEATHER CONDITIONS
 THE FOLLOWING WEATHER WAS RECORDED YESTERDAY.
  NO SIGNIFICANT WEATHER WAS OBSERVED.


RELATIVE HUMIDITY (PERCENT)
 HIGHEST    89           600 AM
 LOWEST     29           300 PM
 AVERAGE    59

..........................................................


THE GLASGOW MT CLIMATE NORMALS FOR TODAY
                         NORMAL    RECORD    YEAR
 MAXIMUM TEMPERATURE (F)   47        76      2007
                                             1911
 MINIMUM TEMPERATURE (F)   24       -16      1965


SUNRISE AND SUNSET
MARCH 24 2017.........SUNRISE   700 AM MDT   SUNSET   726 PM MDT
MARCH 25 2017.........SUNRISE   658 AM MDT   SUNSET   727 PM MDT


-  INDICATES NEGATIVE NUMBERS.
R  INDICATES RECORD WAS SET OR TIED.
MM INDICATES DATA IS MISSING.
T  INDICATES TRACE AMOUNT.




$$
