000
CDUS45 KGJT 290825
CLIGJT


CLIMATE REPORT
NATIONAL WEATHER SERVICE GRAND JUNCTION CO
1230 AM MST THU JAN 29 2015


...................................

...THE GRAND JUNCTION CO CLIMATE SUMMARY FOR JANUARY 28 2015...

CLIMATE NORMAL PERIOD 1981 TO 2010
CLIMATE RECORD PERIOD 1893 TO 2015


WEATHER ITEM   OBSERVED TIME   RECORD YEAR NORMAL DEPARTURE LAST
                VALUE   (LST)  VALUE       VALUE  FROM      YEAR
                                                  NORMAL
..................................................................
TEMPERATURE (F)
 YESTERDAY
  MAXIMUM         52    404 PM  57    1931  39     13       40
  MINIMUM         23    632 AM -11    1948  18      5       22
  AVERAGE         38                        29      9       31

PRECIPITATION (IN)
  YESTERDAY        0.00          0.31 1939   0.02  -0.02     0.00
  MONTH TO DATE    0.44                      0.53  -0.09     0.04
  SINCE DEC 1      1.50                      1.12   0.38     1.00
  SINCE JAN 1      0.44                      0.53  -0.09     0.04

SNOWFALL (IN)
  YESTERDAY        0.0           2.2  1939   0.1   -0.1      0.0
  MONTH TO DATE    1.3                       4.5   -3.2      0.7
  SINCE DEC 1      6.9                       9.4   -2.5     11.4
  SINCE JUL 1      6.9                      11.9   -5.0     16.2
  SNOW DEPTH       0

DEGREE DAYS
 HEATING
  YESTERDAY       27                        36     -9       34
  MONTH TO DATE  957                      1058   -101     1149
  SINCE DEC 1   1971                      2189   -218     2665
  SINCE JUL 1   3195                      3417   -222     4004

 COOLING
  YESTERDAY        0                         0      0        0
  MONTH TO DATE    0                         0      0        0
  SINCE DEC 1      0                         0      0        0
  SINCE JAN 1      0                         0      0        0
..................................................................


WIND (MPH)
  HIGHEST WIND SPEED    12   HIGHEST WIND DIRECTION    NW (310)
  HIGHEST GUST SPEED    14   HIGHEST GUST DIRECTION    NW (330)
  AVERAGE WIND SPEED     3.5


SKY COVER
  POSSIBLE SUNSHINE  MM
  AVERAGE SKY COVER 0.3


WEATHER CONDITIONS
 THE FOLLOWING WEATHER WAS RECORDED YESTERDAY.
  NO SIGNIFICANT WEATHER WAS OBSERVED.


RELATIVE HUMIDITY (PERCENT)
 HIGHEST   100           600 AM
 LOWEST     44           400 PM
 AVERAGE    72

..........................................................


THE GRAND JUNCTION CO CLIMATE NORMALS FOR TODAY
                         NORMAL    RECORD    YEAR
 MAXIMUM TEMPERATURE (F)   40        56      1935
                                             1931
 MINIMUM TEMPERATURE (F)   19        -5      1973


SUNRISE AND SUNSET
JANUARY 29 2015.......SUNRISE   723 AM MST   SUNSET   531 PM MST
JANUARY 30 2015.......SUNRISE   723 AM MST   SUNSET   533 PM MST


-  INDICATES NEGATIVE NUMBERS.
R  INDICATES RECORD WAS SET OR TIED.
MM INDICATES DATA IS MISSING.
T  INDICATES TRACE AMOUNT.




$$
