000
CDUS45 KGJT 240727
CLIGJT


CLIMATE REPORT
NATIONAL WEATHER SERVICE GRAND JUNCTION CO
126 AM MDT THU JUL 24 2014


...................................

...THE GRAND JUNCTION CO CLIMATE SUMMARY FOR JULY 23 2014...

CLIMATE NORMAL PERIOD 1981 TO 2010
CLIMATE RECORD PERIOD 1893 TO 2014


WEATHER ITEM   OBSERVED TIME   RECORD YEAR NORMAL DEPARTURE LAST
                VALUE   (LST)  VALUE       VALUE  FROM      YEAR
                                                  NORMAL
..................................................................
TEMPERATURE (F)
 YESTERDAY
  MAXIMUM        100    128 PM 104    1931  93      7      100
  MINIMUM         68   1244 AM  56    1973  64      4       62
  AVERAGE         84                        79      5       81

PRECIPITATION (IN)
  YESTERDAY        0.00          0.76 1983   0.02  -0.02     0.00
  MONTH TO DATE    0.05                      0.41  -0.36     0.64
  SINCE JUN 1      0.18                      0.87  -0.69     0.65
  SINCE JAN 1      3.96                      4.70  -0.74     4.06

SNOWFALL (IN)
  YESTERDAY        0.0           0.0  2013   0.0    0.0      0.0
  MONTH TO DATE    0.0                       0.0    0.0      0.0
  SINCE JUN 1      0.0                       0.0    0.0      0.0
  SINCE JUL 1      0.0                       0.0    0.0      0.0
  SNOW DEPTH       0

DEGREE DAYS
 HEATING
  YESTERDAY        0                         0      0        0
  MONTH TO DATE    0                         0      0        0
  SINCE JUN 1     19                        22     -3        5
  SINCE JUL 1      0                         0      0        0

 COOLING
  YESTERDAY       19                        14      5       16
  MONTH TO DATE  357                       306     51      361
  SINCE JUN 1    555                       537     18      675
  SINCE JAN 1    614                       588     26      730
..................................................................


WIND (MPH)
  HIGHEST WIND SPEED    21   HIGHEST WIND DIRECTION    SE (150)
  HIGHEST GUST SPEED    26   HIGHEST GUST DIRECTION    SE (150)
  AVERAGE WIND SPEED     9.6


SKY COVER
  POSSIBLE SUNSHINE  MM
  AVERAGE SKY COVER 0.0


WEATHER CONDITIONS
 THE FOLLOWING WEATHER WAS RECORDED YESTERDAY.
  NO SIGNIFICANT WEATHER WAS OBSERVED.


RELATIVE HUMIDITY (PERCENT)
 HIGHEST    24           600 AM
 LOWEST     11           400 PM
 AVERAGE    18

..........................................................


THE GRAND JUNCTION CO CLIMATE NORMALS FOR TODAY
                         NORMAL    RECORD    YEAR
 MAXIMUM TEMPERATURE (F)   93       103      1940
                                             1931
 MINIMUM TEMPERATURE (F)   64        53      1957


SUNRISE AND SUNSET
JULY 24 2014..........SUNRISE   608 AM MDT   SUNSET   833 PM MDT
JULY 25 2014..........SUNRISE   609 AM MDT   SUNSET   832 PM MDT


-  INDICATES NEGATIVE NUMBERS.
R  INDICATES RECORD WAS SET OR TIED.
MM INDICATES DATA IS MISSING.
T  INDICATES TRACE AMOUNT.




$$
