000
CDUS45 KGJT 292332
CLIGJT


CLIMATE REPORT
NATIONAL WEATHER SERVICE GRAND JUNCTION CO
529 PM MDT SAT APR 29 2017


...................................

...THE GRAND JUNCTION CO CLIMATE SUMMARY FOR APRIL 29 2017...
VALID TODAY AS OF 0500 PM LOCAL TIME.

CLIMATE NORMAL PERIOD 1981 TO 2010
CLIMATE RECORD PERIOD 1893 TO 2017


WEATHER ITEM   OBSERVED TIME   RECORD YEAR NORMAL DEPARTURE LAST
                VALUE   (LST)  VALUE       VALUE  FROM      YEAR
                                                  NORMAL
..................................................................
TEMPERATURE (F)
 TODAY
  MAXIMUM         56    347 PM  89    1992  70    -14       58
  MINIMUM         38    427 AM  24    1996  42     -4       37
  AVERAGE         47                        56     -9       48

PRECIPITATION (IN)
  TODAY            0.00          0.80 1898   0.03  -0.03     0.07
  MONTH TO DATE    0.23                      0.88  -0.65     1.62
  SINCE MAR 1      0.62                      1.80  -1.18     2.69
  SINCE JAN 1      2.17                      2.92  -0.75     4.06

SNOWFALL (IN)
  TODAY            0.0           1.5  1962   0.0    0.0      0.0
  MONTH TO DATE    0.0                       0.9   -0.9       T
  SINCE MAR 1      T                         3.5   -3.5      1.1
  SINCE JUL 1     13.9                      19.0   -5.1     28.5
  SNOW DEPTH       0

DEGREE DAYS
 HEATING
  TODAY           18                         9      9       17
  MONTH TO DATE  353                       393    -40      412
  SINCE MAR 1    793                      1046   -253     1026
  SINCE JUL 1   4440                      5425   -985     5504

 COOLING
  TODAY            0                         0      0        0
  MONTH TO DATE    1                         0      1        0
  SINCE MAR 1      1                         0      1        0
  SINCE JAN 1      1                         0      1        0
..................................................................


WIND (MPH)
  HIGHEST WIND SPEED    23   HIGHEST WIND DIRECTION     N (340)
  HIGHEST GUST SPEED    29   HIGHEST GUST DIRECTION     N (20)
  AVERAGE WIND SPEED     9.1


SKY COVER
  POSSIBLE SUNSHINE  MM
  AVERAGE SKY COVER 0.9


WEATHER CONDITIONS
 THE FOLLOWING WEATHER WAS RECORDED TODAY.
  NO SIGNIFICANT WEATHER WAS OBSERVED.


RELATIVE HUMIDITY (PERCENT)
 HIGHEST    79           200 AM
 LOWEST     26           400 PM
 AVERAGE    53

..........................................................


THE GRAND JUNCTION CO CLIMATE NORMALS FOR TOMORROW
                         NORMAL    RECORD    YEAR
 MAXIMUM TEMPERATURE (F)   70        89      1992
 MINIMUM TEMPERATURE (F)   42        27      2011


SUNRISE AND SUNSET
APRIL 29 2017.........SUNRISE   618 AM MDT   SUNSET   806 PM MDT
APRIL 30 2017.........SUNRISE   617 AM MDT   SUNSET   806 PM MDT


-  INDICATES NEGATIVE NUMBERS.
R  INDICATES RECORD WAS SET OR TIED.
MM INDICATES DATA IS MISSING.
T  INDICATES TRACE AMOUNT.




$$
