000
CDUS45 KGJT 062348
CLIGJT


CLIMATE REPORT
NATIONAL WEATHER SERVICE GRAND JUNCTION CO
448 PM MST FRI MAR 6 2015


...................................

...THE GRAND JUNCTION CO CLIMATE SUMMARY FOR MARCH 6 2015...
VALID TODAY AS OF 0400 PM LOCAL TIME.

CLIMATE NORMAL PERIOD 1981 TO 2010
CLIMATE RECORD PERIOD 1893 TO 2015


WEATHER ITEM   OBSERVED TIME   RECORD YEAR NORMAL DEPARTURE LAST
                VALUE   (LST)  VALUE       VALUE  FROM      YEAR
                                                  NORMAL
..................................................................
TEMPERATURE (F)
 TODAY
  MAXIMUM         55    319 PM  72    1934  53      2       60
  MINIMUM         22    457 AM   6    1971  30     -8       33
  AVERAGE         39                        42     -3       47

PRECIPITATION (IN)
  TODAY            0.00          1.02 1918   0.02  -0.02     0.00
  MONTH TO DATE    0.23                      0.15   0.08     0.03
  SINCE MAR 1      0.23                      0.15   0.08     0.03
  SINCE JAN 1      1.09                      1.27  -0.18     1.41

SNOWFALL (IN)
  TODAY            0.0           4.8  1969   0.1   -0.1      0.0
  MONTH TO DATE    1.9                       0.5    1.4      0.0
  SINCE MAR 1      1.9                       0.5    1.4      0.0
  SINCE JUL 1     10.5                      16.0   -5.5     25.7
  SNOW DEPTH       0

DEGREE DAYS
 HEATING
  TODAY           26                        24      2       18
  MONTH TO DATE  169                       146     23      119
  SINCE MAR 1    169                       146     23      119
  SINCE JUL 1   4154                      4525   -371     5057

 COOLING
  TODAY            0                         0      0        0
  MONTH TO DATE    0                         0      0        0
  SINCE MAR 1      0                         0      0        0
  SINCE JAN 1      0                         0      0        0
..................................................................


WIND (MPH)
  HIGHEST WIND SPEED    15   HIGHEST WIND DIRECTION    SE (130)
  HIGHEST GUST SPEED    17   HIGHEST GUST DIRECTION    SE (140)
  AVERAGE WIND SPEED     5.9


SKY COVER
  POSSIBLE SUNSHINE  MM
  AVERAGE SKY COVER 0.0


WEATHER CONDITIONS
 THE FOLLOWING WEATHER WAS RECORDED TODAY.
  NO SIGNIFICANT WEATHER WAS OBSERVED.


RELATIVE HUMIDITY (PERCENT)
 HIGHEST    81           300 AM
 LOWEST     22           300 PM
 AVERAGE    52

..........................................................


THE GRAND JUNCTION CO CLIMATE NORMALS FOR TOMORROW
                         NORMAL    RECORD    YEAR
 MAXIMUM TEMPERATURE (F)   54        70      1910
 MINIMUM TEMPERATURE (F)   30        12      1971


SUNRISE AND SUNSET
MARCH  6 2015.........SUNRISE   640 AM MST   SUNSET   612 PM MST
MARCH  7 2015.........SUNRISE   638 AM MST   SUNSET   613 PM MST


-  INDICATES NEGATIVE NUMBERS.
R  INDICATES RECORD WAS SET OR TIED.
MM INDICATES DATA IS MISSING.
T  INDICATES TRACE AMOUNT.




$$
