000
CDUS43 KGLD 250740
CLIGLD

CLIMATE REPORT
NATIONAL WEATHER SERVICE GOODLAND
139 AM MDT MON MAY 25 2015

...................................

...THE GOODLAND KS CLIMATE SUMMARY FOR MAY 24 2015...

CLIMATE NORMAL PERIOD 1981 TO 2010
CLIMATE RECORD PERIOD 1895 TO 2015

WEATHER ITEM   OBSERVED TIME   RECORD YEAR NORMAL DEPARTURE LAST
                VALUE   (LST)  VALUE       VALUE  FROM      YEAR
                                                  NORMAL
..................................................................
TEMPERATURE (F)
 YESTERDAY
  MAXIMUM         71    348 PM  96    1911  75     -4       73
  MINIMUM         47    617 PM  34    2002  49     -2       51
  AVERAGE         59                        62     -3       62

PRECIPITATION (IN)
  YESTERDAY        0.84          1.50 2011   0.10   0.74     0.16
  MONTH TO DATE    5.64                      2.14   3.50     1.29
  SINCE MAR 1     10.59                      4.80   5.79     2.14
  SINCE JAN 1     11.67                      5.67   6.00     3.08

SNOWFALL (IN)
  YESTERDAY        0.0                       0.0    0.0      0.0
  MONTH TO DATE    0.0                       0.5   -0.5       T
  SINCE MAR 1      2.6                      11.5   -8.9      3.9
  SINCE JUL 1     24.7                      35.5  -10.8     29.1
  SNOW DEPTH       0

DEGREE DAYS
 HEATING
  YESTERDAY        6                         5      1        3
  MONTH TO DATE  222                       185     37      208
  SINCE MAR 1   1183                      1423   -240     1413
  SINCE JUL 1   5398                      5840   -442     5957

 COOLING
  YESTERDAY        0                         2     -2        0
  MONTH TO DATE    5                        25    -20        9
  SINCE MAR 1      5                        29    -24       14
  SINCE JAN 1      5                        29    -24       14
..................................................................

WIND (MPH)
  HIGHEST WIND SPEED    26   HIGHEST WIND DIRECTION    NW (310)
  HIGHEST GUST SPEED    34   HIGHEST GUST DIRECTION    NW (310)
  AVERAGE WIND SPEED     8.1

SKY COVER
  AVERAGE SKY COVER 0.8

WEATHER CONDITIONS
 THE FOLLOWING WEATHER WAS RECORDED YESTERDAY.
  THUNDERSTORM
  HEAVY RAIN
  RAIN
  LIGHT RAIN
  FOG

RELATIVE HUMIDITY (PERCENT)
 HIGHEST   100
 LOWEST     53
 AVERAGE    77

..........................................................

THE GOODLAND KS CLIMATE NORMALS FOR TODAY
                         NORMAL    RECORD    YEAR
 MAXIMUM TEMPERATURE (F)   76        97      1964
 MINIMUM TEMPERATURE (F)   49        29      1992

SUNRISE AND SUNSET
MAY 25 2015...........SUNRISE   526 AM MDT   SUNSET   802 PM MDT
MAY 26 2015...........SUNRISE   525 AM MDT   SUNSET   803 PM MDT

-  INDICATES NEGATIVE NUMBERS.
R  INDICATES RECORD WAS SET OR TIED.
MM INDICATES DATA IS MISSING.
T  INDICATES TRACE AMOUNT.

&&

THE AVERAGE SOIL TEMPERATURE AT THE FOUR INCH DEPTH... 56

$$
