000
CDUS43 KGLD 300748
CLIGLD

CLIMATE REPORT
NATIONAL WEATHER SERVICE GOODLAND
141 AM MDT THU JUL 30 2015

...................................

...THE GOODLAND KS CLIMATE SUMMARY FOR JULY 29 2015...

CLIMATE NORMAL PERIOD 1981 TO 2010
CLIMATE RECORD PERIOD 1895 TO 2015

WEATHER ITEM   OBSERVED TIME   RECORD YEAR NORMAL DEPARTURE LAST
                VALUE   (LST)  VALUE       VALUE  FROM      YEAR
                                                  NORMAL
..................................................................
TEMPERATURE (F)
 YESTERDAY
  MAXIMUM         82    215 PM 104    1947  90     -8       87
  MINIMUM         56    527 AM  48    1971  62     -6       59
  AVERAGE         69                        76     -7       73

PRECIPITATION (IN)
  YESTERDAY        T             2.14 1936   0.12  -0.12     0.24
  MONTH TO DATE    2.27                      3.25  -0.98     2.05
  SINCE JUN 1      4.58                      6.50  -1.92     7.58
  SINCE JAN 1     16.37                     12.98   3.39    11.12

SNOWFALL (IN)
  YESTERDAY        0.0                       0.0    0.0      0.0
  MONTH TO DATE    0.0                       0.0    0.0      0.0
  SINCE JUN 1      0.0                       0.0    0.0      0.0
  SINCE JUL 1      0.0                       0.0    0.0      0.0
  SNOW DEPTH       0

DEGREE DAYS
 HEATING
  YESTERDAY        0                         0      0        0
  MONTH TO DATE    1                         0      1       13
  SINCE JUN 1      6                        37    -31       51
  SINCE JUL 1      1                         0      1       13

 COOLING
  YESTERDAY        4                        11     -7        8
  MONTH TO DATE  327                       312     15      299
  SINCE JUN 1    569                       491     78      448
  SINCE JAN 1    575                       532     43      494
..................................................................

WIND (MPH)
  HIGHEST WIND SPEED    21   HIGHEST WIND DIRECTION     E (110)
  HIGHEST GUST SPEED    26   HIGHEST GUST DIRECTION     E (110)
  AVERAGE WIND SPEED     8.2


SKY COVER
  AVERAGE SKY COVER 0.1


WEATHER CONDITIONS
 THE FOLLOWING WEATHER WAS RECORDED YESTERDAY.
  LIGHT RAIN


RELATIVE HUMIDITY (PERCENT)
 HIGHEST    86
 LOWEST     23
 AVERAGE    55

..........................................................


THE GOODLAND KS CLIMATE NORMALS FOR TODAY
                         NORMAL    RECORD    YEAR
 MAXIMUM TEMPERATURE (F)   89       106      1935
 MINIMUM TEMPERATURE (F)   62        43      1971


SUNRISE AND SUNSET
JULY 30 2015..........SUNRISE   545 AM MDT   SUNSET   801 PM MDT
JULY 31 2015..........SUNRISE   546 AM MDT   SUNSET   800 PM MDT


-  INDICATES NEGATIVE NUMBERS.
R  INDICATES RECORD WAS SET OR TIED.
MM INDICATES DATA IS MISSING.
T  INDICATES TRACE AMOUNT.

&&

THE AVERAGE SOIL TEMPERATURE AT THE FOUR INCH DEPTH... 76

$$
