000
CDUS43 KGLD 200738
CLIGLD

CLIMATE REPORT
NATIONAL WEATHER SERVICE GOODLAND
136 AM MDT THU JUL 20 2017

...................................

...THE GOODLAND KS CLIMATE SUMMARY FOR JULY 19 2017...

CLIMATE NORMAL PERIOD 1981 TO 2010
CLIMATE RECORD PERIOD 1895 TO 2017

WEATHER ITEM   OBSERVED TIME   RECORD YEAR NORMAL DEPARTURE LAST
                VALUE   (LST)  VALUE       VALUE  FROM      YEAR
                                                  NORMAL
..................................................................
TEMPERATURE (F)
 YESTERDAY
  MAXIMUM         98    258 PM 106    1934  90      8       99
  MINIMUM         69    400 AM  45    1897  62      7       65
  AVERAGE         84                        76      8       82

PRECIPITATION (IN)
  YESTERDAY        0.00          2.08 1985   0.11  -0.11     0.03
  MONTH TO DATE    0.94                      2.11  -1.17     1.22
  SINCE JUN 1      5.38                      5.36   0.02     2.84
  SINCE JAN 1     17.77                     11.84   5.93    10.20

SNOWFALL (IN)
  YESTERDAY        0.0                       0.0    0.0      0.0
  MONTH TO DATE    0.0                       0.0    0.0      0.0
  SINCE JUN 1      T                         0.0    0.0      0.0
  SINCE JUL 1      0.0                       0.0    0.0      0.0
  SNOW DEPTH       0

DEGREE DAYS
 HEATING
  YESTERDAY        0                         0      0        0
  MONTH TO DATE    0                         0      0        0
  SINCE JUN 1     13                        37    -24        2
  SINCE JUL 1      0                         0      0        0

 COOLING
  YESTERDAY       19                        11      8       17
  MONTH TO DATE  233                       202     31      234
  SINCE JUN 1    448                       381     67      523
  SINCE JAN 1    486                       422     64      547
..................................................................

WIND (MPH)
  HIGHEST WIND SPEED    26   HIGHEST WIND DIRECTION     S (180)
  HIGHEST GUST SPEED    31   HIGHEST GUST DIRECTION     S (170)
  AVERAGE WIND SPEED    12.9


SKY COVER
  AVERAGE SKY COVER 0.0


WEATHER CONDITIONS
 THE FOLLOWING WEATHER WAS RECORDED YESTERDAY.
  HAZE


RELATIVE HUMIDITY (PERCENT)
 HIGHEST    93
 LOWEST     27
 AVERAGE    60

..........................................................


THE GOODLAND KS CLIMATE NORMALS FOR TODAY
                         NORMAL    RECORD    YEAR
 MAXIMUM TEMPERATURE (F)   90       109      2005
                                             1939
 MINIMUM TEMPERATURE (F)   62        50      1897


SUNRISE AND SUNSET
JULY 20 2017..........SUNRISE   537 AM MDT   SUNSET   809 PM MDT
JULY 21 2017..........SUNRISE   537 AM MDT   SUNSET   809 PM MDT


-  INDICATES NEGATIVE NUMBERS.
R  INDICATES RECORD WAS SET OR TIED.
MM INDICATES DATA IS MISSING.
T  INDICATES TRACE AMOUNT.

&&

THE AVERAGE SOIL TEMPERATURE AT THE FOUR INCH DEPTH... 80

$$
