000
CDUS43 KGLD 210758
CLIGLD

CLIMATE REPORT
NATIONAL WEATHER SERVICE GOODLAND
1252 AM MST WED FEB 21 2018

...................................

...THE GOODLAND KS CLIMATE SUMMARY FOR FEBRUARY 20 2018...

CLIMATE NORMAL PERIOD 1981 TO 2010
CLIMATE RECORD PERIOD 1895 TO 2018

WEATHER ITEM   OBSERVED TIME   RECORD YEAR NORMAL DEPARTURE LAST
                VALUE   (LST)  VALUE       VALUE  FROM      YEAR
                                                  NORMAL
..................................................................
TEMPERATURE (F)
 YESTERDAY
  MAXIMUM         18    304 PM  73    1972  47    -29       64
                                      1930
  MINIMUM          1    730 AM  -1    1953  20    -19       32
  AVERAGE         10                        34    -24       48

PRECIPITATION (IN)
  YESTERDAY        0.01          0.42 1953   0.02  -0.01     0.00
  MONTH TO DATE    0.60                      0.32   0.28      T
  SINCE DEC 1      1.37                      1.16   0.21     1.52
  SINCE JAN 1      1.28                      0.70   0.58     0.92

SNOWFALL (IN)
  YESTERDAY        0.0                       0.2   -0.2      0.0
  MONTH TO DATE    9.5                       4.1    5.4       T
  SINCE DEC 1     20.0                      15.5    4.5      8.8
  SINCE JUL 1     20.1                      22.7   -2.6      9.4
  SNOW DEPTH       1

DEGREE DAYS
 HEATING
  YESTERDAY       55                        32     23       17
  MONTH TO DATE  725                       674     51      471
  SINCE DEC 1   2827                      2858    -31     2789
  SINCE JUL 1   3978                      4177   -199     3652

 COOLING
  YESTERDAY        0                         0      0        0
  MONTH TO DATE    0                         0      0        0
  SINCE DEC 1      0                         0      0        0
  SINCE JAN 1      0                         0      0        0
..................................................................

WIND (MPH)
  HIGHEST WIND SPEED    24   HIGHEST WIND DIRECTION     N (340)
  HIGHEST GUST SPEED    32   HIGHEST GUST DIRECTION     N (340)
  AVERAGE WIND SPEED    14.4


SKY COVER
  AVERAGE SKY COVER 0.3


WEATHER CONDITIONS
 THE FOLLOWING WEATHER WAS RECORDED YESTERDAY.
  LIGHT SNOW
  FOG


RELATIVE HUMIDITY (PERCENT)
 HIGHEST    83
 LOWEST     49
 AVERAGE    66

..........................................................


THE GOODLAND KS CLIMATE NORMALS FOR TODAY
                         NORMAL    RECORD    YEAR
 MAXIMUM TEMPERATURE (F)   47        78      2017
 MINIMUM TEMPERATURE (F)   21        -5      1953


SUNRISE AND SUNSET
FEBRUARY 21 2018......SUNRISE   631 AM MST   SUNSET   530 PM MST
FEBRUARY 22 2018......SUNRISE   629 AM MST   SUNSET   532 PM MST


-  INDICATES NEGATIVE NUMBERS.
R  INDICATES RECORD WAS SET OR TIED.
MM INDICATES DATA IS MISSING.
T  INDICATES TRACE AMOUNT.

&&

THE AVERAGE SOIL TEMPERATURE AT THE FOUR INCH DEPTH... 30
THE CURRENT DEPTH OF FROST... 6 INCHES

$$
