000
CDUS44 KJAN 022108
CLIGLH


CLIMATE REPORT
NATIONAL WEATHER SERVICE JACKSON MS
407 PM CDT TUE JUN 2 2015


...................................

...THE GREENVILLE CLIMATE SUMMARY FOR JUNE 2 2015...
VALID TODAY AS OF 0400 PM LOCAL TIME.

CLIMATE NORMAL PERIOD 1981 TO 2010
CLIMATE RECORD PERIOD 1920 TO 2015


WEATHER ITEM   OBSERVED TIME   RECORD YEAR NORMAL DEPARTURE LAST
                VALUE   (LST)  VALUE       VALUE  FROM      YEAR
                                                  NORMAL
..................................................................
TEMPERATURE (F)
 TODAY
  MAXIMUM         81    259 PM  97    2011  86     -5       86
                                      1985
                                      1977
  MINIMUM         60    509 AM  51    1956  66     -6       71
  AVERAGE         71                        76     -5       79

PRECIPITATION (IN)
  TODAY            0.00          2.88 1927   0.10  -0.10      T
  MONTH TO DATE    0.00                      0.19  -0.19     0.04
  SINCE JUN 1      0.00                      0.19  -0.19     0.04
  SINCE JAN 1     19.97                     24.45  -4.48    24.17

SNOWFALL (IN)
  TODAY            0.0

DEGREE DAYS
 HEATING
  TODAY            0                         0      0        0
  MONTH TO DATE    0                         0      0        0
  SINCE JUN 1      0                         0      0        0
  SINCE JUL 1   2869                      2774     95     3207

 COOLING
  TODAY            6                        11     -5       14
  MONTH TO DATE   12                        22    -10       27
  SINCE JUN 1     12                        22    -10       27
  SINCE JAN 1    393                       344     49      342
..................................................................


WIND (MPH)
  HIGHEST WIND SPEED    12   HIGHEST WIND DIRECTION    NE (50)
  HIGHEST GUST SPEED    14   HIGHEST GUST DIRECTION    NE (50)
  AVERAGE WIND SPEED     4.3


SKY COVER
  POSSIBLE SUNSHINE  MM
  AVERAGE SKY COVER 0.0


WEATHER CONDITIONS
 THE FOLLOWING WEATHER WAS RECORDED TODAY.
  FOG


RELATIVE HUMIDITY (PERCENT)
 HIGHEST   100           100 AM
 LOWEST     58          1200 PM
 AVERAGE    79

..........................................................


THE GREENVILLE CLIMATE NORMALS FOR TOMORROW
                         NORMAL    RECORD    YEAR
 MAXIMUM TEMPERATURE (F)   87       100      1985
                                             1977
 MINIMUM TEMPERATURE (F)   67        49      1956


SUNRISE AND SUNSET
JUNE  2 2015..........SUNRISE   555 AM CDT   SUNSET   809 PM CDT
JUNE  3 2015..........SUNRISE   555 AM CDT   SUNSET   810 PM CDT


-  INDICATES NEGATIVE NUMBERS.
R  INDICATES RECORD WAS SET OR TIED.
MM INDICATES DATA IS MISSING.
T  INDICATES TRACE AMOUNT.




$$
