000
CDUS44 KJAN 250748
CLIGLH


CLIMATE REPORT
NATIONAL WEATHER SERVICE JACKSON MS
145 AM CST THU DEC 25 2014


...................................

...THE GREENVILLE CLIMATE SUMMARY FOR DECEMBER 24 2014...

CLIMATE NORMAL PERIOD 1981 TO 2010
CLIMATE RECORD PERIOD 1920 TO 2014


WEATHER ITEM   OBSERVED TIME   RECORD YEAR NORMAL DEPARTURE LAST
                VALUE   (LST)  VALUE       VALUE  FROM      YEAR
                                                  NORMAL
..................................................................
TEMPERATURE (F)
 YESTERDAY
  MAXIMUM         49   1107 AM  78    1955  53     -4       40
  MINIMUM         42   1146 PM   1    1989  35      7       28
  AVERAGE         46                        44      2       34

PRECIPITATION (IN)
  YESTERDAY        T             2.84 1973   0.18  -0.18     0.00
  MONTH TO DATE    1.66                      4.57  -2.91     4.50
  SINCE DEC 1      1.66                      4.57  -2.91     4.50
  SINCE JAN 1     50.58                     51.59  -1.01    52.81

SNOWFALL (IN)
  YESTERDAY        0.0

DEGREE DAYS
 HEATING
  YESTERDAY       19                        21     -2       31
  MONTH TO DATE  383                       468    -85      469
  SINCE DEC 1    383                       468    -85      469
  SINCE JUL 1    923                       930     -7     1003

 COOLING
  YESTERDAY        0                         0      0        0
  MONTH TO DATE    0                         0      0        9
  SINCE DEC 1      0                         0      0        9
  SINCE JAN 1   2177                      2186     -9     2256
..................................................................


WIND (MPH)
  HIGHEST WIND SPEED    21   HIGHEST WIND DIRECTION    NW (300)
  HIGHEST GUST SPEED    24   HIGHEST GUST DIRECTION    NW (310)
  AVERAGE WIND SPEED    11.8


SKY COVER
  POSSIBLE SUNSHINE  MM
  AVERAGE SKY COVER 0.9


WEATHER CONDITIONS
 THE FOLLOWING WEATHER WAS RECORDED YESTERDAY.
  LIGHT RAIN


RELATIVE HUMIDITY (PERCENT)
 HIGHEST    83           700 AM
 LOWEST     60           200 PM
 AVERAGE    72

..........................................................


THE GREENVILLE CLIMATE NORMALS FOR TODAY
                         NORMAL    RECORD    YEAR
 MAXIMUM TEMPERATURE (F)   52        81      1942
 MINIMUM TEMPERATURE (F)   35         9      1963


SUNRISE AND SUNSET
DECEMBER 25 2014......SUNRISE   706 AM CST   SUNSET   502 PM CST
DECEMBER 26 2014......SUNRISE   706 AM CST   SUNSET   503 PM CST


-  INDICATES NEGATIVE NUMBERS.
R  INDICATES RECORD WAS SET OR TIED.
MM INDICATES DATA IS MISSING.
T  INDICATES TRACE AMOUNT.




$$
