000
CDUS44 KJAN 250911
CLIGLH


CLIMATE REPORT
NATIONAL WEATHER SERVICE JACKSON MS
308 AM CST SUN JAN 25 2015


...................................

...THE GREENVILLE CLIMATE SUMMARY FOR JANUARY 24 2015...

CLIMATE NORMAL PERIOD 1981 TO 2010
CLIMATE RECORD PERIOD 1920 TO 2015


WEATHER ITEM   OBSERVED TIME   RECORD YEAR NORMAL DEPARTURE LAST
                VALUE   (LST)  VALUE       VALUE  FROM      YEAR
                                                  NORMAL
..................................................................
TEMPERATURE (F)
 YESTERDAY
  MAXIMUM         56    412 PM  82    1950  52      4       34
                                      1943
  MINIMUM         31    713 AM   3    1963  32     -1       17
  AVERAGE         44                        42      2       26

PRECIPITATION (IN)
  YESTERDAY        0.00          4.00 2002   0.17  -0.17     0.00
  MONTH TO DATE    2.59                      3.72  -1.13     0.84
  SINCE DEC 1      6.70                      9.34  -2.64     5.37
  SINCE JAN 1      2.59                      3.72  -1.13     0.84

SNOWFALL (IN)
  YESTERDAY        0.0

DEGREE DAYS
 HEATING
  YESTERDAY       21                        23     -2       39
  MONTH TO DATE  593                       549     44      611
  SINCE DEC 1   1120                      1171    -51     1253
  SINCE JUL 1   1660                      1633     27     1787

 COOLING
  YESTERDAY        0                         0      0        0
  MONTH TO DATE    0                         0      0        0
  SINCE DEC 1      0                         3     -3        9
  SINCE JAN 1      0                         0      0        0
..................................................................


WIND (MPH)
  HIGHEST WIND SPEED    16   HIGHEST WIND DIRECTION    SW (230)
  HIGHEST GUST SPEED    21   HIGHEST GUST DIRECTION    SW (220)
  AVERAGE WIND SPEED     9.2


SKY COVER
  POSSIBLE SUNSHINE  MM
  AVERAGE SKY COVER 0.0


WEATHER CONDITIONS
 THE FOLLOWING WEATHER WAS RECORDED YESTERDAY.
  FOG


RELATIVE HUMIDITY (PERCENT)
 HIGHEST    96           100 AM
 LOWEST     47           200 PM
 AVERAGE    72

..........................................................


THE GREENVILLE CLIMATE NORMALS FOR TODAY
                         NORMAL    RECORD    YEAR
 MAXIMUM TEMPERATURE (F)   52        90      1950
 MINIMUM TEMPERATURE (F)   32         8      1963


SUNRISE AND SUNSET
JANUARY 25 2015.......SUNRISE   704 AM CST   SUNSET   528 PM CST
JANUARY 26 2015.......SUNRISE   704 AM CST   SUNSET   529 PM CST


-  INDICATES NEGATIVE NUMBERS.
R  INDICATES RECORD WAS SET OR TIED.
MM INDICATES DATA IS MISSING.
T  INDICATES TRACE AMOUNT.




$$
