000
CDUS44 KJAN 020712
CLIGLH


CLIMATE REPORT
NATIONAL WEATHER SERVICE JACKSON MS
210 AM CDT SAT AUG 2 2014


...................................

...THE GREENVILLE CLIMATE SUMMARY FOR AUGUST 1 2014...

CLIMATE NORMAL PERIOD 1981 TO 2010
CLIMATE RECORD PERIOD 1920 TO 2014


WEATHER ITEM   OBSERVED TIME   RECORD YEAR NORMAL DEPARTURE LAST
                VALUE   (LST)  VALUE       VALUE  FROM      YEAR
                                                  NORMAL
..................................................................
TEMPERATURE (F)
 YESTERDAY
  MAXIMUM         79    422 PM 104    2010  92    -13       95
  MINIMUM         70    544 AM  60    1965  72     -2       73
  AVERAGE         75                        82     -7       84

PRECIPITATION (IN)
  YESTERDAY        0.11          1.60 1975   0.06   0.05     0.00
  MONTH TO DATE    0.11                      0.06   0.05     0.00
  SINCE JUN 1     11.80                      7.90   3.90     3.24
  SINCE JAN 1     35.93                     32.16   3.77    28.20

SNOWFALL (IN)
  YESTERDAY        0.0

DEGREE DAYS
 HEATING
  YESTERDAY        0                         0      0        0
  MONTH TO DATE    0                         0      0        0
  SINCE JUN 1      0                         0      0        0
  SINCE JUL 1      0                         0      0        0

 COOLING
  YESTERDAY       10                        17     -7       19
  MONTH TO DATE   10                        17     -7       19
  SINCE JUN 1    874                       964    -90      955
  SINCE JAN 1   1189                      1286    -97     1238
..................................................................


WIND (MPH)
  HIGHEST WIND SPEED     9   HIGHEST WIND DIRECTION    SE (120)
  HIGHEST GUST SPEED    23   HIGHEST GUST DIRECTION     E (110)
  AVERAGE WIND SPEED     2.6


SKY COVER
  POSSIBLE SUNSHINE  MM
  AVERAGE SKY COVER 0.9


WEATHER CONDITIONS
 THE FOLLOWING WEATHER WAS RECORDED YESTERDAY.
  RAIN
  LIGHT RAIN
  FOG
  HAZE


RELATIVE HUMIDITY (PERCENT)
 HIGHEST    97           100 AM
 LOWEST     62           300 PM
 AVERAGE    80

..........................................................


THE GREENVILLE CLIMATE NORMALS FOR TODAY
                         NORMAL    RECORD    YEAR
 MAXIMUM TEMPERATURE (F)   92       104      2010
 MINIMUM TEMPERATURE (F)   72        59      1925


SUNRISE AND SUNSET
AUGUST  2 2014........SUNRISE   617 AM CDT   SUNSET   803 PM CDT
AUGUST  3 2014........SUNRISE   618 AM CDT   SUNSET   802 PM CDT


-  INDICATES NEGATIVE NUMBERS.
R  INDICATES RECORD WAS SET OR TIED.
MM INDICATES DATA IS MISSING.
T  INDICATES TRACE AMOUNT.




$$
