000
CDUS44 KHGX 180834
CLIGLS


CLIMATE REPORT
NATIONAL WEATHER SERVICE HOUSTON/GALVESTON TX
223 AM CST SUN FEB 18 2018


...................................

...THE GALVESTON CLIMATE SUMMARY FOR FEBRUARY 17 2018...

CLIMATE NORMAL PERIOD 1981 TO 2010
CLIMATE RECORD PERIOD 1875 TO 2018


WEATHER ITEM   OBSERVED TIME   RECORD YEAR NORMAL DEPARTURE LAST
                VALUE   (LST)  VALUE       VALUE  FROM      YEAR
                                                  NORMAL
..................................................................
TEMPERATURE (F)
 YESTERDAY
  MAXIMUM         79R   222 PM  75    1882  65     14       68
  MINIMUM         63   1036 PM  24    1903  51     12       57
                                      1895
  AVERAGE         71                        58     13       63

PRECIPITATION (IN)
  YESTERDAY        0.00          2.17 2017   0.09  -0.09     2.17
  MONTH TO DATE    0.62                      1.51  -0.89     2.73
  SINCE DEC 1     11.08                      9.23   1.85    14.70
  SINCE JAN 1      3.94                      5.71  -1.77     3.62

SNOWFALL (IN)
  YESTERDAY        0.0           T    1973  MM     MM        0.0
                                      1910
  MONTH TO DATE    0.0                      MM     MM        0.0
  SINCE DEC 1      T                         0.0    0.0      0.0
  SINCE JUL 1      T                         0.0    0.0      0.0
  SNOW DEPTH       0

DEGREE DAYS
 HEATING
  YESTERDAY        0                         8     -8        2
  MONTH TO DATE   80                       146    -66       27
  SINCE DEC 1    734                       712     22      295
  SINCE JUL 1    777                       815    -38      307

 COOLING
  YESTERDAY        6                         0      6        0
  MONTH TO DATE   23                         0     23       60
  SINCE DEC 1     49                        24     25      207
  SINCE JAN 1     23                         5     18      129
..................................................................


WIND (MPH)
  RESULTANT WIND SPEED   6   RESULTANT WIND DIRECTION   S (180)
  HIGHEST WIND SPEED    18   HIGHEST WIND DIRECTION     S (190)
  HIGHEST GUST SPEED    23   HIGHEST GUST DIRECTION     S (200)
  AVERAGE WIND SPEED     7.9


SKY COVER
  AVERAGE SKY COVER 0.9


WEATHER CONDITIONS
 THE FOLLOWING WEATHER WAS RECORDED YESTERDAY.
  FOG
  FOG W/VISIBILITY <= 1/4 MILE
  HAZE


RELATIVE HUMIDITY (PERCENT)
 HIGHEST   100
 LOWEST     71
 AVERAGE    86

..........................................................


THE GALVESTON CLIMATE NORMALS FOR TODAY
                         NORMAL    RECORD    YEAR
 MAXIMUM TEMPERATURE (F)   65        78      2000
                                             1992
 MINIMUM TEMPERATURE (F)   51        24      1910


SUNRISE AND SUNSET
FEBRUARY 18 2018......SUNRISE   656 AM CST   SUNSET   611 PM CST
FEBRUARY 19 2018......SUNRISE   655 AM CST   SUNSET   612 PM CST


-  INDICATES NEGATIVE NUMBERS.
R  INDICATES RECORD WAS SET OR TIED.
MM INDICATES DATA IS MISSING.
T  INDICATES TRACE AMOUNT.




$$
