000
CDUS44 KHGX 272150
CLIGLS


CLIMATE REPORT
NATIONAL WEATHER SERVICE HOUSTON/GALVESTON TX
439 PM CDT FRI MAR 27 2015


...................................

...THE GALVESTON CLIMATE SUMMARY FOR MARCH 27 2015...
VALID TODAY AS OF 0400 PM LOCAL TIME.

CLIMATE NORMAL PERIOD 1981 TO 2010
CLIMATE RECORD PERIOD 1875 TO 2015


WEATHER ITEM   OBSERVED TIME   RECORD YEAR NORMAL DEPARTURE LAST
                VALUE   (LST)  VALUE       VALUE  FROM      YEAR
                                                  NORMAL
..................................................................
TEMPERATURE (F)
 TODAY
  MAXIMUM         76    247 PM  79    2007  72      4       71
                                      1907
                                      1887
  MINIMUM         54    642 AM  33    1955  59     -5       63
  AVERAGE         65                        66     -1       67

PRECIPITATION (IN)
  TODAY            0.00          2.77 1923   0.09  -0.09     0.04
  MONTH TO DATE    7.69                      2.81   4.88     1.82
  SINCE MAR 1      7.69                      2.81   4.88     1.82
  SINCE JAN 1     13.83                      9.58   4.25     4.87

SNOWFALL (IN)
  TODAY            0.0          MM      MM  MM     MM        0.0
  MONTH TO DATE    0.0                      MM     MM        0.0
  SINCE MAR 1      0.0                      MM     MM        0.0
  SINCE JUL 1      0.0                      MM     MM         T
  SNOW DEPTH       0

DEGREE DAYS
 HEATING
  TODAY            0                         2     -2        0
  MONTH TO DATE  120                        96     24      166
  SINCE MAR 1    120                        96     24      166
  SINCE JUL 1   1182                       984    198     1405

 COOLING
  TODAY            0                         3     -3        2
  MONTH TO DATE   29                        41    -12       11
  SINCE MAR 1     29                        41    -12       11
  SINCE JAN 1     35                        58    -23       18
..................................................................


WIND (MPH)
  RESULTANT WIND SPEED   9   RESULTANT WIND DIRECTION   N (340)
  HIGHEST WIND SPEED    25   HIGHEST WIND DIRECTION     N (350)
  HIGHEST GUST SPEED    32   HIGHEST GUST DIRECTION     N (350)
  AVERAGE WIND SPEED    12.4


SKY COVER
  AVERAGE SKY COVER 0.0


WEATHER CONDITIONS
 THE FOLLOWING WEATHER WAS RECORDED TODAY.
  NO SIGNIFICANT WEATHER WAS OBSERVED.


RELATIVE HUMIDITY (PERCENT)
 HIGHEST    72           700 AM
 LOWEST     33          1200 PM
 AVERAGE    53

..........................................................


THE GALVESTON CLIMATE NORMALS FOR TOMORROW
                         NORMAL    RECORD    YEAR
 MAXIMUM TEMPERATURE (F)   73        83      1950
 MINIMUM TEMPERATURE (F)   60        35      1931


SUNRISE AND SUNSET
MARCH 27 2015.........SUNRISE   715 AM CDT   SUNSET   735 PM CDT
MARCH 28 2015.........SUNRISE   714 AM CDT   SUNSET   735 PM CDT


-  INDICATES NEGATIVE NUMBERS.
R  INDICATES RECORD WAS SET OR TIED.
MM INDICATES DATA IS MISSING.
T  INDICATES TRACE AMOUNT.




$$
