000
CDUS44 KHGX 250847
CLIGLS


CLIMATE REPORT
NATIONAL WEATHER SERVICE HOUSTON/GALVESTON TX
236 AM CST SUN JAN 25 2015


...................................

...THE GALVESTON CLIMATE SUMMARY FOR JANUARY 24 2015...

CLIMATE NORMAL PERIOD 1981 TO 2010
CLIMATE RECORD PERIOD 1875 TO 2015


WEATHER ITEM   OBSERVED TIME   RECORD YEAR NORMAL DEPARTURE LAST
                VALUE   (LST)  VALUE       VALUE  FROM      YEAR
                                                  NORMAL
..................................................................
TEMPERATURE (F)
 YESTERDAY
  MAXIMUM         58    219 PM  77    1997  62     -4       37
  MINIMUM         41    745 AM  19    1963  49     -8       31
  AVERAGE         50                        55     -5       34

PRECIPITATION (IN)
  YESTERDAY        0.00          2.60 1882   0.15  -0.15     0.13
  MONTH TO DATE    5.44                      3.31   2.13     1.30
  SINCE DEC 1      9.31                      6.83   2.48     1.95
  SINCE JAN 1      5.44                      3.31   2.13     1.30

SNOWFALL (IN)
  YESTERDAY        0.0           T    2014  MM     MM         T
  MONTH TO DATE    0.0                      MM     MM         T
  SINCE DEC 1      0.0                      MM     MM         T
  SINCE JUL 1      0.0                      MM     MM         T
  SNOW DEPTH       0

DEGREE DAYS
 HEATING
  YESTERDAY       15                        10      5       31
  MONTH TO DATE  381                       240    141      284
  SINCE DEC 1    576                       497     79      652
  SINCE JUL 1    727                       600    127      830

 COOLING
  YESTERDAY        0                         0      0        0
  MONTH TO DATE    0                         0      0        0
  SINCE DEC 1     21                        19      2       13
  SINCE JAN 1      0                         0      0        0
..................................................................


WIND (MPH)
  RESULTANT WIND SPEED   9   RESULTANT WIND DIRECTION   W (250)
  HIGHEST WIND SPEED    21   HIGHEST WIND DIRECTION     W (270)
  HIGHEST GUST SPEED    26   HIGHEST GUST DIRECTION     W (270)
  AVERAGE WIND SPEED    10.6


SKY COVER
  AVERAGE SKY COVER 0.0


WEATHER CONDITIONS
 THE FOLLOWING WEATHER WAS RECORDED YESTERDAY.
  NO SIGNIFICANT WEATHER WAS OBSERVED.


RELATIVE HUMIDITY (PERCENT)
 HIGHEST    89
 LOWEST     55
 AVERAGE    72

..........................................................


THE GALVESTON CLIMATE NORMALS FOR TODAY
                         NORMAL    RECORD    YEAR
 MAXIMUM TEMPERATURE (F)   62        75      1950
 MINIMUM TEMPERATURE (F)   49        24      1894


SUNRISE AND SUNSET
JANUARY 25 2015.......SUNRISE   712 AM CST   SUNSET   552 PM CST
JANUARY 26 2015.......SUNRISE   712 AM CST   SUNSET   553 PM CST


-  INDICATES NEGATIVE NUMBERS.
R  INDICATES RECORD WAS SET OR TIED.
MM INDICATES DATA IS MISSING.
T  INDICATES TRACE AMOUNT.




$$
