000
CDUS44 KHGX 210739
CLIGLS


CLIMATE REPORT
NATIONAL WEATHER SERVICE HOUSTON/GALVESTON TX
229 AM CDT MON APR 21 2014


...................................

...THE GALVESTON CLIMATE SUMMARY FOR APRIL 20 2014...

CLIMATE NORMAL PERIOD 1981 TO 2010
CLIMATE RECORD PERIOD 1875 TO 2014


WEATHER ITEM   OBSERVED TIME   RECORD YEAR NORMAL DEPARTURE LAST
                VALUE   (LST)  VALUE       VALUE  FROM      YEAR
                                                  NORMAL
..................................................................
TEMPERATURE (F)
 YESTERDAY
  MAXIMUM         73    354 PM  83    2006  77     -4       68
                                      2000
  MINIMUM         62    526 AM  52    1884  66     -4       53
  AVERAGE         68                        71     -3       61

PRECIPITATION (IN)
  YESTERDAY        0.00          5.09 1977   0.11  -0.11     0.00
  MONTH TO DATE    0.10                      2.18  -2.08     2.66
  SINCE MAR 1      1.92                      5.34  -3.42     3.38
  SINCE JAN 1      4.97                     12.11  -7.14    12.80

SNOWFALL (IN)
  YESTERDAY        0.0          MM      MM  MM     MM        0.0
  MONTH TO DATE    0.0                      MM     MM        0.0
  SINCE MAR 1      0.0                      MM     MM        0.0
  SINCE JUL 1      T                        MM     MM        0.0
  SNOW DEPTH       0

DEGREE DAYS
 HEATING
  YESTERDAY        0                         0      0        4
  MONTH TO DATE   20                        16      4       33
  SINCE MAR 1    186                       119     67      133
  SINCE JUL 1   1425                      1007    418      743

 COOLING
  YESTERDAY        3                         6     -3        0
  MONTH TO DATE   63                        96    -33       71
  SINCE MAR 1     84                       149    -65      139
  SINCE JAN 1     91                       166    -75      175
..................................................................


WIND (MPH)
  RESULTANT WIND SPEED   6   RESULTANT WIND DIRECTION  SE (130)
  HIGHEST WIND SPEED    14   HIGHEST WIND DIRECTION    SE (130)
  HIGHEST GUST SPEED    18   HIGHEST GUST DIRECTION    SE (120)
  AVERAGE WIND SPEED     7.5


SKY COVER
  AVERAGE SKY COVER 0.0


WEATHER CONDITIONS
 THE FOLLOWING WEATHER WAS RECORDED YESTERDAY.
  FOG
  HAZE


RELATIVE HUMIDITY (PERCENT)
 HIGHEST   100
 LOWEST     73
 AVERAGE    87

..........................................................


THE GALVESTON CLIMATE NORMALS FOR TODAY
                         NORMAL    RECORD    YEAR
 MAXIMUM TEMPERATURE (F)   77        86      1987
 MINIMUM TEMPERATURE (F)   66        50      1899
                                             1884


SUNRISE AND SUNSET
APRIL 21 2014.........SUNRISE   647 AM CDT   SUNSET   750 PM CDT
APRIL 22 2014.........SUNRISE   646 AM CDT   SUNSET   750 PM CDT


-  INDICATES NEGATIVE NUMBERS.
R  INDICATES RECORD WAS SET OR TIED.
MM INDICATES DATA IS MISSING.
T  INDICATES TRACE AMOUNT.




$$
