000
CDUS42 KJAX 060534
CLIGNV


CLIMATE REPORT
NATIONAL WEATHER SERVICE JACKSONVILLE FL
1232 AM EST TUE DEC 6 2016


...................................

...THE GAINESVILLE CLIMATE SUMMARY FOR DECEMBER 5 2016...

CLIMATE NORMAL PERIOD 1981 TO 2010
CLIMATE RECORD PERIOD 1890 TO 2016


WEATHER ITEM   OBSERVED TIME   RECORD YEAR NORMAL DEPARTURE LAST
                VALUE   (LST)  VALUE       VALUE  FROM      YEAR
                                                  NORMAL
..................................................................
TEMPERATURE (F)
 YESTERDAY
  MAXIMUM         85R   250 PM  84    1994  70     15       70
                                      1982
  MINIMUM         59    724 AM  27    1929  46     13       57
  AVERAGE         72                        58     14       64

PRECIPITATION (IN)
  YESTERDAY        0.01          1.89 1902   0.08  -0.07     0.00
  MONTH TO DATE    0.12                      0.37  -0.25     0.06
  SINCE DEC 1      0.12                      0.37  -0.25     0.06
  SINCE JAN 1     39.48                     45.30  -5.82    45.27

SNOWFALL (IN)
  YESTERDAY        0.0           0.0    MM   0.0    0.0      0.0
  MONTH TO DATE    0.0                       0.0    0.0      0.0
  SINCE DEC 1      0.0                       0.0    0.0      0.0
  SINCE JUL 1      0.0                       0.0    0.0      0.0
  SNOW DEPTH       0

DEGREE DAYS
 HEATING
  YESTERDAY        0                         8     -8        1
  MONTH TO DATE   19                        37    -18       11
  SINCE DEC 1     19                        37    -18       11
  SINCE JUL 1    125                       198    -73       50

 COOLING
  YESTERDAY        7                         1      6        0
  MONTH TO DATE    9                         5      4       12
  SINCE DEC 1      9                         5      4       12
  SINCE JAN 1   3043                      2621    422     3138
..................................................................


WIND (MPH)
  HIGHEST WIND SPEED    15   HIGHEST WIND DIRECTION     S (190)
  HIGHEST GUST SPEED    19   HIGHEST GUST DIRECTION     S (180)
  AVERAGE WIND SPEED     3.9


SKY COVER
  POSSIBLE SUNSHINE  MM
  AVERAGE SKY COVER 0.5


WEATHER CONDITIONS
 THE FOLLOWING WEATHER WAS RECORDED YESTERDAY.
  LIGHT RAIN
  FOG
  FOG W/VISIBILITY <= 1/4 MILE


RELATIVE HUMIDITY (PERCENT)
 HIGHEST   100           800 AM
 LOWEST     55           300 PM
 AVERAGE    78

..........................................................


THE GAINESVILLE CLIMATE NORMALS FOR TODAY
                         NORMAL    RECORD    YEAR
 MAXIMUM TEMPERATURE (F)   70        84      2013
 MINIMUM TEMPERATURE (F)   46        27      2000


SUNRISE AND SUNSET
DECEMBER  6 2016......SUNRISE   711 AM EST   SUNSET   530 PM EST
DECEMBER  7 2016......SUNRISE   712 AM EST   SUNSET   530 PM EST


-  INDICATES NEGATIVE NUMBERS.
R  INDICATES RECORD WAS SET OR TIED.
MM INDICATES DATA IS MISSING.
T  INDICATES TRACE AMOUNT.




$$
