000
CDUS42 KJAX 230534
CLIGNV


CLIMATE REPORT
NATIONAL WEATHER SERVICE JACKSONVILLE FL
1233 AM EST MON JAN 23 2017


...................................

...THE GAINESVILLE CLIMATE SUMMARY FOR JANUARY 22 2017...

CLIMATE NORMAL PERIOD 1981 TO 2010
CLIMATE RECORD PERIOD 1890 TO 2017


WEATHER ITEM   OBSERVED TIME   RECORD YEAR NORMAL DEPARTURE LAST
                VALUE   (LST)  VALUE       VALUE  FROM      YEAR
                                                  NORMAL
..................................................................
TEMPERATURE (F)
 YESTERDAY
  MAXIMUM         82    115 PM  84    1937  66     16       69
  MINIMUM         60   1100 PM  17    1985  42     18       48
  AVERAGE         71                        54     17       59

PRECIPITATION (IN)
  YESTERDAY        0.30          3.99 1904   0.13   0.17     0.35
  MONTH TO DATE    1.32                      2.23  -0.91     2.50
  SINCE DEC 1      4.01                      4.71  -0.70     4.47
  SINCE JAN 1      1.32                      2.23  -0.91     2.50

SNOWFALL (IN)
  YESTERDAY        0.0           0.0    MM   0.0    0.0      0.0
  MONTH TO DATE    0.0                       0.0    0.0      0.0
  SINCE DEC 1      0.0                       0.0    0.0      0.0
  SINCE JUL 1      0.0                       0.0    0.0      0.0
  SNOW DEPTH       0

DEGREE DAYS
 HEATING
  YESTERDAY        0                        11    -11        6
  MONTH TO DATE   91                       250   -159      271
  SINCE DEC 1    229                       546   -317      343
  SINCE JUL 1    335                       707   -372      382

 COOLING
  YESTERDAY        6                         0      6        0
  MONTH TO DATE   42                         0     42        2
  SINCE DEC 1    118                        22     96      148
  SINCE JAN 1     42                         0     42        2
..................................................................


WIND (MPH)
  HIGHEST WIND SPEED    33   HIGHEST WIND DIRECTION    SW (220)
  HIGHEST GUST SPEED    45   HIGHEST GUST DIRECTION     S (180)
  AVERAGE WIND SPEED    14.5


SKY COVER
  POSSIBLE SUNSHINE  MM
  AVERAGE SKY COVER 0.8


WEATHER CONDITIONS
 THE FOLLOWING WEATHER WAS RECORDED YESTERDAY.
  THUNDERSTORM
  HEAVY RAIN
  RAIN
  LIGHT RAIN
  FOG
  HAZE


RELATIVE HUMIDITY (PERCENT)
 HIGHEST    MM
 LOWEST     MM
 AVERAGE    MM

..........................................................


THE GAINESVILLE CLIMATE NORMALS FOR TODAY
                         NORMAL    RECORD    YEAR
 MAXIMUM TEMPERATURE (F)   67        86      1937
 MINIMUM TEMPERATURE (F)   43        23      1960


SUNRISE AND SUNSET
JANUARY 23 2017.......SUNRISE   723 AM EST   SUNSET   559 PM EST
JANUARY 24 2017.......SUNRISE   723 AM EST   SUNSET   600 PM EST


-  INDICATES NEGATIVE NUMBERS.
R  INDICATES RECORD WAS SET OR TIED.
MM INDICATES DATA IS MISSING.
T  INDICATES TRACE AMOUNT.




$$
