000
CDUS42 KJAX 272126
CLIGNV


CLIMATE REPORT
NATIONAL WEATHER SERVICE JACKSONVILLE FL
525 PM EDT THU APR 27 2017


...................................

...THE GAINESVILLE CLIMATE SUMMARY FOR APRIL 27 2017...
VALID TODAY AS OF 0500 PM LOCAL TIME.

CLIMATE NORMAL PERIOD 1981 TO 2010
CLIMATE RECORD PERIOD 1890 TO 2017


WEATHER ITEM   OBSERVED TIME   RECORD YEAR NORMAL DEPARTURE LAST
                VALUE   (LST)  VALUE       VALUE  FROM      YEAR
                                                  NORMAL
..................................................................
TEMPERATURE (F)
 TODAY
  MAXIMUM         93    215 PM  96    2011  83     10       88
  MINIMUM         58    520 AM  43    2001  57      1       63
  AVERAGE         76                        70      6       76

PRECIPITATION (IN)
  TODAY            0.00          2.35 1997   0.08  -0.08     0.00
  MONTH TO DATE    2.74                      2.45   0.29     1.66
  SINCE MAR 1      3.41                      6.78  -3.37     4.01
  SINCE JAN 1      5.25                     13.29  -8.04    10.86

SNOWFALL (IN)
  TODAY            0.0           0.0    MM   0.0    0.0      0.0
  MONTH TO DATE    0.0                       0.0    0.0      0.0
  SINCE MAR 1      0.0                       0.0    0.0      0.0
  SINCE JUL 1      0.0                       0.0    0.0      0.0
  SNOW DEPTH       0

DEGREE DAYS
 HEATING
  TODAY            0                         1     -1        0
  MONTH TO DATE   18                        42    -24        9
  SINCE MAR 1    143                       179    -36       83
  SINCE JUL 1    646                      1213   -567      848

 COOLING
  TODAY           11                         6      5       11
  MONTH TO DATE  133                       103     30      103
  SINCE MAR 1    206                       157     49      232
  SINCE JAN 1    290                       189    101      257
..................................................................


WIND (MPH)
  HIGHEST WIND SPEED    18   HIGHEST WIND DIRECTION     S (200)
  HIGHEST GUST SPEED    26   HIGHEST GUST DIRECTION     S (170)
  AVERAGE WIND SPEED     6.0


SKY COVER
  POSSIBLE SUNSHINE  MM
  AVERAGE SKY COVER 0.2


WEATHER CONDITIONS
 THE FOLLOWING WEATHER WAS RECORDED TODAY.
  NO SIGNIFICANT WEATHER WAS OBSERVED.


RELATIVE HUMIDITY (PERCENT)
 HIGHEST    90           600 AM
 LOWEST     34           100 PM
 AVERAGE    62

..........................................................


THE GAINESVILLE CLIMATE NORMALS FOR TOMORROW
                         NORMAL    RECORD    YEAR
 MAXIMUM TEMPERATURE (F)   83        95      1991
 MINIMUM TEMPERATURE (F)   57        41      1978


SUNRISE AND SUNSET
APRIL 27 2017.........SUNRISE   650 AM EDT   SUNSET   804 PM EDT
APRIL 28 2017.........SUNRISE   649 AM EDT   SUNSET   804 PM EDT


-  INDICATES NEGATIVE NUMBERS.
R  INDICATES RECORD WAS SET OR TIED.
MM INDICATES DATA IS MISSING.
T  INDICATES TRACE AMOUNT.




$$
