787
CDUS42 KJAX 230527
CLIGNV


CLIMATE REPORT
NATIONAL WEATHER SERVICE JACKSONVILLE FL
127 AM EDT MON OCT 23 2017


...................................

...THE GAINESVILLE CLIMATE SUMMARY FOR OCTOBER 22 2017...

CLIMATE NORMAL PERIOD 1981 TO 2010
CLIMATE RECORD PERIOD 1890 TO 2017


WEATHER ITEM   OBSERVED TIME   RECORD YEAR NORMAL DEPARTURE LAST
                VALUE   (LST)  VALUE       VALUE  FROM      YEAR
                                                  NORMAL
..................................................................
TEMPERATURE (F)
 YESTERDAY
  MAXIMUM         87    227 PM  90    2006  80      7       74
                                      1979
                                      1934
  MINIMUM         67    604 AM  38    1989  58      9       46
                                      1976
                                      1925
  AVERAGE         77                        69      8       60

PRECIPITATION (IN)
  YESTERDAY        T             1.65 1941   0.08  -0.08     0.00
  MONTH TO DATE    1.46                      2.28  -0.82     1.65
  SINCE SEP 1     16.74                      6.70  10.04     9.62
  SINCE JAN 1     65.79                     42.27  23.52    39.34

SNOWFALL (IN)
  YESTERDAY        0.0           0.0    MM   0.0    0.0      0.0
  MONTH TO DATE    0.0                       0.0    0.0      0.0
  SINCE SEP 1      0.0                       0.0    0.0      0.0
  SINCE JUL 1      0.0                       0.0    0.0      0.0
  SNOW DEPTH       0

DEGREE DAYS
 HEATING
  YESTERDAY        0                         1     -1        5
  MONTH TO DATE    0                        10    -10        5
  SINCE SEP 1      0                        10    -10        5
  SINCE JUL 1      0                        10    -10        5

 COOLING
  YESTERDAY       12                         5      7        0
  MONTH TO DATE  265                       171     94      213
  SINCE SEP 1    670                       567    103      670
  SINCE JAN 1   2830                      2511    319     2913
..................................................................


WIND (MPH)
  HIGHEST WIND SPEED    16   HIGHEST WIND DIRECTION    SE (140)
  HIGHEST GUST SPEED    21   HIGHEST GUST DIRECTION    SE (120)
  AVERAGE WIND SPEED     7.8


SKY COVER
  POSSIBLE SUNSHINE  MM
  AVERAGE SKY COVER 0.4


WEATHER CONDITIONS
 THE FOLLOWING WEATHER WAS RECORDED YESTERDAY.
  LIGHT RAIN


RELATIVE HUMIDITY (PERCENT)
 HIGHEST    97          1200 AM
 LOWEST     61           200 PM
 AVERAGE    79

..........................................................


THE GAINESVILLE CLIMATE NORMALS FOR TODAY
                         NORMAL    RECORD    YEAR
 MAXIMUM TEMPERATURE (F)   80        90      1927
                                             1919
 MINIMUM TEMPERATURE (F)   58        41      2016


SUNRISE AND SUNSET
OCTOBER 23 2017.......SUNRISE   736 AM EDT   SUNSET   650 PM EDT
OCTOBER 24 2017.......SUNRISE   737 AM EDT   SUNSET   649 PM EDT


-  INDICATES NEGATIVE NUMBERS.
R  INDICATES RECORD WAS SET OR TIED.
MM INDICATES DATA IS MISSING.
T  INDICATES TRACE AMOUNT.




$$
