000
CDUS42 KJAX 080531
CLIGNV


CLIMATE REPORT
NATIONAL WEATHER SERVICE JACKSONVILLE FL
1231 AM EST MON FEB 8 2016


...................................

...THE GAINESVILLE CLIMATE SUMMARY FOR FEBRUARY 7 2016...

CLIMATE NORMAL PERIOD 1981 TO 2010
CLIMATE RECORD PERIOD 1890 TO 2016


WEATHER ITEM   OBSERVED TIME   RECORD YEAR NORMAL DEPARTURE LAST
                VALUE   (LST)  VALUE       VALUE  FROM      YEAR
                                                  NORMAL
..................................................................
TEMPERATURE (F)
 YESTERDAY
  MAXIMUM         57    406 PM  86    1957  68    -11       68
  MINIMUM         37    957 PM  25    1912  44     -7       34
  AVERAGE         47                        56     -9       51

PRECIPITATION (IN)
  YESTERDAY        0.08          1.74 1955   0.10  -0.02     0.00
  MONTH TO DATE    3.60                      0.76   2.84     0.61
  SINCE DEC 1      8.30                      6.55   1.75     7.23
  SINCE JAN 1      6.33                      4.07   2.26     3.85

SNOWFALL (IN)
  YESTERDAY        0.0           0.0    MM   0.0    0.0      0.0
  MONTH TO DATE    0.0                       0.0    0.0      0.0
  SINCE DEC 1      0.0                       0.0    0.0      0.0
  SINCE JUL 1      0.0                       0.0    0.0      0.0
  SNOW DEPTH       0

DEGREE DAYS
 HEATING
  YESTERDAY       18                         9      9       14
  MONTH TO DATE   56                        68    -12       92
  SINCE DEC 1    514                       709   -195      642
  SINCE JUL 1    553                       870   -317      907

 COOLING
  YESTERDAY        0                         1     -1        0
  MONTH TO DATE   14                         3     11        0
  SINCE DEC 1    162                        37    125       50
  SINCE JAN 1     16                        15      1       14
..................................................................


WIND (MPH)
  HIGHEST WIND SPEED    22   HIGHEST WIND DIRECTION    NW (310)
  HIGHEST GUST SPEED    31   HIGHEST GUST DIRECTION     W (290)
  AVERAGE WIND SPEED    10.2


SKY COVER
  POSSIBLE SUNSHINE  MM
  AVERAGE SKY COVER 0.5


WEATHER CONDITIONS
 THE FOLLOWING WEATHER WAS RECORDED YESTERDAY.
  LIGHT RAIN
  FOG


RELATIVE HUMIDITY (PERCENT)
 HIGHEST   100           200 AM
 LOWEST     30           400 PM
 AVERAGE    65

..........................................................


THE GAINESVILLE CLIMATE NORMALS FOR TODAY
                         NORMAL    RECORD    YEAR
 MAXIMUM TEMPERATURE (F)   69        85      1957
 MINIMUM TEMPERATURE (F)   44        27      1976


SUNRISE AND SUNSET
FEBRUARY  8 2016......SUNRISE   715 AM EST   SUNSET   612 PM EST
FEBRUARY  9 2016......SUNRISE   714 AM EST   SUNSET   613 PM EST


-  INDICATES NEGATIVE NUMBERS.
R  INDICATES RECORD WAS SET OR TIED.
MM INDICATES DATA IS MISSING.
T  INDICATES TRACE AMOUNT.




$$
