000
CDUS42 KJAX 180628
CLIGNV


CLIMATE REPORT
NATIONAL WEATHER SERVICE JACKSONVILLE FL
128 AM EST THU JAN 18 2018


...................................

...THE GAINESVILLE CLIMATE SUMMARY FOR JANUARY 17 2018...

CLIMATE NORMAL PERIOD 1981 TO 2010
CLIMATE RECORD PERIOD 1890 TO 2018


WEATHER ITEM   OBSERVED TIME   RECORD YEAR NORMAL DEPARTURE LAST
                VALUE   (LST)  VALUE       VALUE  FROM      YEAR
                                                  NORMAL
..................................................................
TEMPERATURE (F)
 YESTERDAY
  MAXIMUM         55   1157 AM  87    1943  66    -11       82
  MINIMUM         28   1159 PM  23    1959  42    -14       50
  AVERAGE         42                        54    -12       66

PRECIPITATION (IN)
  YESTERDAY        0.00          1.19 1964   0.10  -0.10     0.00
  MONTH TO DATE    1.40                      1.63  -0.23     1.02
  SINCE DEC 1      4.05                      4.11  -0.06     3.71
  SINCE JAN 1      1.40                      1.63  -0.23     1.02

SNOWFALL (IN)
  YESTERDAY        0.0           0.0    MM   0.0    0.0      0.0
  MONTH TO DATE    0.0                       0.0    0.0      0.0
  SINCE DEC 1      0.0                       0.0    0.0      0.0
  SINCE JUL 1      0.0                       0.0    0.0      0.0
  SNOW DEPTH       0

DEGREE DAYS
 HEATING
  YESTERDAY       23                        11     12        0
  MONTH TO DATE  295                       195    100       91
  SINCE DEC 1    547                       491     56      229
  SINCE JUL 1    681                       652     29      335

 COOLING
  YESTERDAY        0                         0      0        1
  MONTH TO DATE    8                         0      8       18
  SINCE DEC 1     41                        22     19       94
  SINCE JAN 1      8                         0      8       18
..................................................................


WIND (MPH)
  HIGHEST WIND SPEED    16   HIGHEST WIND DIRECTION    NW (320)
  HIGHEST GUST SPEED    21   HIGHEST GUST DIRECTION    NW (330)
  AVERAGE WIND SPEED     7.0


SKY COVER
  POSSIBLE SUNSHINE  MM
  AVERAGE SKY COVER 0.3


WEATHER CONDITIONS
 THE FOLLOWING WEATHER WAS RECORDED YESTERDAY.
  FOG


RELATIVE HUMIDITY (PERCENT)
 HIGHEST   100           100 AM
 LOWEST     52           800 PM
 AVERAGE    76

..........................................................


THE GAINESVILLE CLIMATE NORMALS FOR TODAY
                         NORMAL    RECORD    YEAR
 MAXIMUM TEMPERATURE (F)   66        85      1937
 MINIMUM TEMPERATURE (F)   42        20      1977


SUNRISE AND SUNSET
JANUARY 18 2018.......SUNRISE   724 AM EST   SUNSET   555 PM EST
JANUARY 19 2018.......SUNRISE   724 AM EST   SUNSET   556 PM EST


-  INDICATES NEGATIVE NUMBERS.
R  INDICATES RECORD WAS SET OR TIED.
MM INDICATES DATA IS MISSING.
T  INDICATES TRACE AMOUNT.




$$
