000
CDUS42 KJAX 230531
CLIGNV


CLIMATE REPORT
NATIONAL WEATHER SERVICE JACKSONVILLE
131 AM EDT WED APR 23 2014


...................................

...THE GAINESVILLE CLIMATE SUMMARY FOR APRIL 22 2014...

CLIMATE NORMAL PERIOD 1981 TO 2010
CLIMATE RECORD PERIOD 1890 TO 2014


WEATHER ITEM   OBSERVED TIME   RECORD YEAR NORMAL DEPARTURE LAST
                VALUE   (LST)  VALUE       VALUE  FROM      YEAR
                                                  NORMAL
..................................................................
TEMPERATURE (F)
 YESTERDAY
  MAXIMUM         82    219 PM  94    1968  82      0       69
  MINIMUM         52    557 AM  41    1901  56     -4       56
  AVERAGE         67                        69     -2       63

PRECIPITATION (IN)
  YESTERDAY        0.00          1.09 1958   0.08  -0.08     0.00
  MONTH TO DATE    1.37                      2.06  -0.69     3.11
  SINCE MAR 1      6.87                      6.39   0.48     4.09
  SINCE JAN 1     16.44                     12.90   3.54     6.06

SNOWFALL (IN)
  YESTERDAY        0.0           0.0    MM   0.0    0.0      0.0
  MONTH TO DATE    0.0                       0.0    0.0      0.0
  SINCE MAR 1      0.0                       0.0    0.0      0.0
  SINCE JUL 1      0.0                       0.0    0.0      0.0
  SNOW DEPTH       0

DEGREE DAYS
 HEATING
  YESTERDAY        0                         1     -1        2
  MONTH TO DATE   20                        37    -17       24
  SINCE MAR 1    183                       174      9      304
  SINCE JUL 1   1093                      1208   -115     1036

 COOLING
  YESTERDAY        2                         5     -3        0
  MONTH TO DATE   65                        77    -12      117
  SINCE MAR 1     90                       131    -41      135
  SINCE JAN 1    127                       163    -36      235
..................................................................


WIND (MPH)
  HIGHEST WIND SPEED    16   HIGHEST WIND DIRECTION     W (260)
  HIGHEST GUST SPEED    22   HIGHEST GUST DIRECTION     W (260)
  AVERAGE WIND SPEED     6.7


SKY COVER
  POSSIBLE SUNSHINE  MM
  AVERAGE SKY COVER 0.3


WEATHER CONDITIONS
 THE FOLLOWING WEATHER WAS RECORDED YESTERDAY.
  FOG
  FOG W/VISIBILITY <= 1/4 MILE


RELATIVE HUMIDITY (PERCENT)
 HIGHEST   100           300 AM
 LOWEST     45           200 PM
 AVERAGE    73

..........................................................


THE GAINESVILLE CLIMATE NORMALS FOR TODAY
                         NORMAL    RECORD    YEAR
 MAXIMUM TEMPERATURE (F)   82        92      1970
                                             1964
 MINIMUM TEMPERATURE (F)   56        41      1993


SUNRISE AND SUNSET
APRIL 23 2014.........SUNRISE   654 AM EDT   SUNSET   801 PM EDT
APRIL 24 2014.........SUNRISE   653 AM EDT   SUNSET   802 PM EDT


-  INDICATES NEGATIVE NUMBERS.
R  INDICATES RECORD WAS SET OR TIED.
MM INDICATES DATA IS MISSING.
T  INDICATES TRACE AMOUNT.




$$
