000
CDUS45 KMSO 182230
CLIGPI


CLIMATE REPORT
NATIONAL WEATHER SERVICE MISSOULA, MT
430 PM MDT THU SEP 18 2014


...................................

...THE KALISPELL MT CLIMATE SUMMARY FOR SEPTEMBER 18 2014...
VALID TODAY AS OF 0400 PM LOCAL TIME.

CLIMATE NORMAL PERIOD 1981 TO 2010
CLIMATE RECORD PERIOD 1894 TO 2014


WEATHER ITEM   OBSERVED TIME   RECORD YEAR NORMAL DEPARTURE LAST
                VALUE   (LST)  VALUE       VALUE  FROM      YEAR
                                                  NORMAL
..................................................................
TEMPERATURE (F)
 TODAY
  MAXIMUM         74    119 PM  90    1981  69      5       54
  MINIMUM         46    443 AM  22    1971  38      8       47
  AVERAGE         60                        53      7       51

PRECIPITATION (IN)
  TODAY            0.00          0.97 2013   0.05  -0.05     0.97
  MONTH TO DATE    0.72                      0.87  -0.15     2.00
  SINCE OCT 1     19.51                     16.48   3.03    18.00
  SINCE JAN 1     15.06                     12.48   2.58    12.62

SNOWFALL (IN)
  TODAY            0.0
  MONTH TO DATE    0.0
  SINCE JAN 1     38.2
  SINCE JUL 1      0.0
  SNOW DEPTH       0

DEGREE DAYS
 HEATING
  TODAY            5                        12     -7       14
  MONTH TO DATE  207                       157     50       42
  SINCE SEP 1    207                       157     50       42
  SINCE JUL 1    284                       327    -43       83

 COOLING
  TODAY            0                         0      0        0
  MONTH TO DATE    0                         1     -1       29
  SINCE SEP 1      0                         1     -1       29
  SINCE JAN 1    215                       144     71      264
..................................................................


WIND (MPH)
  HIGHEST WIND SPEED    13   HIGHEST WIND DIRECTION     S (170)
  HIGHEST GUST SPEED    17   HIGHEST GUST DIRECTION     S (160)
  AVERAGE WIND SPEED     2.2


SKY COVER
  POSSIBLE SUNSHINE  MM
  AVERAGE SKY COVER 0.3


WEATHER CONDITIONS
 THE FOLLOWING WEATHER WAS RECORDED TODAY.
  HAZE


RELATIVE HUMIDITY (PERCENT)
 HIGHEST   100           200 AM
 LOWEST     44           100 PM
 AVERAGE    72

..........................................................


THE KALISPELL MT CLIMATE NORMALS FOR TOMORROW
                         NORMAL    RECORD    YEAR
 MAXIMUM TEMPERATURE (F)   68        85      2008
 MINIMUM TEMPERATURE (F)   37        23      1983


SUNRISE AND SUNSET
SEPTEMBER 18 2014.....SUNRISE   718 AM MDT   SUNSET   743 PM MDT
SEPTEMBER 19 2014.....SUNRISE   720 AM MDT   SUNSET   741 PM MDT


-  INDICATES NEGATIVE NUMBERS.
R  INDICATES RECORD WAS SET OR TIED.
MM INDICATES DATA IS MISSING.
T  INDICATES TRACE AMOUNT.




$$
