962
CDUS45 KMSO 280738
CLIGPI


CLIMATE REPORT
NATIONAL WEATHER SERVICE MISSOULA, MT
137 AM MDT FRI JUL 28 2017


...................................

...THE KALISPELL MT CLIMATE SUMMARY FOR JULY 27 2017...

CLIMATE NORMAL PERIOD 1981 TO 2010
CLIMATE RECORD PERIOD 1894 TO 2017


WEATHER ITEM   OBSERVED TIME   RECORD YEAR NORMAL DEPARTURE LAST
                VALUE   (LST)  VALUE       VALUE  FROM      YEAR
                                                  NORMAL
..................................................................
TEMPERATURE (F)
 YESTERDAY
  MAXIMUM         92    427 PM 100    1975  84      8       89
  MINIMUM         48    545 AM  40    1983  49     -1       53
  AVERAGE         70                        66      4       71

PRECIPITATION (IN)
  YESTERDAY        0.00          0.93 1940   0.04  -0.04      T
  MONTH TO DATE    0.07                      1.33  -1.26     1.51
  SINCE OCT 1     18.40                     14.50   3.90    15.19
  SINCE JAN 1     11.17                     10.50   0.67    11.14

SNOWFALL (IN)
  YESTERDAY        0.0
  MONTH TO DATE    0.0
  SINCE JAN 1     54.5
  SINCE JUL 1      0.0
  SNOW DEPTH       0

DEGREE DAYS
 HEATING
  YESTERDAY        0                         1     -1        0
  MONTH TO DATE    6                        73    -67       79
  SINCE JUN 1    164                       289   -125      258
  SINCE JUL 1      6                        73    -67       79

 COOLING
  YESTERDAY        5                         3      2        6
  MONTH TO DATE  107                        55     52       29
  SINCE JUN 1    123                        68     55       76
  SINCE JAN 1    128                        71     57       76
..................................................................


WIND (MPH)
  HIGHEST WIND SPEED    16   HIGHEST WIND DIRECTION     S (170)
  HIGHEST GUST SPEED    20   HIGHEST GUST DIRECTION    SE (140)
  AVERAGE WIND SPEED     5.1


SKY COVER
  POSSIBLE SUNSHINE  MM
  AVERAGE SKY COVER 0.1


WEATHER CONDITIONS
 THE FOLLOWING WEATHER WAS RECORDED YESTERDAY.
  HAZE


RELATIVE HUMIDITY (PERCENT)
 HIGHEST    86           500 AM
 LOWEST     18           300 PM
 AVERAGE    52

..........................................................


THE KALISPELL MT CLIMATE NORMALS FOR TODAY
                         NORMAL    RECORD    YEAR
 MAXIMUM TEMPERATURE (F)   84       101      1934
 MINIMUM TEMPERATURE (F)   49        39      2001


SUNRISE AND SUNSET
JULY 28 2017..........SUNRISE   608 AM MDT   SUNSET   919 PM MDT
JULY 29 2017..........SUNRISE   609 AM MDT   SUNSET   917 PM MDT


-  INDICATES NEGATIVE NUMBERS.
R  INDICATES RECORD WAS SET OR TIED.
MM INDICATES DATA IS MISSING.
T  INDICATES TRACE AMOUNT.




$$
