000
CDUS45 KMSO 262231
CLIGPI


CLIMATE REPORT
NATIONAL WEATHER SERVICE MISSOULA, MT
431 PM MDT FRI MAY 26 2017


...................................

...THE KALISPELL MT CLIMATE SUMMARY FOR MAY 26 2017...
VALID TODAY AS OF 0400 PM LOCAL TIME.

CLIMATE NORMAL PERIOD 1981 TO 2010
CLIMATE RECORD PERIOD 1894 TO 2017


WEATHER ITEM   OBSERVED TIME   RECORD YEAR NORMAL DEPARTURE LAST
                VALUE   (LST)  VALUE       VALUE  FROM      YEAR
                                                  NORMAL
..................................................................
TEMPERATURE (F)
 TODAY
  MAXIMUM         69    259 PM  90    1986  68      1       66
  MINIMUM         42    512 AM  25    1967  42      0       46
  AVERAGE         56                        54      2       56

PRECIPITATION (IN)
  TODAY            0.00          0.90 1998   0.08  -0.08     0.24
  MONTH TO DATE    0.79                      1.56  -0.77     3.08
  SINCE OCT 1     16.84                     10.19   6.65    12.30
  SINCE JAN 1      9.61                      6.19   3.42     8.25

SNOWFALL (IN)
  TODAY            0.0
  MONTH TO DATE    0.0
  SINCE JAN 1     54.5
  SINCE JUL 1     89.8
  SNOW DEPTH       0

DEGREE DAYS
 HEATING
  TODAY            9                        11     -2        9
  MONTH TO DATE  346                       363    -17      293
  SINCE MAR 1   1910                      1922    -12     1586
  SINCE JUL 1   8110                      7774    336     6888

 COOLING
  TODAY            0                         0      0        0
  MONTH TO DATE    0                         0      0        0
  SINCE MAR 1      0                         0      0        0
  SINCE JAN 1      0                         0      0        0
..................................................................


WIND (MPH)
  HIGHEST WIND SPEED    14   HIGHEST WIND DIRECTION     N (360)
  HIGHEST GUST SPEED    19   HIGHEST GUST DIRECTION     N (10)
  AVERAGE WIND SPEED     7.8


SKY COVER
  POSSIBLE SUNSHINE  MM
  AVERAGE SKY COVER 0.1


WEATHER CONDITIONS
 THE FOLLOWING WEATHER WAS RECORDED TODAY.
  NO SIGNIFICANT WEATHER WAS OBSERVED.


RELATIVE HUMIDITY (PERCENT)
 HIGHEST    89           400 AM
 LOWEST     31           300 PM
 AVERAGE    60

..........................................................


THE KALISPELL MT CLIMATE NORMALS FOR TOMORROW
                         NORMAL    RECORD    YEAR
 MAXIMUM TEMPERATURE (F)   68        95      1936
 MINIMUM TEMPERATURE (F)   42        28      1918


SUNRISE AND SUNSET
MAY 26 2017...........SUNRISE   545 AM MDT   SUNSET   924 PM MDT
MAY 27 2017...........SUNRISE   544 AM MDT   SUNSET   925 PM MDT


-  INDICATES NEGATIVE NUMBERS.
R  INDICATES RECORD WAS SET OR TIED.
MM INDICATES DATA IS MISSING.
T  INDICATES TRACE AMOUNT.




$$
