000
CDUS45 KMSO 200840
CLIGPI


CLIMATE REPORT
NATIONAL WEATHER SERVICE MISSOULA, MT
140 AM MST MON FEB 20 2017


...................................

...THE KALISPELL MT CLIMATE SUMMARY FOR FEBRUARY 19 2017...

CLIMATE NORMAL PERIOD 1981 TO 2010
CLIMATE RECORD PERIOD 1894 TO 2017


WEATHER ITEM   OBSERVED TIME   RECORD YEAR NORMAL DEPARTURE LAST
                VALUE   (LST)  VALUE       VALUE  FROM      YEAR
                                                  NORMAL
..................................................................
TEMPERATURE (F)
 YESTERDAY
  MAXIMUM         41    304 PM  53    1930  37      4       48
  MINIMUM         32    828 AM  -6    2006  18     14       35
                                      1960
  AVERAGE         37                        28      9       42

PRECIPITATION (IN)
  YESTERDAY        0.21          0.44 1982   0.04   0.17     0.01
  MONTH TO DATE    2.04                      0.65   1.39     0.82
  SINCE OCT 1     10.24                      5.98   4.26     6.35
  SINCE JAN 1      3.01                      1.98   1.03     2.30

SNOWFALL (IN)
  YESTERDAY        0.0
  MONTH TO DATE   24.8
  SINCE JAN 1     38.6
  SINCE JUL 1     73.9
  SNOW DEPTH      15

DEGREE DAYS
 HEATING
  YESTERDAY       28                        37     -9       23
  MONTH TO DATE  820                       733     87      604
  SINCE DEC 1   3890                      3320    570     2983
  SINCE JUL 1   5849                      5524    325     5002

 COOLING
  YESTERDAY        0                         0      0        0
  MONTH TO DATE    0                         0      0        0
  SINCE DEC 1      0                         0      0        0
  SINCE JAN 1      0                         0      0        0
..................................................................


WIND (MPH)
  HIGHEST WIND SPEED    16   HIGHEST WIND DIRECTION    SE (150)
  HIGHEST GUST SPEED    19   HIGHEST GUST DIRECTION     W (260)
  AVERAGE WIND SPEED     6.5


SKY COVER
  POSSIBLE SUNSHINE  MM
  AVERAGE SKY COVER 0.8


WEATHER CONDITIONS
 THE FOLLOWING WEATHER WAS RECORDED YESTERDAY.
  RAIN
  LIGHT RAIN
  FOG


RELATIVE HUMIDITY (PERCENT)
 HIGHEST   100           200 AM
 LOWEST     70           500 PM
 AVERAGE    85

..........................................................


THE KALISPELL MT CLIMATE NORMALS FOR TODAY
                         NORMAL    RECORD    YEAR
 MAXIMUM TEMPERATURE (F)   37        57      1995
 MINIMUM TEMPERATURE (F)   18       -13      1936


SUNRISE AND SUNSET
FEBRUARY 20 2017......SUNRISE   735 AM MST   SUNSET   608 PM MST
FEBRUARY 21 2017......SUNRISE   733 AM MST   SUNSET   609 PM MST


-  INDICATES NEGATIVE NUMBERS.
R  INDICATES RECORD WAS SET OR TIED.
MM INDICATES DATA IS MISSING.
T  INDICATES TRACE AMOUNT.




$$
