000
CDUS45 KMSO 040858
CLIGPI


CLIMATE REPORT
NATIONAL WEATHER SERVICE MISSOULA, MT
157 AM MST SUN DEC 4 2016


...................................

...THE KALISPELL MT CLIMATE SUMMARY FOR DECEMBER 3 2016...

CLIMATE NORMAL PERIOD 1981 TO 2010
CLIMATE RECORD PERIOD 1894 TO 2016


WEATHER ITEM   OBSERVED TIME   RECORD YEAR NORMAL DEPARTURE LAST
                VALUE   (LST)  VALUE       VALUE  FROM      YEAR
                                                  NORMAL
..................................................................
TEMPERATURE (F)
 YESTERDAY
  MAXIMUM         40   1140 AM  52    1941  32      8       30
  MINIMUM         29    847 AM  -9    1984  19     10       16
  AVERAGE         35                        26      9       23

PRECIPITATION (IN)
  YESTERDAY        0.06          0.38 1941   0.05   0.01     0.00
  MONTH TO DATE    0.17                      0.15   0.02     0.02
  SINCE OCT 1      5.65                      2.59   3.06     1.63
  SINCE JAN 1     18.74                     15.58   3.16     9.23

SNOWFALL (IN)
  YESTERDAY       MM
  MONTH TO DATE    0.7
  SINCE JAN 1     17.0
  SINCE JUL 1      2.4
  SNOW DEPTH       0

DEGREE DAYS
 HEATING
  YESTERDAY       30                        40    -10       42
  MONTH TO DATE   93                       118    -25      127
  SINCE DEC 1     93                       118    -25      127
  SINCE JUL 1   2052                      2322   -270     2146

 COOLING
  YESTERDAY        0                         0      0        0
  MONTH TO DATE    0                         0      0        0
  SINCE DEC 1      0                         0      0        0
  SINCE JAN 1    157                       147     10      248
..................................................................


WIND (MPH)
  HIGHEST WIND SPEED    16   HIGHEST WIND DIRECTION     S (160)
  HIGHEST GUST SPEED    20   HIGHEST GUST DIRECTION    SE (150)
  AVERAGE WIND SPEED     8.1


SKY COVER
  POSSIBLE SUNSHINE  MM
  AVERAGE SKY COVER 0.9


WEATHER CONDITIONS
 THE FOLLOWING WEATHER WAS RECORDED YESTERDAY.
  LIGHT SNOW
  FOG


RELATIVE HUMIDITY (PERCENT)
 HIGHEST   100          1200 AM
 LOWEST     59           100 PM
 AVERAGE    80

..........................................................


THE KALISPELL MT CLIMATE NORMALS FOR TODAY
                         NORMAL    RECORD    YEAR
 MAXIMUM TEMPERATURE (F)   32        58      1918
 MINIMUM TEMPERATURE (F)   18        -7      1972


SUNRISE AND SUNSET
DECEMBER  4 2016......SUNRISE   811 AM MST   SUNSET   444 PM MST
DECEMBER  5 2016......SUNRISE   812 AM MST   SUNSET   443 PM MST


-  INDICATES NEGATIVE NUMBERS.
R  INDICATES RECORD WAS SET OR TIED.
MM INDICATES DATA IS MISSING.
T  INDICATES TRACE AMOUNT.




$$
