000
CDUS45 KMSO 040757
CLIGPI


CLIMATE REPORT
NATIONAL WEATHER SERVICE MISSOULA, MT
1257 AM MST WED MAR 4 2015


...................................

...THE KALISPELL MT CLIMATE SUMMARY FOR MARCH 3 2015...

CLIMATE NORMAL PERIOD 1981 TO 2010
CLIMATE RECORD PERIOD 1894 TO 2015


WEATHER ITEM   OBSERVED TIME   RECORD YEAR NORMAL DEPARTURE LAST
                VALUE   (LST)  VALUE       VALUE  FROM      YEAR
                                                  NORMAL
..................................................................
TEMPERATURE (F)
 YESTERDAY
  MAXIMUM         28    443 PM  60    1905  41    -13       28
  MINIMUM          9   1141 PM -29    1960  21    -12        8
  AVERAGE         19                        31    -12       18

PRECIPITATION (IN)
  YESTERDAY        0.00          0.90 1904   0.04  -0.04     0.20
  MONTH TO DATE    0.01                      0.11  -0.10     0.67
  SINCE OCT 1      9.62                      6.41   3.21     7.56
  SINCE JAN 1      3.54                      2.41   1.13     3.11

SNOWFALL (IN)
  YESTERDAY        0.0
  MONTH TO DATE    T
  SINCE JAN 1     32.9
  SINCE JUL 1     59.4
  SNOW DEPTH       0

DEGREE DAYS
 HEATING
  YESTERDAY       46                        34     12       47
  MONTH TO DATE  128                       104     24      173
  SINCE MAR 1    128                       104     24      173
  SINCE JUL 1   5578                      5956   -378     6107

 COOLING
  YESTERDAY        0                         0      0        0
  MONTH TO DATE    0                         0      0        0
  SINCE MAR 1      0                         0      0        0
  SINCE JAN 1      0                         0      0        0
..................................................................


WIND (MPH)
  HIGHEST WIND SPEED    17   HIGHEST WIND DIRECTION    NE (30)
  HIGHEST GUST SPEED    22   HIGHEST GUST DIRECTION    NE (30)
  AVERAGE WIND SPEED     6.8


SKY COVER
  POSSIBLE SUNSHINE  MM
  AVERAGE SKY COVER 0.3


WEATHER CONDITIONS
 THE FOLLOWING WEATHER WAS RECORDED YESTERDAY.
  NO SIGNIFICANT WEATHER WAS OBSERVED.


RELATIVE HUMIDITY (PERCENT)
 HIGHEST    84          1000 PM
 LOWEST     32           100 PM
 AVERAGE    58

..........................................................


THE KALISPELL MT CLIMATE NORMALS FOR TODAY
                         NORMAL    RECORD    YEAR
 MAXIMUM TEMPERATURE (F)   41        62      1968
 MINIMUM TEMPERATURE (F)   21       -16      1966


SUNRISE AND SUNSET
MARCH  4 2015.........SUNRISE   713 AM MST   SUNSET   626 PM MST
MARCH  5 2015.........SUNRISE   711 AM MST   SUNSET   627 PM MST


-  INDICATES NEGATIVE NUMBERS.
R  INDICATES RECORD WAS SET OR TIED.
MM INDICATES DATA IS MISSING.
T  INDICATES TRACE AMOUNT.




$$
