000
CDUS45 KMSO 202243
CLIGPI


CLIMATE REPORT
NATIONAL WEATHER SERVICE MISSOULA, MT
431 PM MDT WED SEP 20 2017


...................................

...THE KALISPELL MT CLIMATE SUMMARY FOR SEPTEMBER 20 2017...
VALID TODAY AS OF 0400 PM LOCAL TIME.

CLIMATE NORMAL PERIOD 1981 TO 2010
CLIMATE RECORD PERIOD 1894 TO 2017


WEATHER ITEM   OBSERVED TIME   RECORD YEAR NORMAL DEPARTURE LAST
                VALUE   (LST)  VALUE       VALUE  FROM      YEAR
                                                  NORMAL
..................................................................
TEMPERATURE (F)
 TODAY
  MAXIMUM         56    210 PM  85    1922  68    -12       67
  MINIMUM         40    618 AM  21    1983  37      3       36
  AVERAGE         48                        52     -4       52

PRECIPITATION (IN)
  TODAY            0.09          0.50 1955   0.05   0.04     0.00
  MONTH TO DATE    0.42                      0.97  -0.55     0.75
  SINCE OCT 1     18.98                     16.58   2.40    17.02
  SINCE JAN 1     11.75                     12.58  -0.83    12.97

SNOWFALL (IN)
  TODAY            0.0
  MONTH TO DATE    0.0
  SINCE JAN 1     54.5
  SINCE JUL 1      0.0
  SNOW DEPTH       0

DEGREE DAYS
 HEATING
  TODAY           17                        13      4       13
  MONTH TO DATE  154                       182    -28      255
  SINCE SEP 1    154                       182    -28      255
  SINCE JUL 1    203                       352   -149      402

 COOLING
  TODAY            0                         0      0        0
  MONTH TO DATE    4                         1      3        0
  SINCE SEP 1      4                         1      3        0
  SINCE JAN 1    228                       144     84      156
..................................................................


WIND (MPH)
  HIGHEST WIND SPEED    16   HIGHEST WIND DIRECTION    SW (210)
  HIGHEST GUST SPEED    22   HIGHEST GUST DIRECTION     S (200)
  AVERAGE WIND SPEED     9.2


SKY COVER
  POSSIBLE SUNSHINE  MM
  AVERAGE SKY COVER 0.8


WEATHER CONDITIONS
 THE FOLLOWING WEATHER WAS RECORDED TODAY.
  LIGHT RAIN
  FOG


RELATIVE HUMIDITY (PERCENT)
 HIGHEST   100           700 AM
 LOWEST     43           200 PM
 AVERAGE    72

..........................................................


THE KALISPELL MT CLIMATE NORMALS FOR TOMORROW
                         NORMAL    RECORD    YEAR
 MAXIMUM TEMPERATURE (F)   68        87      1967
 MINIMUM TEMPERATURE (F)   37        22      1995


SUNRISE AND SUNSET
SEPTEMBER 20 2017.....SUNRISE   721 AM MDT   SUNSET   738 PM MDT
SEPTEMBER 21 2017.....SUNRISE   723 AM MDT   SUNSET   736 PM MDT


-  INDICATES NEGATIVE NUMBERS.
R  INDICATES RECORD WAS SET OR TIED.
MM INDICATES DATA IS MISSING.
T  INDICATES TRACE AMOUNT.




$$
