000
CDUS45 KMSO 242231
CLIGPI


CLIMATE REPORT
NATIONAL WEATHER SERVICE MISSOULA, MT
431 PM MDT SUN JUL 24 2016


...................................

...THE KALISPELL MT CLIMATE SUMMARY FOR JULY 24 2016...
VALID TODAY AS OF 0400 PM LOCAL TIME.

CLIMATE NORMAL PERIOD 1981 TO 2010
CLIMATE RECORD PERIOD 1894 TO 2016


WEATHER ITEM   OBSERVED TIME   RECORD YEAR NORMAL DEPARTURE LAST
                VALUE   (LST)  VALUE       VALUE  FROM      YEAR
                                                  NORMAL
..................................................................
TEMPERATURE (F)
 TODAY
  MAXIMUM         80    259 PM  96    2003  84     -4       87
  MINIMUM         42    457 AM  37    1960  49     -7       46
  AVERAGE         61                        66     -5       67

PRECIPITATION (IN)
  TODAY            0.00          0.48 1925   0.04  -0.04     0.00
  MONTH TO DATE    1.51                      1.23   0.28     0.36
  SINCE OCT 1     15.19                     14.40   0.79    12.80
  SINCE JAN 1     11.14                     10.40   0.74     6.72

SNOWFALL (IN)
  TODAY            0.0
  MONTH TO DATE    0.0
  SINCE JAN 1     14.6
  SINCE JUL 1      0.0
  SNOW DEPTH       0

DEGREE DAYS
 HEATING
  TODAY            4                         2      2        0
  MONTH TO DATE   80                        68     12       40
  SINCE JUN 1    259                       284    -25      121
  SINCE JUL 1     80                        68     12       40

 COOLING
  TODAY            0                         3     -3        2
  MONTH TO DATE   14                        46    -32       74
  SINCE JUN 1     61                        59      2      160
  SINCE JAN 1     61                        62     -1      160
..................................................................


WIND (MPH)
  HIGHEST WIND SPEED    16   HIGHEST WIND DIRECTION    SE (130)
  HIGHEST GUST SPEED    21   HIGHEST GUST DIRECTION    SE (120)
  AVERAGE WIND SPEED     7.1


SKY COVER
  POSSIBLE SUNSHINE  MM
  AVERAGE SKY COVER 0.0


WEATHER CONDITIONS
 THE FOLLOWING WEATHER WAS RECORDED TODAY.
  NO SIGNIFICANT WEATHER WAS OBSERVED.


RELATIVE HUMIDITY (PERCENT)
 HIGHEST   100           400 AM
 LOWEST     32           200 PM
 AVERAGE    66

..........................................................


THE KALISPELL MT CLIMATE NORMALS FOR TOMORROW
                         NORMAL    RECORD    YEAR
 MAXIMUM TEMPERATURE (F)   84        97      1931
 MINIMUM TEMPERATURE (F)   49        39      1960


SUNRISE AND SUNSET
JULY 24 2016..........SUNRISE   603 AM MDT   SUNSET   923 PM MDT
JULY 25 2016..........SUNRISE   604 AM MDT   SUNSET   922 PM MDT


-  INDICATES NEGATIVE NUMBERS.
R  INDICATES RECORD WAS SET OR TIED.
MM INDICATES DATA IS MISSING.
T  INDICATES TRACE AMOUNT.




$$
