000
CDUS43 KGRB 260717
CLIGRB


CLIMATE REPORT
NATIONAL WEATHER SERVICE GREEN BAY
214 AM CDT MON JUN 26 2017


...................................

...THE GREEN BAY WI CLIMATE SUMMARY FOR JUNE 25 2017...

CLIMATE NORMAL PERIOD 1981 TO 2010
CLIMATE RECORD PERIOD 1886 TO 2017


WEATHER ITEM   OBSERVED TIME   RECORD YEAR NORMAL DEPARTURE LAST
                VALUE   (LST)  VALUE       VALUE  FROM      YEAR
                                                  NORMAL
..................................................................
TEMPERATURE (F)
 YESTERDAY
  MAXIMUM         71    325 PM  92    1966  78     -7       90
                                      1963
  MINIMUM         53   1159 PM  41    1970  57     -4       64
  AVERAGE         62                        67     -5       77

PRECIPITATION (IN)
  YESTERDAY        0.03          1.74 1934   0.13  -0.10     0.02
  MONTH TO DATE    3.11                      3.26  -0.15     3.54
  SINCE JUN 1      3.11                      3.26  -0.15     3.54
  SINCE JAN 1     16.11                     12.91   3.20    14.72

SNOWFALL (IN)
  YESTERDAY        0.0           0.0    MM   0.0    0.0      0.0
  MONTH TO DATE    0.0                       0.0    0.0      0.0
  SINCE JUN 1      0.0                       0.0    0.0      0.0
  SINCE JUL 1     53.2                      51.4    1.8     50.0
  SNOW DEPTH       0

DEGREE DAYS
 HEATING
  YESTERDAY        3                         2      1        0
  MONTH TO DATE   14                        86    -72       25
  SINCE JUN 1     14                        86    -72       25
  SINCE JUL 1   6401                      7949  -1548     6622

 COOLING
  YESTERDAY        0                         4     -4       12
  MONTH TO DATE  105                        62     43       83
  SINCE JUN 1    105                        62     43       83
  SINCE JAN 1    113                        80     33      116
..................................................................


WIND (MPH)
  HIGHEST WIND SPEED    24   HIGHEST WIND DIRECTION     W (270)
  HIGHEST GUST SPEED    30   HIGHEST GUST DIRECTION     W (290)
  AVERAGE WIND SPEED    11.0


SKY COVER
  POSSIBLE SUNSHINE  MM
  AVERAGE SKY COVER 0.6


WEATHER CONDITIONS
 THE FOLLOWING WEATHER WAS RECORDED YESTERDAY.
  RAIN
  LIGHT RAIN
  FOG


RELATIVE HUMIDITY (PERCENT)
 HIGHEST   100           200 AM
 LOWEST     57          1200 PM
 AVERAGE    79

..........................................................


THE GREEN BAY WI CLIMATE NORMALS FOR TODAY
                         NORMAL    RECORD    YEAR
 MAXIMUM TEMPERATURE (F)   78        96      1901
 MINIMUM TEMPERATURE (F)   57        41      1982


SUNRISE AND SUNSET
JUNE 26 2017..........SUNRISE   509 AM CDT   SUNSET   841 PM CDT
JUNE 27 2017..........SUNRISE   510 AM CDT   SUNSET   841 PM CDT


-  INDICATES NEGATIVE NUMBERS.
R  INDICATES RECORD WAS SET OR TIED.
MM INDICATES DATA IS MISSING.
T  INDICATES TRACE AMOUNT.

$$
