000
CDUS43 KGRB 312142
CLIGRB


CLIMATE REPORT
NATIONAL WEATHER SERVICE GREEN BAY
440 PM CDT WED AUG 31 2016


...................................

...THE GREEN BAY WI CLIMATE SUMMARY FOR AUGUST 31 2016...
VALID TODAY AS OF 0400 PM LOCAL TIME.

CLIMATE NORMAL PERIOD 1981 TO 2010
CLIMATE RECORD PERIOD 1886 TO 2016


WEATHER ITEM   OBSERVED TIME   RECORD YEAR NORMAL DEPARTURE LAST
                VALUE   (LST)  VALUE       VALUE  FROM      YEAR
                                                  NORMAL
..................................................................
TEMPERATURE (F)
 TODAY
  MAXIMUM         76    247 PM  94    1937  75      1       79
  MINIMUM         54    550 AM  39    1967  54      0       61
  AVERAGE         65                        65      0       70

PRECIPITATION (IN)
  TODAY            0.00          2.19 1922   0.11  -0.11     0.00
  MONTH TO DATE    2.78                      3.37  -0.59     4.22
  SINCE JUN 1     10.44                     10.75  -0.31     9.26
  SINCE JAN 1     21.62                     20.40   1.22    16.20

SNOWFALL (IN)
  TODAY            0.0           0.0    MM   0.0    0.0      0.0
  MONTH TO DATE    0.0                       0.0    0.0      0.0
  SINCE JUN 1      0.0                       0.0    0.0      0.0
  SINCE JUL 1      0.0                       0.0    0.0      0.0
  SNOW DEPTH       0

DEGREE DAYS
 HEATING
  TODAY            0                         3     -3        0
  MONTH TO DATE    7                        40    -33       31
  SINCE JUN 1     38                       155   -117      103
  SINCE JUL 1     13                        63    -50       50

 COOLING
  TODAY            0                         2     -2        5
  MONTH TO DATE  190                       111     79      131
  SINCE JUN 1    488                       344    144      374
  SINCE JAN 1    521                       362    159      402
..................................................................


WIND (MPH)
  HIGHEST WIND SPEED    13   HIGHEST WIND DIRECTION     N (10)
  HIGHEST GUST SPEED    16   HIGHEST GUST DIRECTION     N (10)
  AVERAGE WIND SPEED     5.9


SKY COVER
  POSSIBLE SUNSHINE  MM
  AVERAGE SKY COVER 0.2


WEATHER CONDITIONS
 THE FOLLOWING WEATHER WAS RECORDED TODAY.
  NO SIGNIFICANT WEATHER WAS OBSERVED.


RELATIVE HUMIDITY (PERCENT)
 HIGHEST   100           100 AM
 LOWEST     50           100 PM
 AVERAGE    75

..........................................................


THE GREEN BAY WI CLIMATE NORMALS FOR TOMORROW
                         NORMAL    RECORD    YEAR
 MAXIMUM TEMPERATURE (F)   75        95      1953
 MINIMUM TEMPERATURE (F)   54        38      1888


SUNRISE AND SUNSET
AUGUST 31 2016........SUNRISE   615 AM CDT   SUNSET   730 PM CDT
SEPTEMBER  1 2016.....SUNRISE   616 AM CDT   SUNSET   728 PM CDT


-  INDICATES NEGATIVE NUMBERS.
R  INDICATES RECORD WAS SET OR TIED.
MM INDICATES DATA IS MISSING.
T  INDICATES TRACE AMOUNT.




$$
