000
CDUS43 KGRB 270639
CLIGRB


CLIMATE REPORT
NATIONAL WEATHER SERVICE GREEN BAY
138 AM CDT WED AUG 27 2014


...................................

...THE GREEN BAY WI CLIMATE SUMMARY FOR AUGUST 26 2014...

CLIMATE NORMAL PERIOD 1981 TO 2010
CLIMATE RECORD PERIOD 1886 TO 2014


WEATHER ITEM   OBSERVED TIME   RECORD YEAR NORMAL DEPARTURE LAST
                VALUE   (LST)  VALUE       VALUE  FROM      YEAR
                                                  NORMAL
..................................................................
TEMPERATURE (F)
 YESTERDAY
  MAXIMUM         75    438 PM  95    1948  77     -2       86
  MINIMUM         59   1056 PM  42    1968  56      3       71
                                      1915
  AVERAGE         67                        66      1       79

PRECIPITATION (IN)
  YESTERDAY        0.00          2.65 1921   0.10  -0.10     0.33
  MONTH TO DATE    3.62                      2.86   0.76     2.70
  SINCE JUN 1      8.88                     10.24  -1.36     9.87
  SINCE JAN 1     19.54                     19.89  -0.35    23.64

SNOWFALL (IN)
  YESTERDAY        0.0           0.0    MM   0.0    0.0      0.0
  MONTH TO DATE    0.0                       0.0    0.0      0.0
  SINCE JUN 1      0.0                       0.0    0.0      0.0
  SINCE JUL 1      0.0                       0.0    0.0      0.0
  SNOW DEPTH       0

DEGREE DAYS
 HEATING
  YESTERDAY        0                         2     -2        0
  MONTH TO DATE   12                        29    -17       18
  SINCE JUN 1     58                       144    -86      112
  SINCE JUL 1     27                        52    -25       40

 COOLING
  YESTERDAY        2                         3     -1       14
  MONTH TO DATE  103                        96      7       86
  SINCE JUN 1    308                       329    -21      389
  SINCE JAN 1    324                       347    -23      427
..................................................................


WIND (MPH)
  HIGHEST WIND SPEED    16   HIGHEST WIND DIRECTION     W (290)
  HIGHEST GUST SPEED    21   HIGHEST GUST DIRECTION    NW (320)
  AVERAGE WIND SPEED     6.7


SKY COVER
  POSSIBLE SUNSHINE  MM
  AVERAGE SKY COVER 0.2


WEATHER CONDITIONS
 THE FOLLOWING WEATHER WAS RECORDED YESTERDAY.
  NO SIGNIFICANT WEATHER WAS OBSERVED.


RELATIVE HUMIDITY (PERCENT)
 HIGHEST   100           200 AM
 LOWEST     57           200 PM
 AVERAGE    79

..........................................................


THE GREEN BAY WI CLIMATE NORMALS FOR TODAY
                         NORMAL    RECORD    YEAR
 MAXIMUM TEMPERATURE (F)   76        98      1976
 MINIMUM TEMPERATURE (F)   55        39      1968


SUNRISE AND SUNSET
AUGUST 27 2014........SUNRISE   609 AM CDT   SUNSET   738 PM CDT
AUGUST 28 2014........SUNRISE   610 AM CDT   SUNSET   736 PM CDT


-  INDICATES NEGATIVE NUMBERS.
R  INDICATES RECORD WAS SET OR TIED.
MM INDICATES DATA IS MISSING.
T  INDICATES TRACE AMOUNT.




$$
