289
CDUS43 KGID 040652
CLIGRI


CLIMATE REPORT
NATIONAL WEATHER SERVICE HASTINGS NE
151 AM CDT WED MAY 4 2016


...................................

...THE GRAND ISLAND NE CLIMATE SUMMARY FOR MAY 3 2016...

CLIMATE NORMAL PERIOD 1981 TO 2010
CLIMATE RECORD PERIOD 1895 TO 2016


WEATHER ITEM   OBSERVED TIME   RECORD YEAR NORMAL DEPARTURE LAST
                VALUE   (LST)  VALUE       VALUE  FROM      YEAR
                                                  NORMAL
..................................................................
TEMPERATURE (F)
 YESTERDAY
  MAXIMUM         70    511 PM  92    1959  69      1       90
  MINIMUM         37    540 AM  25    2005  45     -8       55
                                      1907
  AVERAGE         54                        57     -3       73

PRECIPITATION (IN)
  YESTERDAY        0.00          1.75 1987   0.13  -0.13     0.00
  MONTH TO DATE    0.08                      0.36  -0.28     0.84
  SINCE MAR 1      5.74                      4.69   1.05     3.14
  SINCE JAN 1      7.92                      5.90   2.02     4.31

SNOWFALL (IN)
  YESTERDAY        0.0           4.3  1967   0.0    0.0      0.0
  MONTH TO DATE    0.0                       0.0    0.0      0.0
  SINCE MAR 1      2.6                       6.9   -4.3      1.4
  SINCE JUL 1     33.8                      29.0    4.8     24.3
  SNOW DEPTH       0

DEGREE DAYS
 HEATING
  YESTERDAY       11                         9      2        0
  MONTH TO DATE   47                        28     19        0
  SINCE MAR 1   1004                      1269   -265     1026
  SINCE JUL 1   5002                      6030  -1028     5763

 COOLING
  YESTERDAY        0                         1     -1        8
  MONTH TO DATE    0                         3     -3       14
  SINCE MAR 1      0                        14    -14       18
  SINCE JAN 1      0                        14    -14       18
..................................................................


WIND (MPH)
  HIGHEST WIND SPEED    18   HIGHEST WIND DIRECTION     W (280)
  HIGHEST GUST SPEED    23   HIGHEST GUST DIRECTION    NW (310)
  AVERAGE WIND SPEED     6.4


SKY COVER
  AVERAGE SKY COVER 0.1


WEATHER CONDITIONS
 THE FOLLOWING WEATHER WAS RECORDED YESTERDAY.
  NO SIGNIFICANT WEATHER WAS OBSERVED.


RELATIVE HUMIDITY (PERCENT)
 HIGHEST    92           600 AM
 LOWEST     31           300 PM
 AVERAGE    62

..........................................................


THE GRAND ISLAND NE CLIMATE NORMALS FOR TODAY
                         NORMAL    RECORD    YEAR
 MAXIMUM TEMPERATURE (F)   69        92      2012
                                             1962
 MINIMUM TEMPERATURE (F)   45        25      1967


SUNRISE AND SUNSET
MAY  4 2016...........SUNRISE   627 AM CDT   SUNSET   834 PM CDT
MAY  5 2016...........SUNRISE   626 AM CDT   SUNSET   835 PM CDT


-  INDICATES NEGATIVE NUMBERS.
R  INDICATES RECORD WAS SET OR TIED.
MM INDICATES DATA IS MISSING.
T  INDICATES TRACE AMOUNT.




$$
