000
CDUS43 KGID 120632
CLIGRI


CLIMATE REPORT
NATIONAL WEATHER SERVICE HASTINGS NE
131 AM CDT SAT JUL 12 2014


...................................

...THE GRAND ISLAND NE CLIMATE SUMMARY FOR JULY 11 2014...

CLIMATE NORMAL PERIOD 1981 TO 2010
CLIMATE RECORD PERIOD 1895 TO 2014


WEATHER ITEM   OBSERVED TIME   RECORD YEAR NORMAL DEPARTURE LAST
                VALUE   (LST)  VALUE       VALUE  FROM      YEAR
                                                  NORMAL
..................................................................
TEMPERATURE (F)
 YESTERDAY
  MAXIMUM         87    607 PM 109    1954  88     -1       90
  MINIMUM         69    627 AM  51    1999  65      4       66
                                      1926
  AVERAGE         78                        76      2       78

PRECIPITATION (IN)
  YESTERDAY        0.00          2.80 1961   0.11  -0.11     0.00
  MONTH TO DATE    1.37                      1.26   0.11     0.10
  SINCE JUN 1     11.02                      5.56   5.46     1.73
  SINCE JAN 1     15.51                     15.51   0.00    15.10

SNOWFALL (IN)
  YESTERDAY        0.0                       0.0    0.0      0.0
  MONTH TO DATE    0.0                       0.0    0.0      0.0
  SINCE JUN 1      0.0                       0.0    0.0      0.0
  SINCE JUL 1      0.0                       0.0    0.0      0.0
  SNOW DEPTH       0

DEGREE DAYS
 HEATING
  YESTERDAY        0                         0      0        0
  MONTH TO DATE    1                         0      1        0
  SINCE JUN 1     11                        24    -13       21
  SINCE JUL 1      1                         0      1        0

 COOLING
  YESTERDAY       13                        11      2       13
  MONTH TO DATE   96                       121    -25      145
  SINCE JUN 1    346                       334     12      404
  SINCE JAN 1    465                       399     66      499
..................................................................


WIND (MPH)
  HIGHEST WIND SPEED    20   HIGHEST WIND DIRECTION     S (160)
  HIGHEST GUST SPEED    24   HIGHEST GUST DIRECTION     S (160)
  AVERAGE WIND SPEED     8.5


SKY COVER
  AVERAGE SKY COVER 0.1


WEATHER CONDITIONS
 THE FOLLOWING WEATHER WAS RECORDED YESTERDAY.
  NO SIGNIFICANT WEATHER WAS OBSERVED.


RELATIVE HUMIDITY (PERCENT)
 HIGHEST    91           900 PM
 LOWEST     65           400 PM
 AVERAGE    78

..........................................................


THE GRAND ISLAND NE CLIMATE NORMALS FOR TODAY
                         NORMAL    RECORD    YEAR
 MAXIMUM TEMPERATURE (F)   88       111      1939
 MINIMUM TEMPERATURE (F)   65        50      1922


SUNRISE AND SUNSET
JULY 12 2014..........SUNRISE   612 AM CDT   SUNSET   906 PM CDT
JULY 13 2014..........SUNRISE   613 AM CDT   SUNSET   905 PM CDT


-  INDICATES NEGATIVE NUMBERS.
R  INDICATES RECORD WAS SET OR TIED.
MM INDICATES DATA IS MISSING.
T  INDICATES TRACE AMOUNT.




$$
