000
CDUS43 KGID 250644
CLIGRI


CLIMATE REPORT
NATIONAL WEATHER SERVICE HASTINGS NE
1241 AM CST THU DEC 25 2014


...................................

...THE GRAND ISLAND NE CLIMATE SUMMARY FOR DECEMBER 24 2014...

CLIMATE NORMAL PERIOD 1981 TO 2010
CLIMATE RECORD PERIOD 1895 TO 2014


WEATHER ITEM   OBSERVED TIME   RECORD YEAR NORMAL DEPARTURE LAST
                VALUE   (LST)  VALUE       VALUE  FROM      YEAR
                                                  NORMAL
..................................................................
TEMPERATURE (F)
 YESTERDAY
  MAXIMUM         40    310 PM  62    1917  35      5       36
  MINIMUM         26    612 AM -19    1983  15     11        9
  AVERAGE         33                        25      8       23

PRECIPITATION (IN)
  YESTERDAY        0.00          0.53 1945   0.02  -0.02      T
  MONTH TO DATE    0.52                      0.51   0.01     0.11
  SINCE DEC 1      0.52                      0.51   0.01     0.11
  SINCE JAN 1     27.32                     26.54   0.78    26.92

SNOWFALL (IN)
  YESTERDAY        0.0           8.6  1945   0.2   -0.2       T
  MONTH TO DATE    1.0                       3.9   -2.9      2.2
  SINCE DEC 1      1.0                       3.9   -2.9      2.2
  SINCE JUL 1      3.2                       8.1   -4.9      2.4
  6AM SNOW DEPTH     T

DEGREE DAYS
 HEATING
  YESTERDAY       32                        40     -8       42
  MONTH TO DATE  758                       909   -151     1007
  SINCE DEC 1    758                       909   -151     1007
  SINCE JUL 1   2091                      2239   -148     2235

 COOLING
  YESTERDAY        0                         0      0        0
  MONTH TO DATE    0                         0      0        0
  SINCE DEC 1      0                         0      0        0
  SINCE JAN 1   1031                      1034     -3     1265
..................................................................


WIND (MPH)
  HIGHEST WIND SPEED    25   HIGHEST WIND DIRECTION     N (340)
  HIGHEST GUST SPEED    29   HIGHEST GUST DIRECTION     N (340)
  AVERAGE WIND SPEED    11.7


SKY COVER
  AVERAGE SKY COVER 0.5


WEATHER CONDITIONS
 THE FOLLOWING WEATHER WAS RECORDED YESTERDAY.
  NO SIGNIFICANT WEATHER WAS OBSERVED.


RELATIVE HUMIDITY (PERCENT)
 HIGHEST    85           200 AM
 LOWEST     50           300 PM
 AVERAGE    68

..........................................................


THE GRAND ISLAND NE CLIMATE NORMALS FOR TODAY
                         NORMAL    RECORD    YEAR
 MAXIMUM TEMPERATURE (F)   35        62      1999
                                             1963
                                             1922
 MINIMUM TEMPERATURE (F)   15       -16      1983
                                             1924


SUNRISE AND SUNSET
DECEMBER 25 2014......SUNRISE   756 AM CST   SUNSET   511 PM CST
DECEMBER 26 2014......SUNRISE   757 AM CST   SUNSET   511 PM CST


-  INDICATES NEGATIVE NUMBERS.
R  INDICATES RECORD WAS SET OR TIED.
MM INDICATES DATA IS MISSING.
T  INDICATES TRACE AMOUNT.




$$
