000
CDUS43 KGID 230634
CLIGRI


CLIMATE REPORT
NATIONAL WEATHER SERVICE HASTINGS NE
131 AM CDT THU OCT 23 2014


...................................

...THE GRAND ISLAND NE CLIMATE SUMMARY FOR OCTOBER 22 2014...

CLIMATE NORMAL PERIOD 1981 TO 2010
CLIMATE RECORD PERIOD 1895 TO 2014


WEATHER ITEM   OBSERVED TIME   RECORD YEAR NORMAL DEPARTURE LAST
                VALUE   (LST)  VALUE       VALUE  FROM      YEAR
                                                  NORMAL
..................................................................
TEMPERATURE (F)
 YESTERDAY
  MAXIMUM         73   1145 AM  91    1899  62     11       60
  MINIMUM         54   1159 PM  22    1898  37     17       36
  AVERAGE         64                        50     14       48

PRECIPITATION (IN)
  YESTERDAY        0.76          1.68 2008   0.05   0.71      T
  MONTH TO DATE    1.28                      1.42  -0.14     3.64
  SINCE SEP 1      4.31                      3.65   0.66     6.02
  SINCE JAN 1     26.51                     24.42   2.09    25.43

SNOWFALL (IN)
  YESTERDAY        0.0           0.6  2009   0.0    0.0      0.0
                                      1979
  MONTH TO DATE    0.0                       0.5   -0.5      0.0
  SINCE SEP 1      0.0                       0.6   -0.6      0.0
  SINCE JUL 1      0.0                       0.6   -0.6      0.0
  SNOW DEPTH       0

DEGREE DAYS
 HEATING
  YESTERDAY        1                        15    -14       17
  MONTH TO DATE  198                       252    -54      233
  SINCE SEP 1    300                       357    -57      254
  SINCE JUL 1    304                       367    -63      257

 COOLING
  YESTERDAY        0                         0      0        0
  MONTH TO DATE    4                        10     -6       15
  SINCE SEP 1    101                       119    -18      202
  SINCE JAN 1   1031                      1033     -2     1265
..................................................................


WIND (MPH)
  HIGHEST WIND SPEED    21   HIGHEST WIND DIRECTION     W (250)
  HIGHEST GUST SPEED    28   HIGHEST GUST DIRECTION     W (250)
  AVERAGE WIND SPEED    10.3


SKY COVER
  AVERAGE SKY COVER 0.5


WEATHER CONDITIONS
 THE FOLLOWING WEATHER WAS RECORDED YESTERDAY.
  THUNDERSTORM
  HEAVY RAIN
  RAIN
  LIGHT RAIN
  FOG
  FOG W/VISIBILITY <= 1/4 MILE


RELATIVE HUMIDITY (PERCENT)
 HIGHEST   100           900 PM
 LOWEST     57          1100 AM
 AVERAGE    79

..........................................................


THE GRAND ISLAND NE CLIMATE NORMALS FOR TODAY
                         NORMAL    RECORD    YEAR
 MAXIMUM TEMPERATURE (F)   62        88      1927
 MINIMUM TEMPERATURE (F)   37        16      1981


SUNRISE AND SUNSET
OCTOBER 23 2014.......SUNRISE   754 AM CDT   SUNSET   641 PM CDT
OCTOBER 24 2014.......SUNRISE   755 AM CDT   SUNSET   640 PM CDT


-  INDICATES NEGATIVE NUMBERS.
R  INDICATES RECORD WAS SET OR TIED.
MM INDICATES DATA IS MISSING.
T  INDICATES TRACE AMOUNT.




$$
