000
CDUS43 KGID 160624
CLIGRI


CLIMATE REPORT
NATIONAL WEATHER SERVICE HASTINGS NE
1223 AM CST SAT DEC 16 2017


...................................

...THE GRAND ISLAND NE CLIMATE SUMMARY FOR DECEMBER 15 2017...

CLIMATE NORMAL PERIOD 1981 TO 2010
CLIMATE RECORD PERIOD 1895 TO 2017


WEATHER ITEM   OBSERVED TIME   RECORD YEAR NORMAL DEPARTURE LAST
                VALUE   (LST)  VALUE       VALUE  FROM      YEAR
                                                  NORMAL
..................................................................
TEMPERATURE (F)
 YESTERDAY
  MAXIMUM         50    412 PM  67    2002  36     14       29
  MINIMUM         24    721 AM -16    1989  16      8        8
  AVERAGE         37                        26     11       19

PRECIPITATION (IN)
  YESTERDAY        0.00          0.60 1984   0.02  -0.02     0.00
  MONTH TO DATE    0.06                      0.35  -0.29     0.11
  SINCE DEC 1      0.06                      0.35  -0.29     0.11
  SINCE JAN 1     30.00                     26.38   3.62    23.53

SNOWFALL (IN)
  YESTERDAY        0.0           4.0  1940   0.2   -0.2      0.0
                                      1925
  MONTH TO DATE    T                         2.4   -2.4      0.8
  SINCE DEC 1      T                         2.4   -2.4      0.8
  SINCE JUL 1      1.1                       6.6   -5.5      1.2
  SNOW DEPTH       0

DEGREE DAYS
 HEATING
  YESTERDAY       28                        39    -11       46
  MONTH TO DATE  428                       554   -126      616
  SINCE DEC 1    428                       554   -126      616
  SINCE JUL 1   1577                      1884   -307     1536

 COOLING
  YESTERDAY        0                         0      0        0
  MONTH TO DATE    0                         0      0        0
  SINCE DEC 1      0                         0      0        0
  SINCE JAN 1   1062                      1034     28     1146
..................................................................


WIND (MPH)
  HIGHEST WIND SPEED    22   HIGHEST WIND DIRECTION    SW (220)
  HIGHEST GUST SPEED    27   HIGHEST GUST DIRECTION    SW (230)
  AVERAGE WIND SPEED    13.2


SKY COVER
  AVERAGE SKY COVER 0.1


WEATHER CONDITIONS
 THE FOLLOWING WEATHER WAS RECORDED YESTERDAY.
  NO SIGNIFICANT WEATHER WAS OBSERVED.


RELATIVE HUMIDITY (PERCENT)
 HIGHEST    92           100 AM
 LOWEST     39           300 PM
 AVERAGE    66

..........................................................


THE GRAND ISLAND NE CLIMATE NORMALS FOR TODAY
                         NORMAL    RECORD    YEAR
 MAXIMUM TEMPERATURE (F)   36        68      1962
 MINIMUM TEMPERATURE (F)   16       -12      1989
                                             1972
                                             1914


SUNRISE AND SUNSET
DECEMBER 16 2017......SUNRISE   752 AM CST   SUNSET   506 PM CST
DECEMBER 17 2017......SUNRISE   752 AM CST   SUNSET   507 PM CST


-  INDICATES NEGATIVE NUMBERS.
R  INDICATES RECORD WAS SET OR TIED.
MM INDICATES DATA IS MISSING.
T  INDICATES TRACE AMOUNT.




$$
