000
CDUS43 KGID 162233
CLIGRI


CLIMATE REPORT
NATIONAL WEATHER SERVICE HASTINGS NE
533 PM CDT MON OCT 16 2017


...................................

...THE GRAND ISLAND NE CLIMATE SUMMARY FOR OCTOBER 16 2017...
VALID TODAY AS OF 0500 PM LOCAL TIME.

CLIMATE NORMAL PERIOD 1981 TO 2010
CLIMATE RECORD PERIOD 1895 TO 2017


WEATHER ITEM   OBSERVED TIME   RECORD YEAR NORMAL DEPARTURE LAST
                VALUE   (LST)  VALUE       VALUE  FROM      YEAR
                                                  NORMAL
..................................................................
TEMPERATURE (F)
 TODAY
  MAXIMUM         75    337 PM  90    1921  65     10       74
  MINIMUM         36    647 AM  22    1948  40     -4       45
  AVERAGE         56                        52      4       60

PRECIPITATION (IN)
  TODAY            0.00          1.20 1968   0.06  -0.06     0.00
  MONTH TO DATE    5.28                      1.06   4.22     0.12
  SINCE SEP 1      7.96                      3.29   4.67     2.65
  SINCE JAN 1     29.35                     24.06   5.29    22.05

SNOWFALL (IN)
  TODAY            0.0           T    1984   0.1   -0.1      0.0
  MONTH TO DATE    0.0                       0.3   -0.3      0.0
  SINCE SEP 1      0.0                       0.4   -0.4      0.0
  SINCE JUL 1      0.0                       0.4   -0.4      0.0
  SNOW DEPTH       0

DEGREE DAYS
 HEATING
  TODAY            9                        13     -4        5
  MONTH TO DATE  136                       167    -31      144
  SINCE SEP 1    192                       272    -80      209
  SINCE JUL 1    196                       282    -86      216

 COOLING
  TODAY            0                         0      0        0
  MONTH TO DATE    3                        10     -7        3
  SINCE SEP 1    150                       119     31      130
  SINCE JAN 1   1061                      1033     28     1144
..................................................................


WIND (MPH)
  HIGHEST WIND SPEED    25   HIGHEST WIND DIRECTION    SW (210)
  HIGHEST GUST SPEED    32   HIGHEST GUST DIRECTION    SW (210)
  AVERAGE WIND SPEED     9.3


SKY COVER
  POSSIBLE SUNSHINE  MM
  AVERAGE SKY COVER 0.0


WEATHER CONDITIONS
 THE FOLLOWING WEATHER WAS RECORDED TODAY.
  NO SIGNIFICANT WEATHER WAS OBSERVED.


RELATIVE HUMIDITY (PERCENT)
 HIGHEST    92           200 AM
 LOWEST     25           100 PM
 AVERAGE    59

..........................................................


THE GRAND ISLAND NE CLIMATE NORMALS FOR TOMORROW
                         NORMAL    RECORD    YEAR
 MAXIMUM TEMPERATURE (F)   64        90      1910
 MINIMUM TEMPERATURE (F)   39        15      1922


SUNRISE AND SUNSET
OCTOBER 16 2017.......SUNRISE   746 AM CDT   SUNSET   651 PM CDT
OCTOBER 17 2017.......SUNRISE   747 AM CDT   SUNSET   649 PM CDT


-  INDICATES NEGATIVE NUMBERS.
R  INDICATES RECORD WAS SET OR TIED.
MM INDICATES DATA IS MISSING.
T  INDICATES TRACE AMOUNT.




$$
