000
CDUS43 KGID 280625
CLIGRI


CLIMATE REPORT
NATIONAL WEATHER SERVICE HASTINGS NE
124 AM CDT FRI APR 28 2017


...................................

...THE GRAND ISLAND NE CLIMATE SUMMARY FOR APRIL 27 2017...

CLIMATE NORMAL PERIOD 1981 TO 2010
CLIMATE RECORD PERIOD 1895 TO 2017


WEATHER ITEM   OBSERVED TIME   RECORD YEAR NORMAL DEPARTURE LAST
                VALUE   (LST)  VALUE       VALUE  FROM      YEAR
                                                  NORMAL
..................................................................
TEMPERATURE (F)
 YESTERDAY
  MAXIMUM         57    310 PM  95    1989  67    -10       59
  MINIMUM         25    514 AM  24    1950  42    -17       41
  AVERAGE         41                        55    -14       50

PRECIPITATION (IN)
  YESTERDAY        T             1.25 1982   0.11  -0.11     0.54
  MONTH TO DATE    0.20                      2.21  -2.01     3.93
  SINCE MAR 1      1.01                      4.01  -3.00     4.54
  SINCE JAN 1      2.33                      5.22  -2.89     6.72

SNOWFALL (IN)
  YESTERDAY        0.0           2.0  1917   0.0    0.0      0.0
  MONTH TO DATE    0.0                       1.5   -1.5      0.0
  SINCE MAR 1      1.2                       6.9   -5.7      2.6
  SINCE JUL 1      8.9                      29.0  -20.1     33.8
  SNOW DEPTH       0

DEGREE DAYS
 HEATING
  YESTERDAY       24                        11     13       15
  MONTH TO DATE  336                       414    -78      307
  SINCE MAR 1   1033                      1210   -177      894
  SINCE JUL 1   5099                      5971   -872     4892

 COOLING
  YESTERDAY        0                         1     -1        0
  MONTH TO DATE    5                         8     -3        0
  SINCE MAR 1      5                         8     -3        0
  SINCE JAN 1      5                         8     -3        0
..................................................................


WIND (MPH)
  HIGHEST WIND SPEED    17   HIGHEST WIND DIRECTION     S (170)
  HIGHEST GUST SPEED    22   HIGHEST GUST DIRECTION    SE (150)
  AVERAGE WIND SPEED     7.2


SKY COVER
  AVERAGE SKY COVER 0.4


WEATHER CONDITIONS
 THE FOLLOWING WEATHER WAS RECORDED YESTERDAY.
  LIGHT RAIN


RELATIVE HUMIDITY (PERCENT)
 HIGHEST    93           900 PM
 LOWEST     38           200 PM
 AVERAGE    66

..........................................................


THE GRAND ISLAND NE CLIMATE NORMALS FOR TODAY
                         NORMAL    RECORD    YEAR
 MAXIMUM TEMPERATURE (F)   67        88      1899
 MINIMUM TEMPERATURE (F)   43        23      1926


SUNRISE AND SUNSET
APRIL 28 2017.........SUNRISE   635 AM CDT   SUNSET   827 PM CDT
APRIL 29 2017.........SUNRISE   634 AM CDT   SUNSET   828 PM CDT


-  INDICATES NEGATIVE NUMBERS.
R  INDICATES RECORD WAS SET OR TIED.
MM INDICATES DATA IS MISSING.
T  INDICATES TRACE AMOUNT.




$$
