000
CDUS43 KGRR 300546
CLIGRR


CLIMATE REPORT
NATIONAL WEATHER SERVICE GRAND RAPIDS, MI
145 AM EDT THU OCT 30 2014


...................................

...THE GRAND RAPIDS MI CLIMATE SUMMARY FOR OCTOBER 29 2014...

CLIMATE NORMAL PERIOD 1981 TO 2010
CLIMATE RECORD PERIOD 1892 TO 2014


WEATHER ITEM   OBSERVED TIME   RECORD YEAR NORMAL DEPARTURE LAST
                VALUE   (LST)  VALUE       VALUE  FROM      YEAR
                                                  NORMAL
..................................................................
TEMPERATURE (F)
 YESTERDAY
  MAXIMUM         49    233 AM  77    1901  55     -6       51
  MINIMUM         36   1102 PM  20    1969  38     -2       36
  AVERAGE         43                        47     -4       44

PRECIPITATION (IN)
  YESTERDAY        0.05          1.02 1996   0.11  -0.06     0.00
  MONTH TO DATE    4.73                      3.05   1.68     3.91
  SINCE SEP 1      7.83                      7.33   0.50     5.16
  SINCE JAN 1     34.35                     32.05   2.30    37.48

SNOWFALL (IN)
  YESTERDAY       MM             1.6  1906   0.0   MM        0.0
  MONTH TO DATE    T                         0.4   -0.4       T
  SINCE SEP 1      T                         0.4   -0.4       T
  SINCE JUL 1      T                         0.4   -0.4       T
  SNOW DEPTH       0

DEGREE DAYS
 HEATING
  YESTERDAY       22                        18      4       21
  MONTH TO DATE  383                       401    -18      354
  SINCE SEP 1    514                       533    -19      466
  SINCE JUL 1    533                       553    -20      492

 COOLING
  YESTERDAY        0                         0      0        0
  MONTH TO DATE    0                         4     -4       14
  SINCE SEP 1     51                        71    -20       97
  SINCE JAN 1    611                       696    -85      767
..................................................................


WIND (MPH)
  RESULTANT WIND SPEED   9   RESULTANT WIND DIRECTION   W (280)
  HIGHEST WIND SPEED    20   HIGHEST WIND DIRECTION     W (270)
  HIGHEST GUST SPEED    26   HIGHEST GUST DIRECTION    NW (300)
  AVERAGE WIND SPEED    10.0


SKY COVER
  POSSIBLE SUNSHINE   4 PERCENT
  AVERAGE SKY COVER 0.7


WEATHER CONDITIONS
 THE FOLLOWING WEATHER WAS RECORDED YESTERDAY.
  RAIN
  LIGHT RAIN
  FOG


RELATIVE HUMIDITY (PERCENT)
 HIGHEST    96           900 AM
 LOWEST     61           600 AM
 AVERAGE    79

..........................................................


THE GRAND RAPIDS MI CLIMATE NORMALS FOR TODAY
                         NORMAL    RECORD    YEAR
 MAXIMUM TEMPERATURE (F)   55        79      1950
 MINIMUM TEMPERATURE (F)   38        18      1988


SUNRISE AND SUNSET
OCTOBER 30 2014.......SUNRISE   814 AM EDT   SUNSET   637 PM EDT
OCTOBER 31 2014.......SUNRISE   815 AM EDT   SUNSET   636 PM EDT


-  INDICATES NEGATIVE NUMBERS.
R  INDICATES RECORD WAS SET OR TIED.
MM INDICATES DATA IS MISSING.
T  INDICATES TRACE AMOUNT.




$$
