000
CDUS43 KGRR 240517
CLIGRR


CLIMATE REPORT
NATIONAL WEATHER SERVICE GRAND RAPIDS, MI
1216 AM EST WED JAN 24 2018


...................................

...THE GRAND RAPIDS MI CLIMATE SUMMARY FOR JANUARY 23 2018...

CLIMATE NORMAL PERIOD 1981 TO 2010
CLIMATE RECORD PERIOD 1892 TO 2018


WEATHER ITEM   OBSERVED TIME   RECORD YEAR NORMAL DEPARTURE LAST
                VALUE   (LST)  VALUE       VALUE  FROM      YEAR
                                                  NORMAL
..................................................................
TEMPERATURE (F)
 YESTERDAY
  MAXIMUM         45   1202 AM  56    1909  31     14       42
  MINIMUM         27   1032 PM -19    1948  18      9       40
  AVERAGE         36                        24     12       41

PRECIPITATION (IN)
  YESTERDAY        0.04          0.81 2012   0.06  -0.02     0.18
  MONTH TO DATE    2.05                      1.63   0.42     2.89
  SINCE DEC 1      4.01                      4.13  -0.12     5.85
  SINCE JAN 1      2.05                      1.63   0.42     2.89

SNOWFALL (IN)
  YESTERDAY        0.1           8.0  1894   0.6   -0.5      0.0
  MONTH TO DATE   10.8                      15.8   -5.0      7.8
  SINCE DEC 1     43.7                      37.7    6.0     44.8
  SINCE JUL 1     44.3                      45.0   -0.7     45.6
  SNOW DEPTH       0

DEGREE DAYS
 HEATING
  YESTERDAY       29                        41    -12       24
  MONTH TO DATE  970                       934     36      833
  SINCE DEC 1   2222                      2045    177     1989
  SINCE JUL 1   3413                      3383     30     2937

 COOLING
  YESTERDAY        0                         0      0        0
  MONTH TO DATE    0                         0      0        0
  SINCE DEC 1      0                         0      0        0
  SINCE JAN 1      0                         0      0        0
..................................................................


WIND (MPH)
  RESULTANT WIND SPEED  12   RESULTANT WIND DIRECTION   W (280)
  HIGHEST WIND SPEED    25   HIGHEST WIND DIRECTION     W (290)
  HIGHEST GUST SPEED    32   HIGHEST GUST DIRECTION    SW (230)
  AVERAGE WIND SPEED    16.7


SKY COVER
  POSSIBLE SUNSHINE   0 PERCENT
  AVERAGE SKY COVER 1.0


WEATHER CONDITIONS
 THE FOLLOWING WEATHER WAS RECORDED YESTERDAY.
  RAIN
  LIGHT RAIN
  LIGHT SNOW
  FOG
  HAZE


RELATIVE HUMIDITY (PERCENT)
 HIGHEST    92          1200 AM
 LOWEST     69          1000 PM
 AVERAGE    81

..........................................................


THE GRAND RAPIDS MI CLIMATE NORMALS FOR TODAY
                         NORMAL    RECORD    YEAR
 MAXIMUM TEMPERATURE (F)   31        62      1967
 MINIMUM TEMPERATURE (F)   18       -19      1948


SUNRISE AND SUNSET
JANUARY 24 2018.......SUNRISE   804 AM EST   SUNSET   545 PM EST
JANUARY 25 2018.......SUNRISE   803 AM EST   SUNSET   546 PM EST


-  INDICATES NEGATIVE NUMBERS.
R  INDICATES RECORD WAS SET OR TIED.
MM INDICATES DATA IS MISSING.
T  INDICATES TRACE AMOUNT.




$$
