000
CDUS42 KRAH 302051
CLIGSO


CLIMATE REPORT
NATIONAL WEATHER SERVICE RALEIGH NC
449 PM EDT MON MAR 30 2015


...................................

...THE PIEDMONT TRIAD INTL AIRPORT NC CLIMATE SUMMARY FOR MARCH 30 2015...
VALID TODAY AS OF 0449 PM LOCAL TIME.

CLIMATE NORMAL PERIOD 1981 TO 2010
CLIMATE RECORD PERIOD 1903 TO 2015


WEATHER ITEM   OBSERVED TIME   RECORD YEAR NORMAL DEPARTURE LAST
                VALUE   (LST)  VALUE       VALUE  FROM      YEAR
                                                  NORMAL
..................................................................
TEMPERATURE (F)
 TODAY
  MAXIMUM         68    330 PM  93    1907  65      3       55
  MINIMUM         40    840 AM  23    1964  43     -3       38
  AVERAGE         54                        54      0       47

PRECIPITATION (IN)
  TODAY            0.04          1.82 1903   0.13  -0.09     0.01
  MONTH TO DATE    2.72                      3.61  -0.89     4.36
  SINCE MAR 1      2.72                      3.61  -0.89     4.36
  SINCE JAN 1      7.40                      9.63  -2.23    10.58

SNOWFALL (IN)
  TODAY            0.0           1.2  2003   0.0    0.0       T
  MONTH TO DATE    T                         0.8   -0.8      4.7
  SINCE MAR 1      T                         0.8   -0.8      4.7
  SINCE JUL 1      9.6                       7.5    2.1     15.3
  SNOW DEPTH       0

DEGREE DAYS
 HEATING
  TODAY           11                        11      0       18
  MONTH TO DATE  419                       458    -39      616
  SINCE MAR 1    419                       458    -39      616
  SINCE JUL 1   3504                      3313    191     3593

 COOLING
  TODAY            0                         0      0        0
  MONTH TO DATE    2                         0      2        0
  SINCE MAR 1      2                         0      2        0
  SINCE JAN 1      2                         0      2        0
..................................................................


WIND (MPH)
  HIGHEST WIND SPEED    25   HIGHEST WIND DIRECTION     W (280)
  HIGHEST GUST SPEED    32   HIGHEST GUST DIRECTION     W (280)
  AVERAGE WIND SPEED    12.5


SKY COVER
  POSSIBLE SUNSHINE  MM
  AVERAGE SKY COVER 0.6


WEATHER CONDITIONS
 THE FOLLOWING WEATHER WAS RECORDED TODAY.
  LIGHT RAIN


RELATIVE HUMIDITY (PERCENT)
 HIGHEST    83          1000 AM
 LOWEST     26           300 PM
 AVERAGE    55

..........................................................


THE PIEDMONT TRIAD INTL AIRPORT NC CLIMATE NORMALS FOR TOMORROW
                         NORMAL    RECORD    YEAR
 MAXIMUM TEMPERATURE (F)   66        91      1910
 MINIMUM TEMPERATURE (F)   43        20      1964


SUNRISE AND SUNSET
MARCH 30 2015.........SUNRISE   709 AM EDT   SUNSET   740 PM EDT
MARCH 31 2015.........SUNRISE   708 AM EDT   SUNSET   741 PM EDT


-  INDICATES NEGATIVE NUMBERS.
R  INDICATES RECORD WAS SET OR TIED.
MM INDICATES DATA IS MISSING.
T  INDICATES TRACE AMOUNT.




$$
