000
CDUS42 KRAH 020046
CLIGSO


CLIMATE REPORT
NATIONAL WEATHER SERVICE RALEIGH NC
842 PM EDT MON JUN 1 2015


...................................

...THE PIEDMONT TRIAD INTL AIRPORT NC CLIMATE SUMMARY FOR JUNE 1 2015...
VALID AS OF 0842 PM LOCAL TIME.

CLIMATE NORMAL PERIOD 1981 TO 2010
CLIMATE RECORD PERIOD 1903 TO 2015


WEATHER ITEM   OBSERVED TIME   RECORD YEAR NORMAL DEPARTURE LAST
                VALUE   (LST)  VALUE       VALUE  FROM      YEAR
                                                  NORMAL
..................................................................
TEMPERATURE (F)
 TODAY
  MAXIMUM         86    447 PM  97    1925  81      5       79
  MINIMUM         66    524 AM  42    1930  61      5       62
  AVERAGE         76                        71      5       71

PRECIPITATION (IN)
  TODAY            0.17          1.45 1939   0.13   0.04     0.00
                                      1907
  MONTH TO DATE    0.17                      0.13   0.04     0.00
  SINCE JUN 1      0.17                      0.13   0.04     0.00
  SINCE JAN 1     13.13                     16.83  -3.70    17.49

DEGREE DAYS
 HEATING
  TODAY            0                         1     -1        0
  MONTH TO DATE    0                         1     -1        0
  SINCE JUN 1      0                         1     -1        0
  SINCE JUL 1   3695                      3613     82     3818

 COOLING
  TODAY           11                         7      4        6
  MONTH TO DATE   11                         7      4        6
  SINCE JUN 1     11                         7      4        6
  SINCE JAN 1    245                       166     79      203
..................................................................


WIND (MPH)
  RESULTANT WIND SPEED   8   RESULTANT WIND DIRECTION  SW (210)
  HIGHEST WIND SPEED    28   HIGHEST WIND DIRECTION     S (180)
  HIGHEST GUST SPEED    35   HIGHEST GUST DIRECTION     S (190)
  AVERAGE WIND SPEED     8.7


SKY COVER
  POSSIBLE SUNSHINE  MM
  AVERAGE SKY COVER 0.5


WEATHER CONDITIONS
 THE FOLLOWING WEATHER WAS RECORDED TODAY.
  THUNDERSTORM
  RAIN
  FOG
  HAZE


RELATIVE HUMIDITY (PERCENT)
 HIGHEST    93           200 AM
 LOWEST     48           100 PM
 AVERAGE    71

..........................................................


THE PIEDMONT TRIAD INTL AIRPORT NC CLIMATE NORMALS FOR TOMORROW
                         NORMAL    RECORD    YEAR
 MAXIMUM TEMPERATURE (F)   82       100      1951
 MINIMUM TEMPERATURE (F)   62        44      1966


SUNRISE AND SUNSET
JUNE  1 2015..........SUNRISE   604 AM EDT   SUNSET   831 PM EDT
JUNE  2 2015..........SUNRISE   604 AM EDT   SUNSET   832 PM EDT


-  INDICATES NEGATIVE NUMBERS.
R  INDICATES RECORD WAS SET OR TIED.
MM INDICATES DATA IS MISSING.
T  INDICATES TRACE AMOUNT.




$$
