217
CDUS42 KRAH 230728
CLIGSO


CLIMATE REPORT
NATIONAL WEATHER SERVICE RALEIGH NC
225 AM EST THU NOV 23 2017


...................................

...THE PIEDMONT TRIAD INTL AIRPORT NC CLIMATE SUMMARY FOR NOVEMBER 22 2017...

CLIMATE NORMAL PERIOD 1981 TO 2010
CLIMATE RECORD PERIOD 1903 TO 2017


WEATHER ITEM   OBSERVED TIME   RECORD YEAR NORMAL DEPARTURE LAST
                VALUE   (LST)  VALUE       VALUE  FROM      YEAR
                                                  NORMAL
..................................................................
TEMPERATURE (F)
 YESTERDAY
  MAXIMUM         62    306 PM  78    1913  58      4       58
  MINIMUM         39   1159 PM  13    1914  38      1       26
  AVERAGE         51                        48      3       42

PRECIPITATION (IN)
  YESTERDAY        T             1.19 1924   0.11  -0.11     0.00
  MONTH TO DATE    0.95                      2.29  -1.34     0.01
  SINCE SEP 1      6.78                      9.61  -2.83     6.14
  SINCE JAN 1     41.23                     38.40   2.83    36.94

DEGREE DAYS
 HEATING
  YESTERDAY       14                        17     -3       23
  MONTH TO DATE  323                       299     24      263
  SINCE SEP 1    485                       531    -46      352
  SINCE JUL 1    485                       532    -47      352

 COOLING
  YESTERDAY        0                         0      0        0
  MONTH TO DATE    1                         0      1        9
  SINCE SEP 1    258                       218     40      404
  SINCE JAN 1   1612                      1480    132     1971
..................................................................


WIND (MPH)
  HIGHEST WIND SPEED    16   HIGHEST WIND DIRECTION    NW (310)
  HIGHEST GUST SPEED    22   HIGHEST GUST DIRECTION    NW (310)
  AVERAGE WIND SPEED     6.8


SKY COVER
  POSSIBLE SUNSHINE  MM
  AVERAGE SKY COVER 0.6


WEATHER CONDITIONS
 THE FOLLOWING WEATHER WAS RECORDED YESTERDAY.
  LIGHT RAIN


RELATIVE HUMIDITY (PERCENT)
 HIGHEST   100           400 AM
 LOWEST     30           300 PM
 AVERAGE    65

..........................................................


THE PIEDMONT TRIAD INTL AIRPORT NC CLIMATE NORMALS FOR TODAY
                         NORMAL    RECORD    YEAR
 MAXIMUM TEMPERATURE (F)   58        80      1921
 MINIMUM TEMPERATURE (F)   37        15      1937


SUNRISE AND SUNSET
NOVEMBER 23 2017......SUNRISE   705 AM EST   SUNSET   508 PM EST
NOVEMBER 24 2017......SUNRISE   706 AM EST   SUNSET   507 PM EST


-  INDICATES NEGATIVE NUMBERS.
R  INDICATES RECORD WAS SET OR TIED.
MM INDICATES DATA IS MISSING.
T  INDICATES TRACE AMOUNT.




$$
