000
CDUS42 KRAH 242151
CLIGSO


CLIMATE REPORT
NATIONAL WEATHER SERVICE RALEIGH NC
446 PM EST TUE JAN 24 2017


...................................

...THE PIEDMONT TRIAD INTL AIRPORT NC CLIMATE SUMMARY FOR JANUARY 24 2017...
VALID TODAY AS OF 0446 PM LOCAL TIME.

CLIMATE NORMAL PERIOD 1981 TO 2010
CLIMATE RECORD PERIOD 1903 TO 2017


WEATHER ITEM   OBSERVED TIME   RECORD YEAR NORMAL DEPARTURE LAST
                VALUE   (LST)  VALUE       VALUE  FROM      YEAR
                                                  NORMAL
..................................................................
TEMPERATURE (F)
 TODAY
  MAXIMUM         59    235 PM  76    1967  49     10       46
  MINIMUM         41    419 AM   4    1963  30     11       19
  AVERAGE         50                        39     11       33

PRECIPITATION (IN)
  TODAY            0.01          1.42 1958   0.09  -0.08     0.00
  MONTH TO DATE    5.11                      2.39   2.72     1.88
  SINCE DEC 1      6.81                      5.37   1.44     8.53
  SINCE JAN 1      5.11                      2.39   2.72     1.88

SNOWFALL (IN)
  TODAY            0.0          10.0  1940   0.2   -0.2      0.0
  MONTH TO DATE    8.0                       2.7    5.3      2.5
  SINCE DEC 1      8.0                       3.5    4.5      2.5
  SINCE JUL 1      8.0                       3.6    4.4      2.5
  SNOW DEPTH       0

DEGREE DAYS
 HEATING
  TODAY           15                        26    -11       32
  MONTH TO DATE  493                       624   -131      700
  SINCE DEC 1   1178                      1358   -180     1064
  SINCE JUL 1   1628                      2038   -410     1578

 COOLING
  TODAY            0                         0      0        0
  MONTH TO DATE    0                         0      0        0
  SINCE DEC 1      0                         1     -1       15
  SINCE JAN 1      0                         0      0        0
..................................................................


WIND (MPH)
  HIGHEST WIND SPEED    25   HIGHEST WIND DIRECTION    NW (310)
  HIGHEST GUST SPEED    33   HIGHEST GUST DIRECTION    NW (300)
  AVERAGE WIND SPEED    12.4


SKY COVER
  POSSIBLE SUNSHINE  MM
  AVERAGE SKY COVER 0.7


WEATHER CONDITIONS
 THE FOLLOWING WEATHER WAS RECORDED TODAY.
  LIGHT RAIN
  FOG


RELATIVE HUMIDITY (PERCENT)
 HIGHEST   100           500 AM
 LOWEST     51           100 PM
 AVERAGE    76

..........................................................


THE PIEDMONT TRIAD INTL AIRPORT NC CLIMATE NORMALS FOR TOMORROW
                         NORMAL    RECORD    YEAR
 MAXIMUM TEMPERATURE (F)   49        75      1950
 MINIMUM TEMPERATURE (F)   30         7      1963
                                             1948


SUNRISE AND SUNSET
JANUARY 24 2017.......SUNRISE   726 AM EST   SUNSET   538 PM EST
JANUARY 25 2017.......SUNRISE   725 AM EST   SUNSET   540 PM EST


-  INDICATES NEGATIVE NUMBERS.
R  INDICATES RECORD WAS SET OR TIED.
MM INDICATES DATA IS MISSING.
T  INDICATES TRACE AMOUNT.




$$
