000
CDUS42 KRAH 100756
CLIGSO


CLIMATE REPORT
NATIONAL WEATHER SERVICE RALEIGH NC
253 AM EST SAT DEC 10 2016


...................................

...THE PIEDMONT TRIAD INTL AIRPORT NC CLIMATE SUMMARY FOR DECEMBER 9 2016...

CLIMATE NORMAL PERIOD 1981 TO 2010
CLIMATE RECORD PERIOD 1903 TO 2016


WEATHER ITEM   OBSERVED TIME   RECORD YEAR NORMAL DEPARTURE LAST
                VALUE   (LST)  VALUE       VALUE  FROM      YEAR
                                                  NORMAL
..................................................................
TEMPERATURE (F)
 YESTERDAY
  MAXIMUM         41    348 PM  75    1916  52    -11       63
  MINIMUM         23   1128 PM  15    1917  33    -10       40
  AVERAGE         32                        43    -11       52

PRECIPITATION (IN)
  YESTERDAY        0.00          1.44 1924   0.09  -0.09     0.00
  MONTH TO DATE    1.17                      0.90   0.27     0.63
  SINCE DEC 1      1.17                      0.90   0.27     0.63
  SINCE JAN 1     39.12                     40.12  -1.00    42.47

SNOWFALL (IN)
  YESTERDAY        0.0           0.2  1988   0.0    0.0      0.0
  MONTH TO DATE    0.0                       0.1   -0.1      0.0
  SINCE DEC 1      0.0                       0.1   -0.1      0.0
  SINCE JUL 1      0.0                       0.2   -0.2      0.0
  SNOW DEPTH       0

DEGREE DAYS
 HEATING
  YESTERDAY       33                        22     11       13
  MONTH TO DATE  190                       191     -1      162
  SINCE DEC 1    190                       191     -1      162
  SINCE JUL 1    640                       871   -231      676

 COOLING
  YESTERDAY        0                         0      0        0
  MONTH TO DATE    0                         0      0        0
  SINCE DEC 1      0                         0      0        0
  SINCE JAN 1   1974                      1483    491     1766
..................................................................


WIND (MPH)
  HIGHEST WIND SPEED    15   HIGHEST WIND DIRECTION    NW (320)
  HIGHEST GUST SPEED    19   HIGHEST GUST DIRECTION    NW (310)
  AVERAGE WIND SPEED     6.3


SKY COVER
  POSSIBLE SUNSHINE  MM
  AVERAGE SKY COVER  MM


WEATHER CONDITIONS
 THE FOLLOWING WEATHER WAS RECORDED YESTERDAY.
  NO SIGNIFICANT WEATHER WAS OBSERVED.


RELATIVE HUMIDITY (PERCENT)
 HIGHEST    MM
 LOWEST     MM
 AVERAGE    MM

..........................................................


THE PIEDMONT TRIAD INTL AIRPORT NC CLIMATE NORMALS FOR TODAY
                         NORMAL    RECORD    YEAR
 MAXIMUM TEMPERATURE (F)   52        78      2007
 MINIMUM TEMPERATURE (F)   33        10      1917


SUNRISE AND SUNSET
DECEMBER 10 2016......SUNRISE   720 AM EST   SUNSET   506 PM EST
DECEMBER 11 2016......SUNRISE   721 AM EST   SUNSET   506 PM EST


-  INDICATES NEGATIVE NUMBERS.
R  INDICATES RECORD WAS SET OR TIED.
MM INDICATES DATA IS MISSING.
T  INDICATES TRACE AMOUNT.




$$
