957
CDUS42 KRAH 300047
CLIGSO


CLIMATE REPORT
NATIONAL WEATHER SERVICE RALEIGH NC
845 PM EDT MON MAY 29 2017


...................................

...THE PIEDMONT TRIAD INTL AIRPORT NC CLIMATE SUMMARY FOR MAY 29 2017...
VALID AS OF 0845 PM LOCAL TIME.

CLIMATE NORMAL PERIOD 1981 TO 2010
CLIMATE RECORD PERIOD 1903 TO 2017


WEATHER ITEM   OBSERVED TIME   RECORD YEAR NORMAL DEPARTURE LAST
                VALUE   (LST)  VALUE       VALUE  FROM      YEAR
                                                  NORMAL
..................................................................
TEMPERATURE (F)
 TODAY
  MAXIMUM         85    314 PM  99    1914  81      4       77
  MINIMUM         61    523 AM  44    1922  60      1       64
  AVERAGE         73                        70      3       71

PRECIPITATION (IN)
  TODAY            0.05          2.01 1940   0.12  -0.07     0.18
  MONTH TO DATE    7.10                      3.13   3.97     8.67
  SINCE MAR 1     15.40                     10.43   4.97    12.83
  SINCE JAN 1     21.01                     16.45   4.56    18.97

..................................................................


WIND (MPH)
  HIGHEST WIND SPEED    16   HIGHEST WIND DIRECTION     W (280)
  HIGHEST GUST SPEED    19   HIGHEST GUST DIRECTION     W (280)
  AVERAGE WIND SPEED     6.9


SKY COVER
  POSSIBLE SUNSHINE  MM
  AVERAGE SKY COVER 0.5


WEATHER CONDITIONS
 THE FOLLOWING WEATHER WAS RECORDED TODAY.
  THUNDERSTORM
  LIGHT RAIN


RELATIVE HUMIDITY (PERCENT)
 HIGHEST    93           500 AM
 LOWEST     47           300 PM
 AVERAGE    70

..........................................................


THE PIEDMONT TRIAD INTL AIRPORT NC CLIMATE NORMALS FOR TOMORROW
                         NORMAL    RECORD    YEAR
 MAXIMUM TEMPERATURE (F)   81        97      1914
 MINIMUM TEMPERATURE (F)   61        45      1984


SUNRISE AND SUNSET
MAY 29 2017...........SUNRISE   605 AM EDT   SUNSET   830 PM EDT
MAY 30 2017...........SUNRISE   605 AM EDT   SUNSET   830 PM EDT


-  INDICATES NEGATIVE NUMBERS.
R  INDICATES RECORD WAS SET OR TIED.
MM INDICATES DATA IS MISSING.
T  INDICATES TRACE AMOUNT.




$$
