000
CDUS42 KRAH 220822
CLIGSO


CLIMATE REPORT
NATIONAL WEATHER SERVICE RALEIGH NC
319 AM EST WED FEB 22 2017


...................................

...THE PIEDMONT TRIAD INTL AIRPORT NC CLIMATE SUMMARY FOR FEBRUARY 21 2017...

CLIMATE NORMAL PERIOD 1981 TO 2010
CLIMATE RECORD PERIOD 1903 TO 2017


WEATHER ITEM   OBSERVED TIME   RECORD YEAR NORMAL DEPARTURE LAST
                VALUE   (LST)  VALUE       VALUE  FROM      YEAR
                                                  NORMAL
..................................................................
TEMPERATURE (F)
 YESTERDAY
  MAXIMUM         63    426 PM  74    2011  54      9       71
  MINIMUM         47    743 AM  13    1959  34     13       45
  AVERAGE         55                        44     11       58

PRECIPITATION (IN)
  YESTERDAY        0.00          1.17 1993   0.11  -0.11     0.06
  MONTH TO DATE    0.34                      2.15  -1.81     2.77
  SINCE DEC 1      7.16                      8.19  -1.03    11.33
  SINCE JAN 1      5.46                      5.21   0.25     4.68

SNOWFALL (IN)
  YESTERDAY        0.0           2.9  1929   0.1   -0.1      0.0
  MONTH TO DATE    T                         1.9   -1.9      2.0
  SINCE DEC 1      8.0                       6.1    1.9      4.5
  SINCE JUL 1      8.0                       6.2    1.8      4.5
  SNOW DEPTH       0

DEGREE DAYS
 HEATING
  YESTERDAY       10                        21    -11        7
  MONTH TO DATE  321                       490   -169      510
  SINCE DEC 1   1654                      2033   -379     1735
  SINCE JUL 1   2104                      2713   -609     2249

 COOLING
  YESTERDAY        0                         0      0        0
  MONTH TO DATE    4                         0      4        0
  SINCE DEC 1      4                         1      3       15
  SINCE JAN 1      4                         0      4        0
..................................................................


WIND (MPH)
  HIGHEST WIND SPEED    12   HIGHEST WIND DIRECTION    SE (150)
  HIGHEST GUST SPEED    15   HIGHEST GUST DIRECTION    SE (150)
  AVERAGE WIND SPEED     5.9


SKY COVER
  POSSIBLE SUNSHINE  MM
  AVERAGE SKY COVER 0.9


WEATHER CONDITIONS
 THE FOLLOWING WEATHER WAS RECORDED YESTERDAY.
  NO SIGNIFICANT WEATHER WAS OBSERVED.


RELATIVE HUMIDITY (PERCENT)
 HIGHEST    76           700 AM
 LOWEST     42           100 PM
 AVERAGE    59

..........................................................


THE PIEDMONT TRIAD INTL AIRPORT NC CLIMATE NORMALS FOR TODAY
                         NORMAL    RECORD    YEAR
 MAXIMUM TEMPERATURE (F)   54        74      1925
 MINIMUM TEMPERATURE (F)   34         9      1963


SUNRISE AND SUNSET
FEBRUARY 22 2017......SUNRISE   659 AM EST   SUNSET   608 PM EST
FEBRUARY 23 2017......SUNRISE   657 AM EST   SUNSET   609 PM EST


-  INDICATES NEGATIVE NUMBERS.
R  INDICATES RECORD WAS SET OR TIED.
MM INDICATES DATA IS MISSING.
T  INDICATES TRACE AMOUNT.




$$
