000
CDUS42 KGSP 042138
CLIGSP

CLIMATE REPORT
NATIONAL WEATHER SERVICE GREENVILLE-SPARTANBURG SC
437 PM EST SUN DEC 4 2016


...................................

...THE GREENVILLE-SPARTANBURG SC CLIMATE SUMMARY FOR DECEMBER 4 2016...
VALID TODAY AS OF 0400 PM LOCAL TIME.

CLIMATE NORMAL PERIOD 1981 TO 2010
CLIMATE RECORD PERIOD 1884 TO 2016


WEATHER ITEM   OBSERVED TIME   RECORD YEAR NORMAL DEPARTURE LAST
                VALUE   (LST)  VALUE       VALUE  FROM      YEAR
                                                  NORMAL
..................................................................
TEMPERATURE (F)
 TODAY
  MAXIMUM         45    151 AM  73    2012  57    -12       54
                                      1998
                                      1970
  MINIMUM         41   1006 AM  14    1896  36      5       33
  AVERAGE         43                        47     -4       44

PRECIPITATION (IN)
  TODAY            0.53          2.48 1945   0.15   0.38     0.00
  MONTH TO DATE    0.54                      0.58  -0.04     0.49
  SINCE DEC 1      0.54                      0.58  -0.04     0.49
  SINCE JAN 1     32.28                     43.66 -11.38    50.16

SNOWFALL (IN)
  TODAY            0.0           T    2003   0.0    0.0      0.0
                                      2002
                                      1971
  MONTH TO DATE    0.0                       0.0    0.0      0.0
  SINCE DEC 1      0.0                       0.0    0.0      0.0
  SINCE JUL 1      0.0                       0.1   -0.1      0.0
  SNOW DEPTH       0

DEGREE DAYS
 HEATING
  TODAY           22                        19      3       21
  MONTH TO DATE   72                        73     -1       66
  SINCE DEC 1     72                        73     -1       66
  SINCE JUL 1    398                       626   -228      511

 COOLING
  TODAY            0                         0      0        0
  MONTH TO DATE    0                         0      0        0
  SINCE DEC 1      0                         0      0        0
  SINCE JAN 1   2188                      1715    473     1935
..................................................................


WIND (MPH)
  HIGHEST WIND SPEED    14   HIGHEST WIND DIRECTION     N (20)
  HIGHEST GUST SPEED    16   HIGHEST GUST DIRECTION     N (20)
  AVERAGE WIND SPEED     4.4


SKY COVER
  POSSIBLE SUNSHINE  MM
  AVERAGE SKY COVER 0.9


WEATHER CONDITIONS
 THE FOLLOWING WEATHER WAS RECORDED TODAY.
  RAIN
  LIGHT RAIN
  FOG


RELATIVE HUMIDITY (PERCENT)
 HIGHEST    96           700 AM
 LOWEST     89           600 AM
 AVERAGE    93

..........................................................


THE GREENVILLE-SPARTANBURG SC CLIMATE NORMALS FOR TOMORROW
                         NORMAL    RECORD    YEAR
 MAXIMUM TEMPERATURE (F)   57        73      1998
 MINIMUM TEMPERATURE (F)   36        11      1896


SUNRISE AND SUNSET
DECEMBER  4 2016......SUNRISE   721 AM EST   SUNSET   517 PM EST
DECEMBER  5 2016......SUNRISE   722 AM EST   SUNSET   517 PM EST


-  INDICATES NEGATIVE NUMBERS.
R  INDICATES RECORD WAS SET OR TIED.
MM INDICATES DATA IS MISSING.
T  INDICATES TRACE AMOUNT.




$$
