000
CDUS42 KGSP 260634
CLIGSP

CLIMATE REPORT
NATIONAL WEATHER SERVICE GREENVILLE-SPARTANBURG SC
233 AM EDT MON JUN 26 2017


...................................

...THE GREENVILLE-SPARTANBURG SC CLIMATE SUMMARY FOR JUNE 25 2017...

CLIMATE NORMAL PERIOD 1981 TO 2010
CLIMATE RECORD PERIOD 1884 TO 2017


WEATHER ITEM   OBSERVED TIME   RECORD YEAR NORMAL DEPARTURE LAST
                VALUE   (LST)  VALUE       VALUE  FROM      YEAR
                                                  NORMAL
..................................................................
TEMPERATURE (F)
 YESTERDAY
  MAXIMUM         81    135 PM 101    1952  89     -8       95
  MINIMUM         67   1135 PM  52    1972  68     -1       72
  AVERAGE         74                        79     -5       84

PRECIPITATION (IN)
  YESTERDAY        0.00          3.58 1980   0.13  -0.13     0.00
  MONTH TO DATE    2.90                      3.14  -0.24     1.06
  SINCE JUN 1      2.90                      3.14  -0.24     1.06
  SINCE JAN 1     28.27                     22.57   5.70    18.61

SNOWFALL (IN)
  YESTERDAY        0.0           0.0    MM   0.0    0.0      0.0
  MONTH TO DATE    0.0                       0.0    0.0      0.0
  SINCE JUN 1      0.0                       0.0    0.0      0.0
  SINCE JUL 1      3.6                       4.7   -1.1      2.6
  SNOW DEPTH       0

DEGREE DAYS
 HEATING
  YESTERDAY        0                         0      0        0
  MONTH TO DATE    0                         0      0        0
  SINCE JUN 1      0                         0      0        0
  SINCE JUL 1   2186                      3044   -858     2498

 COOLING
  YESTERDAY        9                        14     -5       19
  MONTH TO DATE  270                       281    -11      354
  SINCE JUN 1    270                       281    -11      354
  SINCE JAN 1    535                       482     53      593
..................................................................


WIND (MPH)
  HIGHEST WIND SPEED    10   HIGHEST WIND DIRECTION     N (350)
  HIGHEST GUST SPEED    13   HIGHEST GUST DIRECTION     N (350)
  AVERAGE WIND SPEED     3.7


SKY COVER
  POSSIBLE SUNSHINE  MM
  AVERAGE SKY COVER 0.1


WEATHER CONDITIONS
 THE FOLLOWING WEATHER WAS RECORDED YESTERDAY.
  FOG


RELATIVE HUMIDITY (PERCENT)
 HIGHEST    97           100 AM
 LOWEST     50           700 PM
 AVERAGE    74

..........................................................


THE GREENVILLE-SPARTANBURG SC CLIMATE NORMALS FOR TODAY
                         NORMAL    RECORD    YEAR
 MAXIMUM TEMPERATURE (F)   89       100      1952
                                             1934
                                             1914
 MINIMUM TEMPERATURE (F)   68        55      1979
                                             1974


SUNRISE AND SUNSET
JUNE 26 2017..........SUNRISE   617 AM EDT   SUNSET   847 PM EDT
JUNE 27 2017..........SUNRISE   617 AM EDT   SUNSET   847 PM EDT


-  INDICATES NEGATIVE NUMBERS.
R  INDICATES RECORD WAS SET OR TIED.
MM INDICATES DATA IS MISSING.
T  INDICATES TRACE AMOUNT.




$$
JPT
