000
CDUS42 KGSP 200634 RRA
CLIGSP

CLIMATE REPORT
NATIONAL WEATHER SERVICE GREENVILLE-SPARTANBURG SC
132 AM EST MON NOV 20 2017


...................................

...THE GREENVILLE-SPARTANBURG SC CLIMATE SUMMARY FOR NOVEMBER 19 2017...

CLIMATE NORMAL PERIOD 1981 TO 2010
CLIMATE RECORD PERIOD 1884 TO 2017


WEATHER ITEM   OBSERVED TIME   RECORD YEAR NORMAL DEPARTURE LAST
                VALUE   (LST)  VALUE       VALUE  FROM      YEAR
                                                  NORMAL
..................................................................
TEMPERATURE (F)
 YESTERDAY
  MAXIMUM         65   1209 AM  78    1890  62      3       71
  MINIMUM         41   1159 PM  18    2014  40      1       33
                                      1903
  AVERAGE         53                        51      2       52

PRECIPITATION (IN)
  YESTERDAY        0.04          1.86 1915   0.13  -0.09     0.00
  MONTH TO DATE    0.72                      2.20  -1.48     0.20
  SINCE SEP 1     12.22                      9.07   3.15     1.63
  SINCE JAN 1     50.19                     41.58   8.61    29.86

SNOWFALL (IN)
  YESTERDAY        0.0           2.5  2000   0.0    0.0      0.0
  MONTH TO DATE    0.0                       0.0    0.0      0.0
  SINCE SEP 1      0.0                       0.0    0.0      0.0
  SINCE JUL 1      0.0                       0.0    0.0      0.0
  SNOW DEPTH       0

DEGREE DAYS
 HEATING
  YESTERDAY       12                        14     -2       13
  MONTH TO DATE  186                       211    -25      153
  SINCE SEP 1    331                       381    -50      195
  SINCE JUL 1    331                       381    -50      195

 COOLING
  YESTERDAY        0                         0      0        0
  MONTH TO DATE    8                         0      8       12
  SINCE SEP 1    336                       275     61      469
  SINCE JAN 1   1802                      1710     92     2188
..................................................................


WIND (MPH)
  HIGHEST WIND SPEED    23   HIGHEST WIND DIRECTION    SW (210)
  HIGHEST GUST SPEED    32   HIGHEST GUST DIRECTION     N (360)
  AVERAGE WIND SPEED     8.5


SKY COVER
  POSSIBLE SUNSHINE  MM
  AVERAGE SKY COVER 0.2


WEATHER CONDITIONS
 THE FOLLOWING WEATHER WAS RECORDED YESTERDAY.
  LIGHT RAIN
  FOG


RELATIVE HUMIDITY (PERCENT)
 HIGHEST    97           100 AM
 LOWEST     40           100 PM
 AVERAGE    69

..........................................................


THE GREENVILLE-SPARTANBURG SC CLIMATE NORMALS FOR TODAY
                         NORMAL    RECORD    YEAR
 MAXIMUM TEMPERATURE (F)   62        78      1942
                                             1896
 MINIMUM TEMPERATURE (F)   40        19      1903


SUNRISE AND SUNSET
NOVEMBER 20 2017......SUNRISE   708 AM EST   SUNSET   521 PM EST
NOVEMBER 21 2017......SUNRISE   709 AM EST   SUNSET   520 PM EST


-  INDICATES NEGATIVE NUMBERS.
R  INDICATES RECORD WAS SET OR TIED.
MM INDICATES DATA IS MISSING.
T  INDICATES TRACE AMOUNT.




$$

LEC
