000
CDUS42 KGSP 060634
CLIGSP

CLIMATE REPORT
NATIONAL WEATHER SERVICE GREENVILLE-SPARTANBURG SC
134 AM EST FRI MAR 6 2015


...................................

...THE GREENVILLE-SPARTANBURG SC CLIMATE SUMMARY FOR MARCH 5 2015...

CLIMATE NORMAL PERIOD 1981 TO 2010
CLIMATE RECORD PERIOD 1884 TO 2015


WEATHER ITEM   OBSERVED TIME   RECORD YEAR NORMAL DEPARTURE LAST
                VALUE   (LST)  VALUE       VALUE  FROM      YEAR
                                                  NORMAL
..................................................................
TEMPERATURE (F)
 YESTERDAY
  MAXIMUM         67   1149 AM  80    1976  61      6       56
                                      1905
  MINIMUM         36   1159 PM  12    1960  39     -3       33
  AVERAGE         52                        50      2       45

PRECIPITATION (IN)
  YESTERDAY        0.20          3.80 1963   0.14   0.06     0.00
  MONTH TO DATE    0.43                      0.72  -0.29     0.11
  SINCE MAR 1      0.43                      0.72  -0.29     0.11
  SINCE JAN 1      7.75                      8.51  -0.76     6.35

SNOWFALL (IN)
  YESTERDAY        0.0           1.0  1912   0.0    0.0      0.0
  MONTH TO DATE    0.0                       0.2   -0.2       T
  SINCE MAR 1      0.0                       0.2   -0.2       T
  SINCE JUL 1      3.7                       4.0   -0.3      7.2
  SNOW DEPTH       0

DEGREE DAYS
 HEATING
  YESTERDAY       13                        15     -2       20
  MONTH TO DATE   73                        78     -5       98
  SINCE MAR 1     73                        78     -5       98
  SINCE JUL 1   2687                      2527    160     2657

 COOLING
  YESTERDAY        0                         0      0        0
  MONTH TO DATE    0                         0      0        0
  SINCE MAR 1      0                         0      0        0
  SINCE JAN 1      0                         0      0        0
..................................................................


WIND (MPH)
  HIGHEST WIND SPEED    24   HIGHEST WIND DIRECTION    SW (210)
  HIGHEST GUST SPEED    34   HIGHEST GUST DIRECTION     W (250)
  AVERAGE WIND SPEED    13.3


SKY COVER
  POSSIBLE SUNSHINE  MM
  AVERAGE SKY COVER 1.0


WEATHER CONDITIONS
 THE FOLLOWING WEATHER WAS RECORDED YESTERDAY.
  LIGHT RAIN
  FOG


RELATIVE HUMIDITY (PERCENT)
 HIGHEST    93           500 AM
 LOWEST     70          1000 PM
 AVERAGE    82

..........................................................


THE GREENVILLE-SPARTANBURG SC CLIMATE NORMALS FOR TODAY
                         NORMAL    RECORD    YEAR
 MAXIMUM TEMPERATURE (F)   62        79      1974
 MINIMUM TEMPERATURE (F)   39        16      1960
                                             1901


SUNRISE AND SUNSET
MARCH  6 2015.........SUNRISE   652 AM EST   SUNSET   629 PM EST
MARCH  7 2015.........SUNRISE   651 AM EST   SUNSET   630 PM EST


-  INDICATES NEGATIVE NUMBERS.
R  INDICATES RECORD WAS SET OR TIED.
MM INDICATES DATA IS MISSING.
T  INDICATES TRACE AMOUNT.

$$
