000
CDUS42 KGSP 252039
CLIGSP

CLIMATE REPORT
NATIONAL WEATHER SERVICE GREENVILLE-SPARTANBURG SC
439 PM EDT MON MAY 25 2015


...................................

...THE GREENVILLE-SPARTANBURG SC CLIMATE SUMMARY FOR MAY 25 2015...
VALID TODAY AS OF 0435 PM LOCAL TIME.

CLIMATE NORMAL PERIOD 1981 TO 2010
CLIMATE RECORD PERIOD 1884 TO 2015


WEATHER ITEM   OBSERVED TIME   RECORD YEAR NORMAL DEPARTURE LAST
                VALUE   (LST)  VALUE       VALUE  FROM      YEAR
                                                  NORMAL
..................................................................
TEMPERATURE (F)
 TODAY
  MAXIMUM         81    330 PM  96    1962  83     -2       80
                                      1953
  MINIMUM         58    513 AM  46    2005  60     -2       61
  AVERAGE         70                        71     -1       71

PRECIPITATION (IN)
  TODAY            0.00          1.51 1959   0.12  -0.12     0.15
  MONTH TO DATE    2.46                      3.02  -0.56     2.53
  SINCE MAR 1     10.73                     10.90  -0.17    11.67
  SINCE JAN 1     18.05                     18.69  -0.64    17.91

SNOWFALL (IN)
  TODAY            0.0           0.0    MM   0.0    0.0      0.0
  MONTH TO DATE    0.0                       0.0    0.0      0.0
  SINCE MAR 1      0.0                       0.9   -0.9       T
  SINCE JUL 1      3.7                       4.7   -1.0      7.2
  SNOW DEPTH       0

DEGREE DAYS
 HEATING
  TODAY            0                         1     -1        0
  MONTH TO DATE    8                        38    -30       36
  SINCE MAR 1    403                       595   -192      649
  SINCE JUL 1   3017                      3044    -27     3208

 COOLING
  TODAY            5                         7     -2        6
  MONTH TO DATE  162                       108     54      149
  SINCE MAR 1    218                       156     62      191
  SINCE JAN 1    218                       156     62      191
..................................................................


WIND (MPH)
  HIGHEST WIND SPEED    10   HIGHEST WIND DIRECTION    SE (140)
  HIGHEST GUST SPEED    13   HIGHEST GUST DIRECTION    SE (150)
  AVERAGE WIND SPEED     3.8


SKY COVER
  POSSIBLE SUNSHINE  MM
  AVERAGE SKY COVER 0.5


WEATHER CONDITIONS
 THE FOLLOWING WEATHER WAS RECORDED TODAY.
  NO SIGNIFICANT WEATHER WAS OBSERVED.


RELATIVE HUMIDITY (PERCENT)
 HIGHEST    93           600 AM
 LOWEST     54           300 PM
 AVERAGE    74

..........................................................


THE GREENVILLE-SPARTANBURG SC CLIMATE NORMALS FOR TOMORROW
                         NORMAL    RECORD    YEAR
 MAXIMUM TEMPERATURE (F)   83        96      1953
                                             1926
                                             1912
 MINIMUM TEMPERATURE (F)   60        45      1979


SUNRISE AND SUNSET
MAY 25 2015...........SUNRISE   619 AM EDT   SUNSET   833 PM EDT
MAY 26 2015...........SUNRISE   619 AM EDT   SUNSET   833 PM EDT


-  INDICATES NEGATIVE NUMBERS.
R  INDICATES RECORD WAS SET OR TIED.
MM INDICATES DATA IS MISSING.
T  INDICATES TRACE AMOUNT.

$$

OUTLAW
