000
CDUS42 KGSP 200944
CLIGSP

CLIMATE REPORT
NATIONAL WEATHER SERVICE GREENVILLE-SPARTANBURG SC
128 AM EST SAT JAN 20 2018


...................................

...THE GREENVILLE-SPARTANBURG SC CLIMATE SUMMARY FOR JANUARY 19 2018...

CLIMATE NORMAL PERIOD 1981 TO 2010
CLIMATE RECORD PERIOD 1884 TO 2018


WEATHER ITEM   OBSERVED TIME   RECORD YEAR NORMAL DEPARTURE LAST
                VALUE   (LST)  VALUE       VALUE  FROM      YEAR
                                                  NORMAL
..................................................................
TEMPERATURE (F)
 YESTERDAY
  MAXIMUM         57    340 PM  72    1974  52      5       64
                                      1907
  MINIMUM         24    754 AM   5    1994  32     -8       42
  AVERAGE         41                        42     -1       53

PRECIPITATION (IN)
  YESTERDAY        0.00          2.01 1936   0.12  -0.12     0.00
  MONTH TO DATE    1.79                      2.35  -0.56     2.60
  SINCE DEC 1      4.70                      6.46  -1.76     5.29
  SINCE JAN 1      1.79                      2.35  -0.56     2.60

SNOWFALL (IN)
  YESTERDAY        0.0           0.5  1967   0.1   -0.1      0.0
  MONTH TO DATE    3.1                       1.5    1.6      3.1
  SINCE DEC 1      4.7                       1.9    2.8      3.1
  SINCE JUL 1      4.7                       2.0    2.7      3.1
  SNOW DEPTH       1

DEGREE DAYS
 HEATING
  YESTERDAY       24                        23      1       12
  MONTH TO DATE  600                       437    163      324
  SINCE DEC 1   1219                      1087    132      920
  SINCE JUL 1   1713                      1640     73     1246

 COOLING
  YESTERDAY        0                         0      0        0
  MONTH TO DATE    0                         0      0        0
  SINCE DEC 1      0                         1     -1        0
  SINCE JAN 1      0                         0      0        0
..................................................................


WIND (MPH)
  HIGHEST WIND SPEED    10   HIGHEST WIND DIRECTION    SW (230)
  HIGHEST GUST SPEED    13   HIGHEST GUST DIRECTION    SW (210)
  AVERAGE WIND SPEED     3.0


SKY COVER
  POSSIBLE SUNSHINE  MM
  AVERAGE SKY COVER 0.0


WEATHER CONDITIONS
 THE FOLLOWING WEATHER WAS RECORDED YESTERDAY.
  NO SIGNIFICANT WEATHER WAS OBSERVED.


RELATIVE HUMIDITY (PERCENT)
 HIGHEST    81           400 AM
 LOWEST     20          1200 PM
 AVERAGE    51

..........................................................


THE GREENVILLE-SPARTANBURG SC CLIMATE NORMALS FOR TODAY
                         NORMAL    RECORD    YEAR
 MAXIMUM TEMPERATURE (F)   53        72      1933
 MINIMUM TEMPERATURE (F)   32         1      1985


SUNRISE AND SUNSET
JANUARY 20 2018.......SUNRISE   734 AM EST   SUNSET   546 PM EST
JANUARY 21 2018.......SUNRISE   734 AM EST   SUNSET   547 PM EST


-  INDICATES NEGATIVE NUMBERS.
R  INDICATES RECORD WAS SET OR TIED.
MM INDICATES DATA IS MISSING.
T  INDICATES TRACE AMOUNT.




$$
