000
CDUS42 KGSP 312039
CLIGSP

CLIMATE REPORT
NATIONAL WEATHER SERVICE GREENVILLE-SPARTANBURG SC
433 PM EDT FRI OCT 31 2014


...................................

...THE GREENVILLE-SPARTANBURG SC CLIMATE SUMMARY FOR OCTOBER 31 2014...
VALID TODAY AS OF 0400 PM LOCAL TIME.

CLIMATE NORMAL PERIOD 1981 TO 2010
CLIMATE RECORD PERIOD 1884 TO 2014


WEATHER ITEM   OBSERVED TIME   RECORD YEAR NORMAL DEPARTURE LAST
                VALUE   (LST)  VALUE       VALUE  FROM      YEAR
                                                  NORMAL
..................................................................
TEMPERATURE (F)
 TODAY
  MAXIMUM         62    239 PM  84    1950  69     -7       73
  MINIMUM         44    210 AM  25    1893  46     -2       55
  AVERAGE         53                        57     -4       64

PRECIPITATION (IN)
  TODAY            0.00          3.60 1932   0.10  -0.10     0.00
  MONTH TO DATE    3.57                      3.44   0.13     1.91
  SINCE SEP 1      7.25                      6.87   0.38     4.41
  SINCE JAN 1     42.21                     39.38   2.83    58.76

SNOWFALL (IN)
  TODAY            0.0           0.0    MM   0.0    0.0      0.0
  MONTH TO DATE    0.0                       0.0    0.0      0.0
  SINCE SEP 1      0.0                       0.0    0.0      0.0
  SINCE JUL 1      0.0                       0.0    0.0      0.0
  SNOW DEPTH       0

DEGREE DAYS
 HEATING
  TODAY           12                         8      4        1
  MONTH TO DATE  118                       152    -34      124
  SINCE SEP 1    124                       170    -46      125
  SINCE JUL 1    124                       170    -46      125

 COOLING
  TODAY            0                         1     -1        0
  MONTH TO DATE   55                        48      7       54
  SINCE SEP 1    296                       275     21      278
  SINCE JAN 1   1693                      1710    -17     1527
..................................................................


WIND (MPH)
  HIGHEST WIND SPEED    14   HIGHEST WIND DIRECTION    NE (40)
  HIGHEST GUST SPEED    17   HIGHEST GUST DIRECTION    NE (30)
  AVERAGE WIND SPEED     6.3


SKY COVER
  POSSIBLE SUNSHINE  MM
  AVERAGE SKY COVER 0.2


WEATHER CONDITIONS
 THE FOLLOWING WEATHER WAS RECORDED TODAY.
  NO SIGNIFICANT WEATHER WAS OBSERVED.


RELATIVE HUMIDITY (PERCENT)
 HIGHEST    92           100 AM
 LOWEST     60           200 PM
 AVERAGE    76

..........................................................


THE GREENVILLE-SPARTANBURG SC CLIMATE NORMALS FOR TOMORROW
                         NORMAL    RECORD    YEAR
 MAXIMUM TEMPERATURE (F)   68        86      1961
 MINIMUM TEMPERATURE (F)   46        25      1906
                                             1893


SUNRISE AND SUNSET
OCTOBER 31 2014.......SUNRISE   749 AM EDT   SUNSET   636 PM EDT
NOVEMBER  1 2014......SUNRISE   750 AM EDT   SUNSET   635 PM EDT


-  INDICATES NEGATIVE NUMBERS.
R  INDICATES RECORD WAS SET OR TIED.
MM INDICATES DATA IS MISSING.
T  INDICATES TRACE AMOUNT.




$$
