000
CDUS45 KTFX 260946
CLIGTF


CLIMATE REPORT
NATIONAL WEATHER SERVICE GREAT FALLS MT
244 AM MST FRI DEC 26 2014


...................................

...THE GREAT FALLS MT CLIMATE SUMMARY FOR DECEMBER 25 2014...

CLIMATE NORMAL PERIOD 1981 TO 2010
CLIMATE RECORD PERIOD 1886 TO 2014


WEATHER ITEM   OBSERVED TIME   RECORD YEAR NORMAL DEPARTURE LAST
                VALUE   (LST)  VALUE       VALUE  FROM      YEAR
                                                  NORMAL
..................................................................
TEMPERATURE (F)
 YESTERDAY
  MAXIMUM         27    103 AM  59    2005  34     -7       44
  MINIMUM         14   1109 PM -29    1983  14      0       24
  AVERAGE         21                        24     -3       34

PRECIPITATION (IN)
  YESTERDAY        0.00          0.29 1988   0.01  -0.01     0.00
  MONTH TO DATE    0.69                      0.44   0.25     0.89
  SINCE OCT 1      2.54                      1.89   0.65     2.00
  SINCE JAN 1     19.72                     14.64   5.08    11.73

SNOWFALL (IN)
  YESTERDAY        0.0           3.5  1988   0.3   -0.3      0.0
  MONTH TO DATE    7.2                       7.5   -0.3     12.9
  SINCE DEC 1      7.2                       7.5   -0.3     12.9
  SINCE JUL 1     24.6                      21.2    3.4     22.6
  SNOW DEPTH       4

DEGREE DAYS
 HEATING
  YESTERDAY       44                        41      3       31
  MONTH TO DATE  800                      1002   -202     1169
  SINCE DEC 1    800                      1002   -202     1169
  SINCE JUL 1   2689                      2971   -282     2969

 COOLING
  YESTERDAY        0                         0      0        0
  MONTH TO DATE    0                         0      0        0
  SINCE DEC 1      0                         0      0        0
  SINCE JAN 1    350                       298     52      449
..................................................................


WIND (MPH)
  HIGHEST WIND SPEED    15   HIGHEST WIND DIRECTION     S (190)
  HIGHEST GUST SPEED    16   HIGHEST GUST DIRECTION     S (190)
  AVERAGE WIND SPEED     6.8


SKY COVER
  AVERAGE SKY COVER 0.7


WEATHER CONDITIONS
 THE FOLLOWING WEATHER WAS RECORDED YESTERDAY.
  NO SIGNIFICANT WEATHER WAS OBSERVED.


RELATIVE HUMIDITY (PERCENT)
 HIGHEST   100           100 AM
 LOWEST     74           700 PM
 AVERAGE    87

..........................................................


THE GREAT FALLS MT CLIMATE NORMALS FOR TODAY
                         NORMAL    RECORD    YEAR
 MAXIMUM TEMPERATURE (F)   34        60      1980
 MINIMUM TEMPERATURE (F)   14       -27      1996


SUNRISE AND SUNSET
DECEMBER 26 2014......SUNRISE   812 AM MST   SUNSET   440 PM MST
DECEMBER 27 2014......SUNRISE   813 AM MST   SUNSET   441 PM MST


-  INDICATES NEGATIVE NUMBERS.
R  INDICATES RECORD WAS SET OR TIED.
MM INDICATES DATA IS MISSING.
T  INDICATES TRACE AMOUNT.




$$
