000
CDUS45 KTFX 241132
CLIGTF


CLIMATE REPORT
NATIONAL WEATHER SERVICE GREAT FALLS MT
429 AM MST TUE JAN 24 2017


...................................

...THE GREAT FALLS MT CLIMATE SUMMARY FOR JANUARY 23 2017...

CLIMATE NORMAL PERIOD 1981 TO 2010
CLIMATE RECORD PERIOD 1886 TO 2017


WEATHER ITEM   OBSERVED TIME   RECORD YEAR NORMAL DEPARTURE LAST
                VALUE   (LST)  VALUE       VALUE  FROM      YEAR
                                                  NORMAL
..................................................................
TEMPERATURE (F)
 YESTERDAY
  MAXIMUM         24    314 AM  63    2005  36    -12       48
  MINIMUM         17   1159 PM -37    1969  16      1       30
  AVERAGE         21                        26     -5       39

PRECIPITATION (IN)
  YESTERDAY        0.07          0.37 1943   0.01   0.06     0.09
  MONTH TO DATE    0.67                      0.38   0.29     0.61
  SINCE OCT 1      3.60                      2.38   1.22     5.71
  SINCE JAN 1      0.67                      0.38   0.29     0.61

SNOWFALL (IN)
  YESTERDAY        1.1           7.0  2010   0.3    0.8       T
  MONTH TO DATE    8.6                       6.5    2.1      6.0
  SINCE DEC 1     24.5                      16.0    8.5     21.5
  SINCE JUL 1     27.2                      29.7   -2.5     37.4
  SNOW DEPTH       1

DEGREE DAYS
 HEATING
  YESTERDAY       44                        39      5       26
  MONTH TO DATE 1169                       921    248      943
  SINCE DEC 1   2734                      2169    565     2126
  SINCE JUL 1   4319                      4138    181     3947

 COOLING
  YESTERDAY        0                         0      0        0
  MONTH TO DATE    0                         0      0        0
  SINCE DEC 1      0                         0      0        0
  SINCE JAN 1      0                         0      0        0
..................................................................


WIND (MPH)
  HIGHEST WIND SPEED    12   HIGHEST WIND DIRECTION     N (20)
  HIGHEST GUST SPEED    13   HIGHEST GUST DIRECTION     N (20)
  AVERAGE WIND SPEED     5.4


SKY COVER
  AVERAGE SKY COVER 1.0


WEATHER CONDITIONS
 THE FOLLOWING WEATHER WAS RECORDED YESTERDAY.
  LIGHT SNOW
  FOG
  FOG W/VISIBILITY <= 1/4 MILE


RELATIVE HUMIDITY (PERCENT)
 HIGHEST    96           100 AM
 LOWEST     77           300 PM
 AVERAGE    87

..........................................................


THE GREAT FALLS MT CLIMATE NORMALS FOR TODAY
                         NORMAL    RECORD    YEAR
 MAXIMUM TEMPERATURE (F)   36        61      1968
 MINIMUM TEMPERATURE (F)   16       -28      1943


SUNRISE AND SUNSET
JANUARY 24 2017.......SUNRISE   801 AM MST   SUNSET   515 PM MST
JANUARY 25 2017.......SUNRISE   759 AM MST   SUNSET   517 PM MST


-  INDICATES NEGATIVE NUMBERS.
R  INDICATES RECORD WAS SET OR TIED.
MM INDICATES DATA IS MISSING.
T  INDICATES TRACE AMOUNT.




$$
