000
CDUS45 KTFX 230945
CLIGTF


CLIMATE REPORT
NATIONAL WEATHER SERVICE GREAT FALLS MT
344 AM MDT SUN APR 23 2017


...................................

...THE GREAT FALLS MT CLIMATE SUMMARY FOR APRIL 22 2017...

CLIMATE NORMAL PERIOD 1981 TO 2010
CLIMATE RECORD PERIOD 1886 TO 2017


WEATHER ITEM   OBSERVED TIME   RECORD YEAR NORMAL DEPARTURE LAST
                VALUE   (LST)  VALUE       VALUE  FROM      YEAR
                                                  NORMAL
..................................................................
TEMPERATURE (F)
 YESTERDAY
  MAXIMUM         62    416 PM  83    1969  58      4       72
  MINIMUM         35    554 AM   8    1967  32      3       43
  AVERAGE         49                        45      4       58

PRECIPITATION (IN)
  YESTERDAY        0.00          0.77 1932   0.05  -0.05     0.00
  MONTH TO DATE    2.85                      1.00   1.85     1.79
  SINCE OCT 1      7.61                      4.89   2.72     8.04
  SINCE JAN 1      4.68                      2.89   1.79     2.94

SNOWFALL (IN)
  YESTERDAY        0.0           8.9  2011   0.2   -0.2      0.0
  MONTH TO DATE    5.0                       6.7   -1.7      7.1
  SINCE MAR 1     10.6                      18.6   -8.0      8.9
  SINCE JUL 1     48.4                      58.6  -10.2     46.8
  SNOW DEPTH       0

DEGREE DAYS
 HEATING
  YESTERDAY       16                        20     -4        7
  MONTH TO DATE  462                       507    -45      360
  SINCE MAR 1   1301                      1460   -159     1142
  SINCE JUL 1   6999                      6965     34     6080

 COOLING
  YESTERDAY        0                         0      0        0
  MONTH TO DATE    0                         0      0        0
  SINCE MAR 1      0                         0      0        0
  SINCE JAN 1      0                         0      0        0
..................................................................


WIND (MPH)
  HIGHEST WIND SPEED    20   HIGHEST WIND DIRECTION     S (180)
  HIGHEST GUST SPEED    24   HIGHEST GUST DIRECTION     S (170)
  AVERAGE WIND SPEED     8.6


SKY COVER
  AVERAGE SKY COVER 0.3


WEATHER CONDITIONS
 THE FOLLOWING WEATHER WAS RECORDED YESTERDAY.
  FOG


RELATIVE HUMIDITY (PERCENT)
 HIGHEST   100          1200 AM
 LOWEST     29           500 PM
 AVERAGE    65

..........................................................


THE GREAT FALLS MT CLIMATE NORMALS FOR TODAY
                         NORMAL    RECORD    YEAR
 MAXIMUM TEMPERATURE (F)   58        84      2012
 MINIMUM TEMPERATURE (F)   32        16      1931
                                             1893


SUNRISE AND SUNSET
APRIL 23 2017.........SUNRISE   622 AM MDT   SUNSET   827 PM MDT
APRIL 24 2017.........SUNRISE   620 AM MDT   SUNSET   828 PM MDT


-  INDICATES NEGATIVE NUMBERS.
R  INDICATES RECORD WAS SET OR TIED.
MM INDICATES DATA IS MISSING.
T  INDICATES TRACE AMOUNT.




$$
