000
CDUS45 KTFX 072224
CLIGTF


CLIMATE REPORT
NATIONAL WEATHER SERVICE GREAT FALLS MT
423 PM MDT TUE JUL 7 2015


...................................

...THE GREAT FALLS MT CLIMATE SUMMARY FOR JULY 7 2015...
VALID TODAY AS OF 0400 PM LOCAL TIME.

CLIMATE NORMAL PERIOD 1981 TO 2010
CLIMATE RECORD PERIOD 1886 TO 2015


WEATHER ITEM   OBSERVED TIME   RECORD YEAR NORMAL DEPARTURE LAST
                VALUE   (LST)  VALUE       VALUE  FROM      YEAR
                                                  NORMAL
..................................................................
TEMPERATURE (F)
 TODAY
  MAXIMUM         67   1018 AM  97    1989  81    -14       79
                                      1985
                                      1954
  MINIMUM         49    400 AM  41    1993  50     -1       55
                                      1931
                                      1920
  AVERAGE         58                        66     -8       67

PRECIPITATION (IN)
  TODAY            0.01          0.97 1934   0.06  -0.05     0.01
  MONTH TO DATE    0.40                      0.41  -0.01     0.01
  SINCE OCT 1      9.59                     10.67  -1.08    13.35
  SINCE JAN 1      6.64                      8.67  -2.03    11.30

SNOWFALL (IN)
  TODAY            0.0           T    1993   0.0    0.0      0.0
  MONTH TO DATE    0.0                       0.0    0.0      0.0
  SINCE JUN 1      0.0                       0.3   -0.3      0.0
  SINCE JUL 1      0.0                       0.0    0.0      0.0
  SNOW DEPTH       0

DEGREE DAYS
 HEATING
  TODAY            7                         2      5        0
  MONTH TO DATE   23                        19      4        3
  SINCE JUN 1    105                       210   -105      226
  SINCE JUL 1     23                        19      4        3

 COOLING
  TODAY            0                         3     -3        2
  MONTH TO DATE   34                        18     16       38
  SINCE JUN 1    128                        50     78       38
  SINCE JAN 1    128                        57     71       38
..................................................................


WIND (MPH)
  HIGHEST WIND SPEED    15   HIGHEST WIND DIRECTION     W (290)
  HIGHEST GUST SPEED    17   HIGHEST GUST DIRECTION    NW (330)
  AVERAGE WIND SPEED     6.2


SKY COVER
  AVERAGE SKY COVER 0.3


WEATHER CONDITIONS
 THE FOLLOWING WEATHER WAS RECORDED TODAY.
  LIGHT RAIN


RELATIVE HUMIDITY (PERCENT)
 HIGHEST    93           500 AM
 LOWEST     60          1100 AM
 AVERAGE    77

..........................................................


THE GREAT FALLS MT CLIMATE NORMALS FOR TOMORROW
                         NORMAL    RECORD    YEAR
 MAXIMUM TEMPERATURE (F)   82       101      1930
 MINIMUM TEMPERATURE (F)   50        41      2004
                                             1996


SUNRISE AND SUNSET
JULY  7 2015..........SUNRISE   536 AM MDT   SUNSET   924 PM MDT
JULY  8 2015..........SUNRISE   537 AM MDT   SUNSET   923 PM MDT


-  INDICATES NEGATIVE NUMBERS.
R  INDICATES RECORD WAS SET OR TIED.
MM INDICATES DATA IS MISSING.
T  INDICATES TRACE AMOUNT.




$$
