000
CDUS45 KTFX 230958
CLIGTF


CLIMATE REPORT
NATIONAL WEATHER SERVICE GREAT FALLS MT
358 AM MDT MON OCT 23 2017


...................................

...THE GREAT FALLS MT CLIMATE SUMMARY FOR OCTOBER 22 2017...

CLIMATE NORMAL PERIOD 1981 TO 2010
CLIMATE RECORD PERIOD 1886 TO 2017


WEATHER ITEM   OBSERVED TIME   RECORD YEAR NORMAL DEPARTURE LAST
                VALUE   (LST)  VALUE       VALUE  FROM      YEAR
                                                  NORMAL
..................................................................
TEMPERATURE (F)
 YESTERDAY
  MAXIMUM         60    107 PM  80    1915  55      5       57
  MINIMUM         42    934 PM   8    1917  31     11       35
  AVERAGE         51                        43      8       46

PRECIPITATION (IN)
  YESTERDAY        0.00          0.84 1919   0.02  -0.02     0.13
  MONTH TO DATE    0.29                      0.66  -0.37     1.44
  SINCE OCT 1      0.29                      0.66  -0.37     1.44
  SINCE JAN 1     12.32                     13.41  -1.09    12.96

SNOWFALL (IN)
  YESTERDAY        0.0           5.5  1919   0.1   -0.1      0.0
  MONTH TO DATE    1.7                       2.5   -0.8      1.5
  SINCE SEP 1      1.7                       3.7   -2.0      1.5
  SINCE JUL 1      1.7                       4.0   -2.3      1.5
  SNOW DEPTH       0

DEGREE DAYS
 HEATING
  YESTERDAY       14                        22     -8       19
  MONTH TO DATE  411                       400     11      435
  SINCE SEP 1    696                       686     10      718
  SINCE JUL 1    725                       807    -82      819

 COOLING
  YESTERDAY        0                         0      0        0
  MONTH TO DATE    0                         0      0        0
  SINCE SEP 1     47                        21     26       10
  SINCE JAN 1    456                       297    159      252
..................................................................


WIND (MPH)
  HIGHEST WIND SPEED    46   HIGHEST WIND DIRECTION    SW (240)
  HIGHEST GUST SPEED    62   HIGHEST GUST DIRECTION    SW (240)
  AVERAGE WIND SPEED    25.8


SKY COVER
  AVERAGE SKY COVER 0.0


WEATHER CONDITIONS
 THE FOLLOWING WEATHER WAS RECORDED YESTERDAY.
  NO SIGNIFICANT WEATHER WAS OBSERVED.


RELATIVE HUMIDITY (PERCENT)
 HIGHEST    54           800 AM
 LOWEST     35           300 PM
 AVERAGE    45

..........................................................


THE GREAT FALLS MT CLIMATE NORMALS FOR TODAY
                         NORMAL    RECORD    YEAR
 MAXIMUM TEMPERATURE (F)   55        79      1915
 MINIMUM TEMPERATURE (F)   31        10      1957


SUNRISE AND SUNSET
OCTOBER 23 2017.......SUNRISE   756 AM MDT   SUNSET   622 PM MDT
OCTOBER 24 2017.......SUNRISE   758 AM MDT   SUNSET   621 PM MDT


-  INDICATES NEGATIVE NUMBERS.
R  INDICATES RECORD WAS SET OR TIED.
MM INDICATES DATA IS MISSING.
T  INDICATES TRACE AMOUNT.




$$
