000
CDUS45 KTFX 060733
CLIGTF


CLIMATE REPORT
NATIONAL WEATHER SERVICE GREAT FALLS MT
1231 AM MST FRI MAR 6 2015


...................................

...THE GREAT FALLS MT CLIMATE SUMMARY FOR MARCH 5 2015...

CLIMATE NORMAL PERIOD 1981 TO 2010
CLIMATE RECORD PERIOD 1886 TO 2015


WEATHER ITEM   OBSERVED TIME   RECORD YEAR NORMAL DEPARTURE LAST
                VALUE   (LST)  VALUE       VALUE  FROM      YEAR
                                                  NORMAL
..................................................................
TEMPERATURE (F)
 YESTERDAY
  MAXIMUM         51    205 PM  74    1987  43      8       47
  MINIMUM         26    706 AM -22    1947  19      7       36
  AVERAGE         39                        31      8       42

PRECIPITATION (IN)
  YESTERDAY        0.00          0.71 1932   0.02  -0.02     0.00
  MONTH TO DATE    0.01                      0.11  -0.10     0.06
  SINCE OCT 1      4.36                      3.09   1.27     4.53
  SINCE JAN 1      1.41                      1.09   0.32     2.48

SNOWFALL (IN)
  YESTERDAY        0.0          10.0  1932   0.4   -0.4      0.0
  MONTH TO DATE    0.1                       1.7   -1.6      2.3
  SINCE MAR 1      0.1                       1.7   -1.6      2.3
  SINCE JUL 1     56.4                      41.7   14.7     59.8
  SNOW DEPTH       0

DEGREE DAYS
 HEATING
  YESTERDAY       26                        34     -8       23
  MONTH TO DATE  215                       173     42      278
  SINCE MAR 1    215                       173     42      278
  SINCE JUL 1   5353                      5678   -325     5932

 COOLING
  YESTERDAY        0                         0      0        0
  MONTH TO DATE    0                         0      0        0
  SINCE MAR 1      0                         0      0        0
  SINCE JAN 1      0                         0      0        0
..................................................................


WIND (MPH)
  HIGHEST WIND SPEED    30   HIGHEST WIND DIRECTION    SW (230)
  HIGHEST GUST SPEED    37   HIGHEST GUST DIRECTION     W (250)
  AVERAGE WIND SPEED    16.2


SKY COVER
  AVERAGE SKY COVER 0.1


WEATHER CONDITIONS
 THE FOLLOWING WEATHER WAS RECORDED YESTERDAY.
  NO SIGNIFICANT WEATHER WAS OBSERVED.


RELATIVE HUMIDITY (PERCENT)
 HIGHEST    57          1200 AM
 LOWEST     17           100 PM
 AVERAGE    37

..........................................................


THE GREAT FALLS MT CLIMATE NORMALS FOR TODAY
                         NORMAL    RECORD    YEAR
 MAXIMUM TEMPERATURE (F)   43        67      1987
 MINIMUM TEMPERATURE (F)   20       -24      1951


SUNRISE AND SUNSET
MARCH  6 2015.........SUNRISE   657 AM MST   SUNSET   618 PM MST
MARCH  7 2015.........SUNRISE   655 AM MST   SUNSET   619 PM MST


-  INDICATES NEGATIVE NUMBERS.
R  INDICATES RECORD WAS SET OR TIED.
MM INDICATES DATA IS MISSING.
T  INDICATES TRACE AMOUNT.




$$
