000
CDUS45 KTFX 040934
CLIGTF


CLIMATE REPORT
NATIONAL WEATHER SERVICE GREAT FALLS MT
332 AM MDT TUE AUG 4 2015


...................................

...THE GREAT FALLS MT CLIMATE SUMMARY FOR AUGUST 3 2015...

CLIMATE NORMAL PERIOD 1981 TO 2010
CLIMATE RECORD PERIOD 1886 TO 2015


WEATHER ITEM   OBSERVED TIME   RECORD YEAR NORMAL DEPARTURE LAST
                VALUE   (LST)  VALUE       VALUE  FROM      YEAR
                                                  NORMAL
..................................................................
TEMPERATURE (F)
 YESTERDAY
  MAXIMUM         96    459 PM 100    2001  86     10       89
                                      1961
  MINIMUM         55    325 AM  40    2002  53      2       57
  AVERAGE         76                        69      7       73

PRECIPITATION (IN)
  YESTERDAY        0.00          0.24 1919   0.04  -0.04      T
  MONTH TO DATE    0.00                      0.12  -0.12      T
  SINCE OCT 1     10.62                     11.88  -1.26    14.12
  SINCE JAN 1      7.67                      9.88  -2.21    12.07

SNOWFALL (IN)
  YESTERDAY        0.0           0.0  2002   0.0    0.0      0.0
  MONTH TO DATE    0.0                       0.0    0.0      0.0
  SINCE JUN 1      0.0                       0.3   -0.3      0.0
  SINCE JUL 1      0.0                       0.0    0.0      0.0
  SNOW DEPTH       0

DEGREE DAYS
 HEATING
  YESTERDAY        0                         1     -1        0
  MONTH TO DATE    0                         3     -3        0
  SINCE JUN 1    129                       244   -115      228
  SINCE JUL 1     47                        53     -6        5

 COOLING
  YESTERDAY       11                         5      6        8
  MONTH TO DATE   25                        15     10       24
  SINCE JUN 1    248                       171     77      203
  SINCE JAN 1    248                       178     70      203
..................................................................


WIND (MPH)
  HIGHEST WIND SPEED    22   HIGHEST WIND DIRECTION     W (260)
  HIGHEST GUST SPEED    27   HIGHEST GUST DIRECTION     W (260)
  AVERAGE WIND SPEED     6.5


SKY COVER
  AVERAGE SKY COVER 0.0


WEATHER CONDITIONS
 THE FOLLOWING WEATHER WAS RECORDED YESTERDAY.
  NO SIGNIFICANT WEATHER WAS OBSERVED.


RELATIVE HUMIDITY (PERCENT)
 HIGHEST    67           600 AM
 LOWEST     16           500 PM
 AVERAGE    42

..........................................................


THE GREAT FALLS MT CLIMATE NORMALS FOR TODAY
                         NORMAL    RECORD    YEAR
 MAXIMUM TEMPERATURE (F)   85       102      1961
 MINIMUM TEMPERATURE (F)   53        41      1982


SUNRISE AND SUNSET
AUGUST  4 2015........SUNRISE   607 AM MDT   SUNSET   855 PM MDT
AUGUST  5 2015........SUNRISE   608 AM MDT   SUNSET   854 PM MDT


-  INDICATES NEGATIVE NUMBERS.
R  INDICATES RECORD WAS SET OR TIED.
MM INDICATES DATA IS MISSING.
T  INDICATES TRACE AMOUNT.




$$
