000
CDUS45 KTFX 231055
CLIGTF


CLIMATE REPORT
NATIONAL WEATHER SERVICE GREAT FALLS MT
455 AM MDT WED JUL 23 2014


...................................

...THE GREAT FALLS MT CLIMATE SUMMARY FOR JULY 22 2014...

CLIMATE NORMAL PERIOD 1981 TO 2010
CLIMATE RECORD PERIOD 1886 TO 2014


WEATHER ITEM   OBSERVED TIME   RECORD YEAR NORMAL DEPARTURE LAST
                VALUE   (LST)  VALUE       VALUE  FROM      YEAR
                                                  NORMAL
..................................................................
TEMPERATURE (F)
 YESTERDAY
  MAXIMUM         87    431 PM 102    1960  85      2       91
                                      1936
  MINIMUM         55    116 AM  43    1990  52      3       50
                                      1914
  AVERAGE         71                        69      2       71

PRECIPITATION (IN)
  YESTERDAY        0.04          0.99 1955   0.04   0.00     0.00
  MONTH TO DATE    0.70                      1.16  -0.46     0.22
  SINCE OCT 1     14.04                     11.42   2.62    11.00
  SINCE JAN 1     11.99                      9.42   2.57     7.66

SNOWFALL (IN)
  YESTERDAY        0.0           0.0  2002   0.0    0.0      0.0
  MONTH TO DATE    0.0                       0.0    0.0      0.0
  SINCE JUN 1      0.0                       0.3   -0.3      0.0
  SINCE JUL 1      0.0                       0.0    0.0      0.0
  SNOW DEPTH       0

DEGREE DAYS
 HEATING
  YESTERDAY        0                         1     -1        0
  MONTH TO DATE    3                        41    -38        9
  SINCE JUN 1    226                       232     -6      181
  SINCE JUL 1      3                        41    -38        9

 COOLING
  YESTERDAY        6                         5      1        6
  MONTH TO DATE  121                        80     41      139
  SINCE JUN 1    121                       112      9      166
  SINCE JAN 1    121                       119      2      169
..................................................................


WIND (MPH)
  HIGHEST WIND SPEED    14   HIGHEST WIND DIRECTION     E (90)
  HIGHEST GUST SPEED    18   HIGHEST GUST DIRECTION    NE (60)
  AVERAGE WIND SPEED     6.7


SKY COVER
  AVERAGE SKY COVER 0.5


WEATHER CONDITIONS
 THE FOLLOWING WEATHER WAS RECORDED YESTERDAY.
  THUNDERSTORM
  LIGHT RAIN


RELATIVE HUMIDITY (PERCENT)
 HIGHEST    80           600 AM
 LOWEST     25           400 PM
 AVERAGE    53

..........................................................


THE GREAT FALLS MT CLIMATE NORMALS FOR TODAY
                         NORMAL    RECORD    YEAR
 MAXIMUM TEMPERATURE (F)   85       103      2003
                                             1931
 MINIMUM TEMPERATURE (F)   53        40      1914


SUNRISE AND SUNSET
JULY 23 2014..........SUNRISE   552 AM MDT   SUNSET   911 PM MDT
JULY 24 2014..........SUNRISE   554 AM MDT   SUNSET   910 PM MDT


-  INDICATES NEGATIVE NUMBERS.
R  INDICATES RECORD WAS SET OR TIED.
MM INDICATES DATA IS MISSING.
T  INDICATES TRACE AMOUNT.




$$
