000
CDUS45 KTFX 240912
CLIGTF


CLIMATE REPORT
NATIONAL WEATHER SERVICE GREAT FALLS MT
311 AM MDT SUN JUL 24 2016


...................................

...THE GREAT FALLS MT CLIMATE SUMMARY FOR JULY 23 2016...

CLIMATE NORMAL PERIOD 1981 TO 2010
CLIMATE RECORD PERIOD 1886 TO 2016


WEATHER ITEM   OBSERVED TIME   RECORD YEAR NORMAL DEPARTURE LAST
                VALUE   (LST)  VALUE       VALUE  FROM      YEAR
                                                  NORMAL
..................................................................
TEMPERATURE (F)
 YESTERDAY
  MAXIMUM         82    356 PM 103    2003  85     -3       82
                                      1931
  MINIMUM         54   1258 AM  40    1914  53      1       58
  AVERAGE         68                        69     -1       70

PRECIPITATION (IN)
  YESTERDAY        0.00          0.54 1918   0.04  -0.04      T
  MONTH TO DATE    1.20                      1.20   0.00     0.46
  SINCE OCT 1     13.28                     11.46   1.82     9.65
  SINCE JAN 1      8.18                      9.46  -1.28     6.70

SNOWFALL (IN)
  YESTERDAY        0.0           0.0  2002   0.0    0.0      0.0
  MONTH TO DATE    T                         0.0    0.0      0.0
  SINCE JUN 1      T                         0.3   -0.3      0.0
  SINCE JUL 1      T                         0.0    0.0      0.0
  SNOW DEPTH       0

DEGREE DAYS
 HEATING
  YESTERDAY        0                         1     -1        0
  MONTH TO DATE   44                        42      2       34
  SINCE JUN 1    152                       233    -81      116
  SINCE JUL 1     44                        42      2       34

 COOLING
  YESTERDAY        3                         5     -2        5
  MONTH TO DATE   73                        85    -12      100
  SINCE JUN 1    116                       117     -1      194
  SINCE JAN 1    116                       124     -8      194
..................................................................


WIND (MPH)
  HIGHEST WIND SPEED    21   HIGHEST WIND DIRECTION     W (280)
  HIGHEST GUST SPEED    28   HIGHEST GUST DIRECTION     W (280)
  AVERAGE WIND SPEED    10.9


SKY COVER
  AVERAGE SKY COVER 0.4


WEATHER CONDITIONS
 THE FOLLOWING WEATHER WAS RECORDED YESTERDAY.
  NO SIGNIFICANT WEATHER WAS OBSERVED.


RELATIVE HUMIDITY (PERCENT)
 HIGHEST    57           600 AM
 LOWEST     22           700 PM
 AVERAGE    40

..........................................................


THE GREAT FALLS MT CLIMATE NORMALS FOR TODAY
                         NORMAL    RECORD    YEAR
 MAXIMUM TEMPERATURE (F)   86       102      1929
 MINIMUM TEMPERATURE (F)   53        36      1918


SUNRISE AND SUNSET
JULY 24 2016..........SUNRISE   554 AM MDT   SUNSET   909 PM MDT
JULY 25 2016..........SUNRISE   555 AM MDT   SUNSET   908 PM MDT


-  INDICATES NEGATIVE NUMBERS.
R  INDICATES RECORD WAS SET OR TIED.
MM INDICATES DATA IS MISSING.
T  INDICATES TRACE AMOUNT.




$$
