000
CDGM40 PGUM 170628
CLIGUM


CLIMATE REPORT
NATIONAL WEATHER SERVICE TIYAN, GUAM
428 PM CHST THU APR 17 2014


...................................

...THE GUAM INTERNATIONAL AIRPORT GU CLIMATE SUMMARY FOR APRIL 17 2014...
VALID TODAY AS OF 0400 PM LOCAL TIME.

CLIMATE NORMAL PERIOD 1981 TO 2010
CLIMATE RECORD PERIOD 1945 TO 2014


WEATHER ITEM   OBSERVED TIME   RECORD YEAR NORMAL DEPARTURE LAST
                VALUE   (LST)  VALUE       VALUE  FROM      YEAR
                                                  NORMAL
..................................................................
TEMPERATURE (F)
 TODAY
  MAXIMUM         91R   112 PM  91    1985  87      4       90
                                      1984
  MINIMUM         79    419 AM  72    1995  77      2       77
                                      1951
  AVERAGE         85                        82      3       84

PRECIPITATION (IN)
  TODAY            0.04          6.36 1997   0.12  -0.08      T
  MONTH TO DATE    1.18                      1.75  -0.57     0.58
  SINCE MAR 1      4.09                      4.52  -0.43     4.53
  SINCE JAN 1     26.12                     14.01  12.11    12.60

SNOWFALL (IN)
  TODAY            0.0
  MONTH TO DATE    0.0
  SINCE MAR 1      0.0
  SINCE JUL 1      0.0
  SNOW DEPTH       0

DEGREE DAYS
 HEATING
  TODAY            0
  MONTH TO DATE    0
  SINCE MAR 1      0
  SINCE JUL 1      0

 COOLING
  TODAY           20                        17      3       19
  MONTH TO DATE  319                       286     33      331
  SINCE MAR 1    846                       773     73      908
  SINCE JAN 1   1793                      1663    130     1812
..................................................................


WIND (MPH)
  RESULTANT WIND SPEED   7   RESULTANT WIND DIRECTION   E (70)
  HIGHEST WIND SPEED    17   HIGHEST WIND DIRECTION     N (350)
  HIGHEST GUST SPEED    21   HIGHEST GUST DIRECTION     N (340)
  AVERAGE WIND SPEED     8.4


SKY COVER
  POSSIBLE SUNSHINE  MM
  AVERAGE SKY COVER 0.6


WEATHER CONDITIONS
 THE FOLLOWING WEATHER WAS RECORDED TODAY.
  LIGHT RAIN


RELATIVE HUMIDITY (PERCENT)
 HIGHEST    94           800 AM
 LOWEST     59           200 PM
 AVERAGE    77

..........................................................


THE GUAM INTERNATIONAL AIRPORT GU CLIMATE NORMALS FOR TOMORROW
                         NORMAL    RECORD    YEAR
 MAXIMUM TEMPERATURE (F)   87        96      1971
 MINIMUM TEMPERATURE (F)   77        74      1997
                                             1994
                                             1992


SUNRISE AND SUNSET
APRIL 17 2014.........SUNRISE   607 AM CHST  SUNSET   634 PM CHST
APRIL 18 2014.........SUNRISE   606 AM CHST  SUNSET   634 PM CHST


-  INDICATES NEGATIVE NUMBERS.
R  INDICATES RECORD WAS SET OR TIED.
MM INDICATES DATA IS MISSING.
T  INDICATES TRACE AMOUNT.




$$
