000
CDGM40 PGUM 261845
CLIGUM


CLIMATE REPORT
NATIONAL WEATHER SERVICE TIYAN, GUAM
445 AM CHST THU NOV 27 2014


...................................

...THE GUAM INTERNATIONAL AIRPORT GU CLIMATE SUMMARY FOR NOVEMBER 26 2014...

CLIMATE NORMAL PERIOD 1981 TO 2010
CLIMATE RECORD PERIOD 1945 TO 2014


WEATHER ITEM   OBSERVED TIME   RECORD YEAR NORMAL DEPARTURE LAST
                VALUE   (LST)  VALUE       VALUE  FROM      YEAR
                                                  NORMAL
..................................................................
TEMPERATURE (F)
 YESTERDAY
  MAXIMUM         90R   316 PM  90    2008  86      4       88
                                      1988
                                      1986
  MINIMUM         78    641 AM  71    1967  77      1       79
  AVERAGE         84                        82      2       84

PRECIPITATION (IN)
  YESTERDAY        0.00          1.10 1970   0.29  -0.29     0.03
  MONTH TO DATE    5.21                      8.05  -2.84     4.05
  SINCE SEP 1     38.71                     34.02   4.69    58.96
  SINCE JAN 1    114.30                     90.54  23.76    98.18

SNOWFALL (IN)
  YESTERDAY        0.0
  MONTH TO DATE    0.0
  SINCE SEP 1      0.0
  SINCE JUL 1      0.0
  SNOW DEPTH       0

DEGREE DAYS
 HEATING
  YESTERDAY        0                         0      0        0
  MONTH TO DATE    0                         0      0        0
  SINCE SEP 1      0                         0      0        0
  SINCE JUL 1      0                         0      0        0

 COOLING
  YESTERDAY       19                        17      2       19
  MONTH TO DATE  478                       442     36      470
  SINCE SEP 1   1543                      1451     92     1499
  SINCE JAN 1   5843                      5438    405     6012
..................................................................


WIND (MPH)
  RESULTANT WIND SPEED  10   RESULTANT WIND DIRECTION   E (70)
  HIGHEST WIND SPEED    20   HIGHEST WIND DIRECTION    NE (60)
  HIGHEST GUST SPEED    24   HIGHEST GUST DIRECTION     E (70)
  AVERAGE WIND SPEED    10.2


SKY COVER
  POSSIBLE SUNSHINE  MM
  AVERAGE SKY COVER 0.1


WEATHER CONDITIONS
 THE FOLLOWING WEATHER WAS RECORDED YESTERDAY.
  NO SIGNIFICANT WEATHER WAS OBSERVED.


RELATIVE HUMIDITY (PERCENT)
 HIGHEST    85          1000 PM
 LOWEST     59          1200 PM
 AVERAGE    72

..........................................................


THE GUAM INTERNATIONAL AIRPORT GU CLIMATE NORMALS FOR TODAY
                         NORMAL    RECORD    YEAR
 MAXIMUM TEMPERATURE (F)   86        91      1988
 MINIMUM TEMPERATURE (F)   77        71      1967


SUNRISE AND SUNSET
NOVEMBER 27 2014......SUNRISE   626 AM CHST  SUNSET   551 PM CHST
NOVEMBER 28 2014......SUNRISE   626 AM CHST  SUNSET   551 PM CHST


-  INDICATES NEGATIVE NUMBERS.
R  INDICATES RECORD WAS SET OR TIED.
MM INDICATES DATA IS MISSING.
T  INDICATES TRACE AMOUNT.




$$
