000
CDGM40 PGUM 281845
CLIGUM


CLIMATE REPORT
NATIONAL WEATHER SERVICE TIYAN, GUAM
445 AM CHST FRI JUL 29 2016


...................................

...THE GUAM INTERNATIONAL AIRPORT GU CLIMATE SUMMARY FOR JULY 28 2016...

CLIMATE NORMAL PERIOD 1981 TO 2010
CLIMATE RECORD PERIOD 1945 TO 2016


WEATHER ITEM   OBSERVED TIME   RECORD YEAR NORMAL DEPARTURE LAST
                VALUE   (LST)  VALUE       VALUE  FROM      YEAR
                                                  NORMAL
..................................................................
TEMPERATURE (F)
 YESTERDAY
  MAXIMUM         88    259 PM  93    2013  87      1       89
  MINIMUM         76    359 AM  73    1952  76      0       74
                                      1950
  AVERAGE         82                        82      0       82

PRECIPITATION (IN)
  YESTERDAY        0.03          4.29 2011   0.43  -0.40     0.01
  MONTH TO DATE    6.66                     10.80  -4.14    21.72
  SINCE JUN 1     14.39                     17.89  -3.50    27.04
  SINCE JAN 1     25.38                     38.03 -12.65    56.43

SNOWFALL (IN)
  YESTERDAY        0.0
  MONTH TO DATE    0.0
  SINCE JUN 1      0.0
  SINCE JUL 1      0.0
  SNOW DEPTH       0

DEGREE DAYS
 HEATING
  YESTERDAY        0                         0      0        0
  MONTH TO DATE    0                         0      0        0
  SINCE JUN 1      0                         0      0        0
  SINCE JUL 1      0                         0      0        0

 COOLING
  YESTERDAY       17                        17      0       17
  MONTH TO DATE  533                       476     57      474
  SINCE JUN 1   1164                      1005    159     1022
  SINCE JAN 1   3850                      3433    417     3527
..................................................................


WIND (MPH)
  RESULTANT WIND SPEED   3   RESULTANT WIND DIRECTION   E (90)
  HIGHEST WIND SPEED    12   HIGHEST WIND DIRECTION     E (90)
  HIGHEST GUST SPEED    15   HIGHEST GUST DIRECTION     E (80)
  AVERAGE WIND SPEED     4.0


SKY COVER
  POSSIBLE SUNSHINE  MM
  AVERAGE SKY COVER 0.1


WEATHER CONDITIONS
 THE FOLLOWING WEATHER WAS RECORDED YESTERDAY.
  FOG


RELATIVE HUMIDITY (PERCENT)
 HIGHEST   100           500 AM
 LOWEST     63           400 PM
 AVERAGE    82

..........................................................


THE GUAM INTERNATIONAL AIRPORT GU CLIMATE NORMALS FOR TODAY
                         NORMAL    RECORD    YEAR
 MAXIMUM TEMPERATURE (F)   87        92      2013
 MINIMUM TEMPERATURE (F)   76        72      1999
                                             1982


SUNRISE AND SUNSET
JULY 29 2016..........SUNRISE   605 AM CHST  SUNSET   649 PM CHST
JULY 30 2016..........SUNRISE   605 AM CHST  SUNSET   649 PM CHST


-  INDICATES NEGATIVE NUMBERS.
R  INDICATES RECORD WAS SET OR TIED.
MM INDICATES DATA IS MISSING.
T  INDICATES TRACE AMOUNT.




$$
