000
CDGM40 PGUM 141845
CLIGUM


CLIMATE REPORT
NATIONAL WEATHER SERVICE TIYAN, GUAM
445 AM CHST MON SEP 15 2014


...................................

...THE GUAM INTERNATIONAL AIRPORT GU CLIMATE SUMMARY FOR SEPTEMBER 14 2014...

CLIMATE NORMAL PERIOD 1981 TO 2010
CLIMATE RECORD PERIOD 1945 TO 2014


WEATHER ITEM   OBSERVED TIME   RECORD YEAR NORMAL DEPARTURE LAST
                VALUE   (LST)  VALUE       VALUE  FROM      YEAR
                                                  NORMAL
..................................................................
TEMPERATURE (F)
 YESTERDAY
  MAXIMUM         88   1141 AM  92    1983  87      1       88
  MINIMUM         75    252 AM  72    1948  76     -1       77
                                      1945
  AVERAGE         82                        81      1       83

PRECIPITATION (IN)
  YESTERDAY        2.38          2.95 1965   0.48   1.90     0.77
  MONTH TO DATE    7.87                      7.17   0.70     6.19
  SINCE SEP 1      7.87                      7.17   0.70     6.19
  SINCE JAN 1     83.46                     63.69  19.77    45.41

SNOWFALL (IN)
  YESTERDAY        0.0
  MONTH TO DATE    0.0
  SINCE SEP 1      0.0
  SINCE JUL 1      0.0
  SNOW DEPTH       0

DEGREE DAYS
 HEATING
  YESTERDAY        0                         0      0        0
  MONTH TO DATE    0                         0      0        0
  SINCE SEP 1      0                         0      0        0
  SINCE JUL 1      0                         0      0        0

 COOLING
  YESTERDAY       17                        16      1       18
  MONTH TO DATE  254                       224     30      247
  SINCE SEP 1    254                       224     30      247
  SINCE JAN 1   4554                      4211    343     4760
..................................................................


WIND (MPH)
  RESULTANT WIND SPEED   6   RESULTANT WIND DIRECTION  NE (60)
  HIGHEST WIND SPEED    26   HIGHEST WIND DIRECTION    NE (60)
  HIGHEST GUST SPEED    32   HIGHEST GUST DIRECTION    NE (60)
  AVERAGE WIND SPEED     7.1


SKY COVER
  POSSIBLE SUNSHINE  MM
  AVERAGE SKY COVER 0.6


WEATHER CONDITIONS
 THE FOLLOWING WEATHER WAS RECORDED YESTERDAY.
  HEAVY RAIN
  RAIN
  LIGHT RAIN
  FOG
  HAZE


RELATIVE HUMIDITY (PERCENT)
 HIGHEST    97           800 PM
 LOWEST     68          1100 AM
 AVERAGE    83

..........................................................


THE GUAM INTERNATIONAL AIRPORT GU CLIMATE NORMALS FOR TODAY
                         NORMAL    RECORD    YEAR
 MAXIMUM TEMPERATURE (F)   87        91      1984
                                             1983
                                             1969
 MINIMUM TEMPERATURE (F)   76        71      1956


SUNRISE AND SUNSET
SEPTEMBER 15 2014.....SUNRISE   610 AM CHST  SUNSET   622 PM CHST
SEPTEMBER 16 2014.....SUNRISE   610 AM CHST  SUNSET   622 PM CHST


-  INDICATES NEGATIVE NUMBERS.
R  INDICATES RECORD WAS SET OR TIED.
MM INDICATES DATA IS MISSING.
T  INDICATES TRACE AMOUNT.




$$
