000
CDGM40 PGUM 281845
CLIGUM


CLIMATE REPORT
NATIONAL WEATHER SERVICE TIYAN, GUAM
445 AM CHST SAT AUG 29 2015


...................................

...THE GUAM INTERNATIONAL AIRPORT GU CLIMATE SUMMARY FOR AUGUST 28 2015...

CLIMATE NORMAL PERIOD 1981 TO 2010
CLIMATE RECORD PERIOD 1945 TO 2015


WEATHER ITEM   OBSERVED TIME   RECORD YEAR NORMAL DEPARTURE LAST
                VALUE   (LST)  VALUE       VALUE  FROM      YEAR
                                                  NORMAL
..................................................................
TEMPERATURE (F)
 YESTERDAY
  MAXIMUM         88    242 PM  91    1991  87      1       88
                                      1988
                                      1969
  MINIMUM         75    415 AM  73    1968  76     -1       78
                                      1953
  AVERAGE         82                        81      1       83

PRECIPITATION (IN)
  YESTERDAY        0.00          4.11 1953   0.59  -0.59     0.06
  MONTH TO DATE   21.37                     15.35   6.02     8.35
  SINCE JUN 1     48.49                     34.58  13.91    43.82
  SINCE JAN 1     77.88                     54.72  23.16    74.86

SNOWFALL (IN)
  YESTERDAY        0.0
  MONTH TO DATE    0.0
  SINCE JUN 1      0.0
  SINCE JUL 1      0.0
  SNOW DEPTH       0

DEGREE DAYS
 HEATING
  YESTERDAY        0                         0      0        0
  MONTH TO DATE    0                         0      0        0
  SINCE JUN 1      0                         0      0        0
  SINCE JUL 1      0                         0      0        0

 COOLING
  YESTERDAY       17                        16      1       18
  MONTH TO DATE  459                       448     11      486
  SINCE JUN 1   1530                      1499     31     1609
  SINCE JAN 1   4035                      3927    108     4245
..................................................................


WIND (MPH)
  RESULTANT WIND SPEED   4   RESULTANT WIND DIRECTION  NW (310)
  HIGHEST WIND SPEED    13   HIGHEST WIND DIRECTION    NW (310)
  HIGHEST GUST SPEED    17   HIGHEST GUST DIRECTION    NW (310)
  AVERAGE WIND SPEED     4.7


SKY COVER
  POSSIBLE SUNSHINE  MM
  AVERAGE SKY COVER 0.2


WEATHER CONDITIONS
 THE FOLLOWING WEATHER WAS RECORDED YESTERDAY.
  NO SIGNIFICANT WEATHER WAS OBSERVED.


RELATIVE HUMIDITY (PERCENT)
 HIGHEST    94           500 AM
 LOWEST     63          1200 PM
 AVERAGE    79

..........................................................


THE GUAM INTERNATIONAL AIRPORT GU CLIMATE NORMALS FOR TODAY
                         NORMAL    RECORD    YEAR
 MAXIMUM TEMPERATURE (F)   87        92      1994
                                             1988
 MINIMUM TEMPERATURE (F)   76        72      1953


SUNRISE AND SUNSET
AUGUST 29 2015........SUNRISE   609 AM CHST  SUNSET   634 PM CHST
AUGUST 30 2015........SUNRISE   609 AM CHST  SUNSET   634 PM CHST


-  INDICATES NEGATIVE NUMBERS.
R  INDICATES RECORD WAS SET OR TIED.
MM INDICATES DATA IS MISSING.
T  INDICATES TRACE AMOUNT.




$$
