000
CDGM40 PGUM 270639
CLIGUM


CLIMATE REPORT
NATIONAL WEATHER SERVICE TIYAN, GUAM
429 PM CHST FRI MAR 27 2015


...................................

...THE GUAM INTERNATIONAL AIRPORT GU CLIMATE SUMMARY FOR MARCH 27 2015...
VALID TODAY AS OF 0400 PM LOCAL TIME.

CLIMATE NORMAL PERIOD 1981 TO 2010
CLIMATE RECORD PERIOD 1945 TO 2015


WEATHER ITEM   OBSERVED TIME   RECORD YEAR NORMAL DEPARTURE LAST
                VALUE   (LST)  VALUE       VALUE  FROM      YEAR
                                                  NORMAL
..................................................................
TEMPERATURE (F)
 TODAY
  MAXIMUM         86   1105 AM  91    1989  86      0       90
                                      1988
  MINIMUM         77    105 PM  70    1990  76      1       77
                                      1966
  AVERAGE         82                        81      1       84

PRECIPITATION (IN)
  TODAY            0.08          0.61 1957   0.07   0.01      T
  MONTH TO DATE    3.46                      2.49   0.97     2.87
  SINCE MAR 1      3.46                      2.49   0.97     2.87
  SINCE JAN 1     12.20                     11.98   0.22    24.90

SNOWFALL (IN)
  TODAY            0.0
  MONTH TO DATE    0.0
  SINCE MAR 1      0.0
  SINCE JUL 1      0.0
  SNOW DEPTH       0

DEGREE DAYS
 HEATING
  TODAY            0
  MONTH TO DATE    0
  SINCE MAR 1      0
  SINCE JUL 1      0

 COOLING
  TODAY           17                        16      1       19
  MONTH TO DATE  440                       421     19      460
  SINCE MAR 1    440                       421     19      460
  SINCE JAN 1   1393                      1311     82     1407
..................................................................


WIND (MPH)
  RESULTANT WIND SPEED  13   RESULTANT WIND DIRECTION  NE (40)
  HIGHEST WIND SPEED    26   HIGHEST WIND DIRECTION    NE (50)
  HIGHEST GUST SPEED    35   HIGHEST GUST DIRECTION    NE (60)
  AVERAGE WIND SPEED    13.5


SKY COVER
  POSSIBLE SUNSHINE  MM
  AVERAGE SKY COVER 0.6


WEATHER CONDITIONS
 THE FOLLOWING WEATHER WAS RECORDED TODAY.
  LIGHT RAIN
  FOG
  HAZE


RELATIVE HUMIDITY (PERCENT)
 HIGHEST    97           100 PM
 LOWEST     69           900 AM
 AVERAGE    83

..........................................................


THE GUAM INTERNATIONAL AIRPORT GU CLIMATE NORMALS FOR TOMORROW
                         NORMAL    RECORD    YEAR
 MAXIMUM TEMPERATURE (F)   86        92      1964
 MINIMUM TEMPERATURE (F)   76        70      1990


SUNRISE AND SUNSET
MARCH 27 2015.........SUNRISE   621 AM CHST  SUNSET   632 PM CHST
MARCH 28 2015.........SUNRISE   620 AM CHST  SUNSET   632 PM CHST


-  INDICATES NEGATIVE NUMBERS.
R  INDICATES RECORD WAS SET OR TIED.
MM INDICATES DATA IS MISSING.
T  INDICATES TRACE AMOUNT.




$$
