000
CDUS44 KAMA 260639
CLIGUY


CLIMATE REPORT
NATIONAL WEATHER SERVICE AMARILLO TX
137 AM CDT MON JUN 26 2017


...................................

...THE GUYMON CLIMATE SUMMARY FOR JUNE 25 2017...

CLIMATE NORMAL PERIOD 1981 TO 2010
CLIMATE RECORD PERIOD 1998 TO 2017


WEATHER ITEM   OBSERVED TIME   RECORD YEAR NORMAL DEPARTURE LAST
                VALUE   (LST)  VALUE       VALUE  FROM      YEAR
                                                  NORMAL
..................................................................
TEMPERATURE (F)
 YESTERDAY
  MAXIMUM         78    429 PM  MM      MM  91    -13       99
  MINIMUM         65   1159 PM  MM      MM  63      2       67
  AVERAGE         72                        77     -5       83

PRECIPITATION (IN)
  YESTERDAY        0.03         MM      MM   0.08  -0.05     0.12
  MONTH TO DATE    1.79                      2.65  -0.86     1.81
  SINCE JUN 1      1.79                      2.65  -0.86     1.81
  SINCE JAN 1     11.98                      8.90   3.08     8.77

SNOWFALL (IN)
  YESTERDAY        0.0          MM      MM  MM     MM        0.0
  MONTH TO DATE    0.0                      MM     MM        0.0
  SINCE JUN 1      0.0                      MM     MM        0.0
  SINCE JUL 1      3.8                      MM     MM        0.0
  SNOW DEPTH       0

DEGREE DAYS
 HEATING
  YESTERDAY        0                         0      0        0
  MONTH TO DATE    0                         6     -6        0
  SINCE JUN 1      0                         6     -6        0
  SINCE JUL 1   3669                      4455   -786     3784

 COOLING
  YESTERDAY        7                        12     -5       18
  MONTH TO DATE  298                       218     80      333
  SINCE JUN 1    298                       218     80      333
  SINCE JAN 1    422                       326     96      423
..................................................................


WIND (MPH)
  RESULTANT WIND SPEED   9   RESULTANT WIND DIRECTION  SE (120)
  HIGHEST WIND SPEED    23   HIGHEST WIND DIRECTION    SE (140)
  HIGHEST GUST SPEED    31   HIGHEST GUST DIRECTION    SE (130)
  AVERAGE WIND SPEED    10.6


SKY COVER
  AVERAGE SKY COVER 0.8


WEATHER CONDITIONS
 THE FOLLOWING WEATHER WAS RECORDED YESTERDAY.
  THUNDERSTORM
  LIGHT RAIN
  FOG


RELATIVE HUMIDITY (PERCENT)
 HIGHEST    93          1100 AM
 LOWEST     64           400 PM
 AVERAGE    79

..........................................................


THE GUYMON CLIMATE NORMALS FOR TODAY
                         NORMAL    RECORD    YEAR
 MAXIMUM TEMPERATURE (F)   91        MM        MM
 MINIMUM TEMPERATURE (F)   63        MM        MM


SUNRISE AND SUNSET
JUNE 26 2017..........SUNRISE   629 AM CDT   SUNSET   909 PM CDT
JUNE 27 2017..........SUNRISE   629 AM CDT   SUNSET   909 PM CDT


-  INDICATES NEGATIVE NUMBERS.
R  INDICATES RECORD WAS SET OR TIED.
MM INDICATES DATA IS MISSING.
T  INDICATES TRACE AMOUNT.




$$
