000
CDUS44 KAMA 200635
CLIGUY


CLIMATE REPORT
NATIONAL WEATHER SERVICE AMARILLO TX
133 AM CDT MON OCT 20 2014


...................................

...THE GUYMON CLIMATE SUMMARY FOR OCTOBER 19 2014...

CLIMATE NORMAL PERIOD 1981 TO 2010
CLIMATE RECORD PERIOD 1998 TO 2014


WEATHER ITEM   OBSERVED TIME   NORMAL DEPARTURE LAST
                VALUE   (LST)  VALUE  FROM      YEAR
                                      NORMAL
......................................................
TEMPERATURE (F)
 YESTERDAY
  MAXIMUM         80    251 PM  71      9       68
  MINIMUM         49    730 AM  41      8       32
  AVERAGE         65            56      9       50

PRECIPITATION (IN)
  YESTERDAY        0.00          0.05  -0.05     0.00
  MONTH TO DATE    1.87          1.09   0.78     0.69
  SINCE SEP 1      3.72          2.88   0.84     3.46
  SINCE JAN 1     12.16         17.65  -5.49    14.01

SNOWFALL (IN)
  YESTERDAY        0.0                           0.0
  MONTH TO DATE    T                              T
  SINCE SEP 1      T                              T
  SINCE JUL 1      T                              T
  SNOW DEPTH       0

DEGREE DAYS
 HEATING
  YESTERDAY        0             9     -9       15
  MONTH TO DATE   82           128    -46      137
  SINCE SEP 1    108           170    -62      145
  SINCE JUL 1    112           171    -59      145

 COOLING
  YESTERDAY        0             0      0        0
  MONTH TO DATE   15            25    -10       25
  SINCE SEP 1    242           230     12      295
  SINCE JAN 1   1688          1479    209     1846
......................................................


WIND (MPH)
  RESULTANT WIND SPEED  13   RESULTANT WIND DIRECTION  SW (210)
  HIGHEST WIND SPEED    29   HIGHEST WIND DIRECTION    SW (210)
  HIGHEST GUST SPEED    36   HIGHEST GUST DIRECTION    SW (230)
  AVERAGE WIND SPEED    12.9


SKY COVER
  AVERAGE SKY COVER 0.0


WEATHER CONDITIONS
 THE FOLLOWING WEATHER WAS RECORDED YESTERDAY.
  NO SIGNIFICANT WEATHER WAS OBSERVED.


RELATIVE HUMIDITY (PERCENT)
 HIGHEST    89          1200 AM
 LOWEST     39           200 PM
 AVERAGE    64

..........................................................


THE GUYMON CLIMATE NORMALS FOR TODAY
                         NORMAL
 MAXIMUM TEMPERATURE (F)   70
 MINIMUM TEMPERATURE (F)   41


SUNRISE AND SUNSET
OCTOBER 20 2014.......SUNRISE   758 AM CDT   SUNSET   703 PM CDT
OCTOBER 21 2014.......SUNRISE   759 AM CDT   SUNSET   702 PM CDT


-  INDICATES NEGATIVE NUMBERS.
R  INDICATES RECORD WAS SET OR TIED.
MM INDICATES DATA IS MISSING.
T  INDICATES TRACE AMOUNT.




$$
