000
CDUS44 KAMA 280744
CLIGUY


CLIMATE REPORT
NATIONAL WEATHER SERVICE AMARILLO TX
142 AM CST SAT FEB 28 2015


...................................

...THE GUYMON CLIMATE SUMMARY FOR FEBRUARY 27 2015...

CLIMATE NORMAL PERIOD 1981 TO 2010
CLIMATE RECORD PERIOD 1998 TO 2015


WEATHER ITEM   OBSERVED TIME   RECORD YEAR NORMAL DEPARTURE LAST
                VALUE   (LST)  VALUE       VALUE  FROM      YEAR
                                                  NORMAL
..................................................................
TEMPERATURE (F)
 YESTERDAY
  MAXIMUM         21    106 AM  MM      MM  56    -35       66
  MINIMUM         13   1020 AM  MM      MM  26    -13       18
  AVERAGE         17                        41    -24       42

PRECIPITATION (IN)
  YESTERDAY        0.19         MM      MM   0.02   0.17     0.00
  MONTH TO DATE    0.60                      0.45   0.15     0.16
  SINCE DEC 1      2.64                      1.49   1.15     0.65
  SINCE JAN 1      1.81                      0.85   0.96     0.34

SNOWFALL (IN)
  YESTERDAY        3.0          MM      MM  MM     MM        0.0
  MONTH TO DATE    7.4                      MM     MM        2.5
  SINCE DEC 1     16.2                      MM     MM        9.0
  SINCE JUL 1     19.2                      MM     MM       12.7
  SNOW DEPTH       2

DEGREE DAYS
 HEATING
  YESTERDAY       48                        24     24       23
  MONTH TO DATE  689                       715    -26      837
  SINCE DEC 1   2366                      2552   -186     2667
  SINCE JUL 1   3173                      3443   -270     3553

 COOLING
  YESTERDAY        0                         0      0        0
  MONTH TO DATE    0                         0      0        0
  SINCE DEC 1      0                         0      0        0
  SINCE JAN 1      0                         0      0        0
..................................................................


WIND (MPH)
  RESULTANT WIND SPEED  10   RESULTANT WIND DIRECTION  SE (130)
  HIGHEST WIND SPEED    17   HIGHEST WIND DIRECTION    SE (140)
  HIGHEST GUST SPEED    21   HIGHEST GUST DIRECTION    SE (140)
  AVERAGE WIND SPEED    11.1


SKY COVER
  AVERAGE SKY COVER 1.0


WEATHER CONDITIONS
 THE FOLLOWING WEATHER WAS RECORDED YESTERDAY.
  LIGHT SNOW
  FOG


RELATIVE HUMIDITY (PERCENT)
 HIGHEST    84           900 AM
 LOWEST     47           100 AM
 AVERAGE    66

..........................................................


THE GUYMON CLIMATE NORMALS FOR TODAY
                         NORMAL    RECORD    YEAR
 MAXIMUM TEMPERATURE (F)   56        MM        MM
 MINIMUM TEMPERATURE (F)   27        MM        MM


SUNRISE AND SUNSET
FEBRUARY 28 2015......SUNRISE   718 AM CST   SUNSET   639 PM CST
MARCH  1 2015.........SUNRISE   717 AM CST   SUNSET   640 PM CST


-  INDICATES NEGATIVE NUMBERS.
R  INDICATES RECORD WAS SET OR TIED.
MM INDICATES DATA IS MISSING.
T  INDICATES TRACE AMOUNT.




$$
