000
CDUS42 KFFC 280029
CLIGVL


CLIMATE REPORT
NATIONAL WEATHER SERVICE PEACHTREE CITY GA
729 PM EST MON FEB 27 2017


...................................

...THE GAINESVILLE   CLIMATE SUMMARY FOR FEBRUARY 27 2017...
VALID AS OF 0700 PM LOCAL TIME.

CLIMATE NORMAL PERIOD 1981 TO 2010
CLIMATE RECORD PERIOD 9999 TO 9999


WEATHER ITEM   OBSERVED TIME   RECORD YEAR NORMAL DEPARTURE LAST
                VALUE   (LST)  VALUE       VALUE  FROM      YEAR
                                                  NORMAL
..................................................................
TEMPERATURE (F)
 TODAY
  MAXIMUM         55    115 PM  MM      MM  58     -3       56
  MINIMUM         41    412 AM  MM      MM  39      2       33
  AVERAGE         48                        48      0       45

PRECIPITATION (IN)
  TODAY            0.03         MM      MM   0.20  -0.17     0.00
  MONTH TO DATE    1.83                      4.66  -2.83     5.28
  SINCE DEC 1     10.43                     14.19  -3.76    20.32

SNOWFALL (IN)
  TODAY            0.0          MM      MM  MM     MM       MM
  MONTH TO DATE    0.0                      MM     MM         T
  SINCE DEC 1      0.0                      MM     MM         T
  SINCE JUL 1      0.0                      MM     MM         T
  SNOW DEPTH       0

DEGREE DAYS
 HEATING
  TODAY           17                        17      0       20
  MONTH TO DATE  324                       530   -206      549
  SINCE DEC 1   1414                      1913   -499     1621
  SINCE JUL 1   1724                      2448   -724     2030
..................................................................


WIND (MPH)
  RESULTANT WIND SPEED   5   RESULTANT WIND DIRECTION   E (70)
  HIGHEST WIND SPEED    12   HIGHEST WIND DIRECTION    SE (120)
  HIGHEST GUST SPEED    17   HIGHEST GUST DIRECTION     E (110)
  AVERAGE WIND SPEED     5.9


SKY COVER
  AVERAGE SKY COVER 0.3


WEATHER CONDITIONS
 THE FOLLOWING WEATHER WAS RECORDED TODAY.
  LIGHT RAIN


RELATIVE HUMIDITY (PERCENT)
 HIGHEST    68           600 PM
 LOWEST     29          1200 AM
 AVERAGE    49

..........................................................


THE GAINESVILLE   CLIMATE NORMALS FOR TOMORROW
                         NORMAL    RECORD    YEAR
 MAXIMUM TEMPERATURE (F)   58        MM        MM
 MINIMUM TEMPERATURE (F)   39        MM        MM


SUNRISE AND SUNSET
FEBRUARY 27 2017......SUNRISE   706 AM EST   SUNSET   630 PM EST
FEBRUARY 28 2017......SUNRISE   705 AM EST   SUNSET   631 PM EST


-  INDICATES NEGATIVE NUMBERS.
R  INDICATES RECORD WAS SET OR TIED.
MM INDICATES DATA IS MISSING.
T  INDICATES TRACE AMOUNT.




$$
