000
CDUS42 KFFC 250817
CLIGVL


CLIMATE REPORT
NATIONAL WEATHER SERVICE PEACHTREE CITY GA
417 AM EDT FRI APR 25 2014


...................................

...THE GAINESVILLE   CLIMATE SUMMARY FOR APRIL 24 2014...

CLIMATE NORMAL PERIOD 1981 TO 2010
CLIMATE RECORD PERIOD 9999 TO 9999


WEATHER ITEM   OBSERVED TIME   RECORD YEAR NORMAL DEPARTURE LAST
                VALUE   (LST)  VALUE       VALUE  FROM      YEAR
                                                  NORMAL
..................................................................
TEMPERATURE (F)
 YESTERDAY
  MAXIMUM         78    414 PM  MM      MM  73      5       75
  MINIMUM         53    322 AM  MM      MM  52      1       54
  AVERAGE         66                        63      3       65

PRECIPITATION (IN)
  YESTERDAY        0.00         MM      MM   0.13  -0.13     0.16
  MONTH TO DATE    5.50                      2.83   2.67     3.33
  SINCE MAR 1      8.75                      8.25   0.50     4.04
  SINCE JAN 1     14.74                     18.15  -3.41     4.04

SNOWFALL (IN)
  YESTERDAY       MM            MM      MM  MM     MM       MM
  MONTH TO DATE    0.0                      MM     MM        0.0
  SINCE MAR 1      0.0                      MM     MM        0.0
  SINCE JUL 1      T                        MM     MM        0.0
  SNOW DEPTH      MM

DEGREE DAYS
 HEATING
  YESTERDAY        0                         4     -4        0
  MONTH TO DATE  141                       154    -13      133
  SINCE MAR 1    598                       542     56      159
  SINCE JUL 1   3267                      3006    261      159

 COOLING
  YESTERDAY        1                         1      0        0
  MONTH TO DATE   15                        22     -7       31
  SINCE MAR 1     15                        27    -12       31
  SINCE JAN 1     15                        27    -12       31
..................................................................


WIND (MPH)
  RESULTANT WIND SPEED   8   RESULTANT WIND DIRECTION   E (90)
  HIGHEST WIND SPEED    18   HIGHEST WIND DIRECTION     E (90)
  HIGHEST GUST SPEED    25   HIGHEST GUST DIRECTION     E (90)
  AVERAGE WIND SPEED     8.3


SKY COVER
  AVERAGE SKY COVER 0.1


WEATHER CONDITIONS
 THE FOLLOWING WEATHER WAS RECORDED YESTERDAY.
  NO SIGNIFICANT WEATHER WAS OBSERVED.


RELATIVE HUMIDITY (PERCENT)
 HIGHEST    50           300 AM
 LOWEST     29           100 PM
 AVERAGE    40

..........................................................


THE GAINESVILLE   CLIMATE NORMALS FOR TODAY
                         NORMAL    RECORD    YEAR
 MAXIMUM TEMPERATURE (F)   73        MM        MM
 MINIMUM TEMPERATURE (F)   52        MM        MM


SUNRISE AND SUNSET
APRIL 25 2014.........SUNRISE   652 AM EDT   SUNSET   815 PM EDT
APRIL 26 2014.........SUNRISE   651 AM EDT   SUNSET   816 PM EDT


-  INDICATES NEGATIVE NUMBERS.
R  INDICATES RECORD WAS SET OR TIED.
MM INDICATES DATA IS MISSING.
T  INDICATES TRACE AMOUNT.




$$
