000
CDUS42 KFFC 010820
CLIGVL


CLIMATE REPORT
NATIONAL WEATHER SERVICE PEACHTREE CITY GA
420 AM EDT TUE SEP 1 2015


...................................

...THE GAINESVILLE   CLIMATE SUMMARY FOR AUGUST 31 2015...

CLIMATE NORMAL PERIOD 1981 TO 2010
CLIMATE RECORD PERIOD 9999 TO 9999


WEATHER ITEM   OBSERVED TIME   RECORD YEAR NORMAL DEPARTURE LAST
                VALUE   (LST)  VALUE       VALUE  FROM      YEAR
                                                  NORMAL
..................................................................
TEMPERATURE (F)
 YESTERDAY
  MAXIMUM         83    431 PM  MM      MM  85     -2       89
  MINIMUM         66    702 AM  MM      MM  68     -2       69
  AVERAGE         75                        76     -1       79

PRECIPITATION (IN)
  YESTERDAY        0.00         MM      MM   0.12  -0.12     0.02
  MONTH TO DATE    7.04                      4.43   2.61     3.59
  SINCE JUN 1     14.85                     13.33   1.52     9.62
  SINCE JAN 1     32.17                     36.25  -4.08    28.79

DEGREE DAYS
 COOLING
  YESTERDAY       10                        11     -1       14
  MONTH TO DATE  403                       404     -1      389
  SINCE JUN 1   1279                      1151    128     1118
  SINCE JAN 1   1532                      1326    206     1347
..................................................................


WIND (MPH)
  RESULTANT WIND SPEED   2   RESULTANT WIND DIRECTION   E (100)
  HIGHEST WIND SPEED     9   HIGHEST WIND DIRECTION    NE (60)
  HIGHEST GUST SPEED    12   HIGHEST GUST DIRECTION     E (70)
  AVERAGE WIND SPEED     3.5


SKY COVER
  AVERAGE SKY COVER 0.5


WEATHER CONDITIONS
 THE FOLLOWING WEATHER WAS RECORDED YESTERDAY.
  NO SIGNIFICANT WEATHER WAS OBSERVED.


RELATIVE HUMIDITY (PERCENT)
 HIGHEST    87          1200 AM
 LOWEST     55           500 PM
 AVERAGE    71

..........................................................


THE GAINESVILLE   CLIMATE NORMALS FOR TODAY
                         NORMAL    RECORD    YEAR
 MAXIMUM TEMPERATURE (F)   85        MM        MM
 MINIMUM TEMPERATURE (F)   67        MM        MM


SUNRISE AND SUNSET
SEPTEMBER  1 2015.....SUNRISE   708 AM EDT   SUNSET   802 PM EDT
SEPTEMBER  2 2015.....SUNRISE   709 AM EDT   SUNSET   800 PM EDT


-  INDICATES NEGATIVE NUMBERS.
R  INDICATES RECORD WAS SET OR TIED.
MM INDICATES DATA IS MISSING.
T  INDICATES TRACE AMOUNT.




$$
