000
CDUS44 KJAN 060722
CLIGWO


CLIMATE REPORT
NATIONAL WEATHER SERVICE JACKSON MS
119 AM CST SAT FEB 6 2016


...................................

...THE GREENWOOD CLIMATE SUMMARY FOR FEBRUARY 5 2016...

CLIMATE NORMAL PERIOD 1981 TO 2010
CLIMATE RECORD PERIOD 1948 TO 2016


WEATHER ITEM   OBSERVED TIME   RECORD YEAR NORMAL DEPARTURE LAST
                VALUE   (LST)  VALUE       VALUE  FROM      YEAR
                                                  NORMAL
..................................................................
TEMPERATURE (F)
 YESTERDAY
  MAXIMUM         54    346 PM  79    2008  56     -2       48
  MINIMUM         23    710 AM   9    1996  35    -12       25
  AVERAGE         39                        45     -6       37

PRECIPITATION (IN)
  YESTERDAY        0.00          2.51 2004   0.15  -0.15     0.00
  MONTH TO DATE    0.43                      0.79  -0.36     0.22
  SINCE DEC 1      8.71                     10.96  -2.25    10.18
  SINCE JAN 1      3.61                      5.31  -1.70     4.66

SNOWFALL (IN)
  YESTERDAY        0.0

DEGREE DAYS
 HEATING
  YESTERDAY       26                        20      6       28
  MONTH TO DATE   72                       101    -29      123
  SINCE DEC 1   1067                      1372   -305     1336
  SINCE JUL 1   1295                      1840   -545     1924

 COOLING
  YESTERDAY        0                         0      0        0
  MONTH TO DATE    4                         0      4        0
  SINCE DEC 1     70                         7     63        1
  SINCE JAN 1      5                         2      3        0
..................................................................


WIND (MPH)
  HIGHEST WIND SPEED     9   HIGHEST WIND DIRECTION     N (340)
  HIGHEST GUST SPEED    13   HIGHEST GUST DIRECTION     W (270)
  AVERAGE WIND SPEED     2.2


SKY COVER
  POSSIBLE SUNSHINE  MM
  AVERAGE SKY COVER 0.0


WEATHER CONDITIONS
 THE FOLLOWING WEATHER WAS RECORDED YESTERDAY.
  NO SIGNIFICANT WEATHER WAS OBSERVED.


RELATIVE HUMIDITY (PERCENT)
 HIGHEST    92           300 AM
 LOWEST     24           400 PM
 AVERAGE    58

..........................................................


THE GREENWOOD CLIMATE NORMALS FOR TODAY
                         NORMAL    RECORD    YEAR
 MAXIMUM TEMPERATURE (F)   56        74      1973
 MINIMUM TEMPERATURE (F)   35        18      1988


SUNRISE AND SUNSET
FEBRUARY  6 2016......SUNRISE   653 AM CST   SUNSET   536 PM CST
FEBRUARY  7 2016......SUNRISE   652 AM CST   SUNSET   537 PM CST


-  INDICATES NEGATIVE NUMBERS.
R  INDICATES RECORD WAS SET OR TIED.
MM INDICATES DATA IS MISSING.
T  INDICATES TRACE AMOUNT.




$$
