000
CDUS44 KJAN 290702
CLIGWO


CLIMATE REPORT
NATIONAL WEATHER SERVICE JACKSON MS
201 AM CDT FRI APR 29 2016


...................................

...THE GREENWOOD CLIMATE SUMMARY FOR APRIL 28 2016...

CLIMATE NORMAL PERIOD 1981 TO 2010
CLIMATE RECORD PERIOD 1948 TO 2016


WEATHER ITEM   OBSERVED TIME   RECORD YEAR NORMAL DEPARTURE LAST
                VALUE   (LST)  VALUE       VALUE  FROM      YEAR
                                                  NORMAL
..................................................................
TEMPERATURE (F)
 YESTERDAY
  MAXIMUM         88    448 PM  90    1994  78     10       68
  MINIMUM         62    532 AM  40    1992  55      7       50
  AVERAGE         75                        67      8       59

PRECIPITATION (IN)
  YESTERDAY        0.00          4.37 1991   0.18  -0.18     0.23
  MONTH TO DATE    3.53                      4.80  -1.27     6.40
  SINCE MAR 1     16.03                      9.11   6.92    11.54
  SINCE JAN 1     23.48                     18.05   5.43    20.93

SNOWFALL (IN)
  YESTERDAY        0.0

DEGREE DAYS
 HEATING
  YESTERDAY        0                         2     -2        6
  MONTH TO DATE   62                       120    -58       58
  SINCE MAR 1    252                       436   -184      331
  SINCE JUL 1   1913                      2667   -754     2852

 COOLING
  YESTERDAY       10                         4      6        0
  MONTH TO DATE   69                        68      1      102
  SINCE MAR 1    108                        89     19      111
  SINCE JAN 1    116                        94     22      111
..................................................................


WIND (MPH)
  HIGHEST WIND SPEED    10   HIGHEST WIND DIRECTION     E (90)
  HIGHEST GUST SPEED    13   HIGHEST GUST DIRECTION     E (80)
  AVERAGE WIND SPEED     3.1


SKY COVER
  POSSIBLE SUNSHINE  MM
  AVERAGE SKY COVER 0.0


WEATHER CONDITIONS
 THE FOLLOWING WEATHER WAS RECORDED YESTERDAY.
  FOG
  FOG W/VISIBILITY <= 1/4 MILE


RELATIVE HUMIDITY (PERCENT)
 HIGHEST    93           400 AM
 LOWEST     29           100 PM
 AVERAGE    61

..........................................................


THE GREENWOOD CLIMATE NORMALS FOR TODAY
                         NORMAL    RECORD    YEAR
 MAXIMUM TEMPERATURE (F)   79        90      1962
 MINIMUM TEMPERATURE (F)   56        43      1973


SUNRISE AND SUNSET
APRIL 29 2016.........SUNRISE   613 AM CDT   SUNSET   742 PM CDT
APRIL 30 2016.........SUNRISE   612 AM CDT   SUNSET   743 PM CDT


-  INDICATES NEGATIVE NUMBERS.
R  INDICATES RECORD WAS SET OR TIED.
MM INDICATES DATA IS MISSING.
T  INDICATES TRACE AMOUNT.




$$
