000
CDUS44 KJAN 250702
CLIGWO


CLIMATE REPORT
NATIONAL WEATHER SERVICE JACKSON MS
101 AM CST SAT FEB 25 2017


...................................

...THE GREENWOOD CLIMATE SUMMARY FOR FEBRUARY 24 2017...

CLIMATE NORMAL PERIOD 1981 TO 2010
CLIMATE RECORD PERIOD 1948 TO 2017


WEATHER ITEM   OBSERVED TIME   RECORD YEAR NORMAL DEPARTURE LAST
                VALUE   (LST)  VALUE       VALUE  FROM      YEAR
                                                  NORMAL
..................................................................
TEMPERATURE (F)
 YESTERDAY
  MAXIMUM         79    311 PM  83    2011  61     18       52
  MINIMUM         57   1159 PM  18    1989  39     18       41
  AVERAGE         68                        50     18       47

PRECIPITATION (IN)
  YESTERDAY        0.05          1.08 1965   0.16  -0.11     0.06
  MONTH TO DATE    2.69                      3.81  -1.12     4.27
  SINCE DEC 1     11.61                     13.98  -2.37    12.55
  SINCE JAN 1      6.92                      8.33  -1.41     7.45

SNOWFALL (IN)
  YESTERDAY        0.0

DEGREE DAYS
 HEATING
  YESTERDAY        0                        15    -15       18
  MONTH TO DATE  205                       434   -229      363
  SINCE DEC 1   1145                      1705   -560     1358
  SINCE JUL 1   1437                      2173   -736     1586

 COOLING
  YESTERDAY        3                         0      3        0
  MONTH TO DATE   17                         0     17        7
  SINCE DEC 1     40                         7     33       73
  SINCE JAN 1     27                         2     25        8
..................................................................


WIND (MPH)
  HIGHEST WIND SPEED    23   HIGHEST WIND DIRECTION    SW (210)
  HIGHEST GUST SPEED    29   HIGHEST GUST DIRECTION     S (180)
  AVERAGE WIND SPEED    11.3


SKY COVER
  POSSIBLE SUNSHINE  MM
  AVERAGE SKY COVER 0.3


WEATHER CONDITIONS
 THE FOLLOWING WEATHER WAS RECORDED YESTERDAY.
  THUNDERSTORM
  LIGHT RAIN


RELATIVE HUMIDITY (PERCENT)
 HIGHEST    87           600 AM
 LOWEST     42          1100 PM
 AVERAGE    65

..........................................................


THE GREENWOOD CLIMATE NORMALS FOR TODAY
                         NORMAL    RECORD    YEAR
 MAXIMUM TEMPERATURE (F)   61        81      1996
 MINIMUM TEMPERATURE (F)   39        20      2010
                                             1965


SUNRISE AND SUNSET
FEBRUARY 25 2017......SUNRISE   633 AM CST   SUNSET   554 PM CST
FEBRUARY 26 2017......SUNRISE   632 AM CST   SUNSET   555 PM CST


-  INDICATES NEGATIVE NUMBERS.
R  INDICATES RECORD WAS SET OR TIED.
MM INDICATES DATA IS MISSING.
T  INDICATES TRACE AMOUNT.




$$
