867
CDUS44 KJAN 030642
CLIGWO


CLIMATE REPORT
NATIONAL WEATHER SERVICE JACKSON MS
1241 AM CST SAT DEC 3 2016


...................................

...THE GREENWOOD CLIMATE SUMMARY FOR DECEMBER 2 2016...

CLIMATE NORMAL PERIOD 1981 TO 2010
CLIMATE RECORD PERIOD 1948 TO 2016


WEATHER ITEM   OBSERVED TIME   RECORD YEAR NORMAL DEPARTURE LAST
                VALUE   (LST)  VALUE       VALUE  FROM      YEAR
                                                  NORMAL
..................................................................
TEMPERATURE (F)
 YESTERDAY
  MAXIMUM         64    243 PM  83    1982  60      4       60
  MINIMUM         30    632 AM  21    1960  38     -8       38
  AVERAGE         47                        49     -2       49

PRECIPITATION (IN)
  YESTERDAY        0.00          6.23 1983   0.20  -0.20     0.00
  MONTH TO DATE    0.00                      0.40  -0.40     0.36
  SINCE DEC 1      0.00                      0.40  -0.40     0.36
  SINCE JAN 1     42.81                     46.52  -3.71    45.79

SNOWFALL (IN)
  YESTERDAY        0.0

DEGREE DAYS
 HEATING
  YESTERDAY       18                        16      2       16
  MONTH TO DATE   37                        32      5       25
  SINCE DEC 1     37                        32      5       25
  SINCE JUL 1    329                       500   -171      253

 COOLING
  YESTERDAY        0                         0      0        0
  MONTH TO DATE    0                         0      0        0
  SINCE DEC 1      0                         0      0        0
  SINCE JAN 1   2559                      2159    400     2420
..................................................................


WIND (MPH)
  HIGHEST WIND SPEED     9   HIGHEST WIND DIRECTION    SE (120)
  HIGHEST GUST SPEED    12   HIGHEST GUST DIRECTION    SE (140)
  AVERAGE WIND SPEED     3.4


SKY COVER
  POSSIBLE SUNSHINE  MM
  AVERAGE SKY COVER 0.0


WEATHER CONDITIONS
 THE FOLLOWING WEATHER WAS RECORDED YESTERDAY.
  NO SIGNIFICANT WEATHER WAS OBSERVED.


RELATIVE HUMIDITY (PERCENT)
 HIGHEST    92           700 AM
 LOWEST     21           300 PM
 AVERAGE    57

..........................................................


THE GREENWOOD CLIMATE NORMALS FOR TODAY
                         NORMAL    RECORD    YEAR
 MAXIMUM TEMPERATURE (F)   60        80      1978
 MINIMUM TEMPERATURE (F)   38        22      1976


SUNRISE AND SUNSET
DECEMBER  3 2016......SUNRISE   648 AM CST   SUNSET   452 PM CST
DECEMBER  4 2016......SUNRISE   649 AM CST   SUNSET   452 PM CST


-  INDICATES NEGATIVE NUMBERS.
R  INDICATES RECORD WAS SET OR TIED.
MM INDICATES DATA IS MISSING.
T  INDICATES TRACE AMOUNT.




$$
