313
CDUS44 KJAN 220803
CLIGWO


CLIMATE REPORT
NATIONAL WEATHER SERVICE JACKSON MS
301 AM CDT MON MAY 22 2017


...................................

...THE GREENWOOD CLIMATE SUMMARY FOR MAY 21 2017...

CLIMATE NORMAL PERIOD 1981 TO 2010
CLIMATE RECORD PERIOD 1948 TO 2017


WEATHER ITEM   OBSERVED TIME   RECORD YEAR NORMAL DEPARTURE LAST
                VALUE   (LST)  VALUE       VALUE  FROM      YEAR
                                                  NORMAL
..................................................................
TEMPERATURE (F)
 YESTERDAY
  MAXIMUM         84   1223 PM  95    1962  84      0       83
                                      1956
  MINIMUM         63   1147 PM  46    1993  62      1       61
  AVERAGE         74                        73      1       72

PRECIPITATION (IN)
  YESTERDAY        0.01          2.67 1967   0.15  -0.14     0.00
  MONTH TO DATE    1.69                      3.47  -1.78     1.34
  SINCE MAR 1     11.62                     12.91  -1.29    18.19
  SINCE JAN 1     19.90                     21.85  -1.95    25.64

SNOWFALL (IN)
  YESTERDAY        0.0

DEGREE DAYS
 HEATING
  YESTERDAY        0                         0      0        0
  MONTH TO DATE   20                        15      5       16
  SINCE MAR 1    295                       455   -160      268
  SINCE JUL 1   1778                      2686   -908     1929

 COOLING
  YESTERDAY        9                         8      1        7
  MONTH TO DATE  138                       130      8       84
  SINCE MAR 1    338                       227    111      207
  SINCE JAN 1    372                       232    140      215
..................................................................


WIND (MPH)
  HIGHEST WIND SPEED    14   HIGHEST WIND DIRECTION    NW (310)
  HIGHEST GUST SPEED    20   HIGHEST GUST DIRECTION    NW (300)
  AVERAGE WIND SPEED     3.0


SKY COVER
  POSSIBLE SUNSHINE  MM
  AVERAGE SKY COVER 0.5


WEATHER CONDITIONS
 THE FOLLOWING WEATHER WAS RECORDED YESTERDAY.
  THUNDERSTORM
  LIGHT RAIN
  FOG


RELATIVE HUMIDITY (PERCENT)
 HIGHEST   100           100 AM
 LOWEST     62           200 PM
 AVERAGE    81

..........................................................


THE GREENWOOD CLIMATE NORMALS FOR TODAY
                         NORMAL    RECORD    YEAR
 MAXIMUM TEMPERATURE (F)   84        94      1972
                                             1970
 MINIMUM TEMPERATURE (F)   63        46      2015


SUNRISE AND SUNSET
MAY 22 2017...........SUNRISE   555 AM CDT   SUNSET   759 PM CDT
MAY 23 2017...........SUNRISE   555 AM CDT   SUNSET   800 PM CDT


-  INDICATES NEGATIVE NUMBERS.
R  INDICATES RECORD WAS SET OR TIED.
MM INDICATES DATA IS MISSING.
T  INDICATES TRACE AMOUNT.




$$
