000
CDUS44 KJAN 270719
CLIGWO


CLIMATE REPORT
NATIONAL WEATHER SERVICE JACKSON MS
215 AM CDT TUE SEP 27 2016


...................................

...THE GREENWOOD CLIMATE SUMMARY FOR SEPTEMBER 26 2016...

CLIMATE NORMAL PERIOD 1981 TO 2010
CLIMATE RECORD PERIOD 1948 TO 2016


WEATHER ITEM   OBSERVED TIME   RECORD YEAR NORMAL DEPARTURE LAST
                VALUE   (LST)  VALUE       VALUE  FROM      YEAR
                                                  NORMAL
..................................................................
TEMPERATURE (F)
 YESTERDAY
  MAXIMUM         86    122 PM  94    1986  84      2       89
                                      1972
  MINIMUM         67   1159 PM  41    2001  59      8       61
  AVERAGE         77                        71      6       75

PRECIPITATION (IN)
  YESTERDAY        0.00          4.54 2002   0.14  -0.14     0.00
  MONTH TO DATE    1.88                      3.13  -1.25     0.31
  SINCE SEP 1      1.88                      3.13  -1.25     0.31
  SINCE JAN 1     38.38                     37.20   1.18    34.37

SNOWFALL (IN)
  YESTERDAY        0.0

DEGREE DAYS
 HEATING
  YESTERDAY        0                         1     -1        0
  MONTH TO DATE    0                         7     -7        1
  SINCE SEP 1      0                         7     -7        1
  SINCE JUL 1      0                         7     -7        1

 COOLING
  YESTERDAY       12                         7      5       10
  MONTH TO DATE  418                       279    139      339
  SINCE SEP 1    418                       279    139      339
  SINCE JAN 1   2365                      2021    344     2188
..................................................................


WIND (MPH)
  HIGHEST WIND SPEED    16   HIGHEST WIND DIRECTION    NE (30)
  HIGHEST GUST SPEED    21   HIGHEST GUST DIRECTION     N (350)
  AVERAGE WIND SPEED     6.9


SKY COVER
  POSSIBLE SUNSHINE  MM
  AVERAGE SKY COVER 0.3


WEATHER CONDITIONS
 THE FOLLOWING WEATHER WAS RECORDED YESTERDAY.
  FOG


RELATIVE HUMIDITY (PERCENT)
 HIGHEST    90           200 AM
 LOWEST     51           200 PM
 AVERAGE    71

..........................................................


THE GREENWOOD CLIMATE NORMALS FOR TODAY
                         NORMAL    RECORD    YEAR
 MAXIMUM TEMPERATURE (F)   83        96      1955
                                             1954
 MINIMUM TEMPERATURE (F)   58        39      2000


SUNRISE AND SUNSET
SEPTEMBER 27 2016.....SUNRISE   652 AM CDT   SUNSET   649 PM CDT
SEPTEMBER 28 2016.....SUNRISE   653 AM CDT   SUNSET   648 PM CDT


-  INDICATES NEGATIVE NUMBERS.
R  INDICATES RECORD WAS SET OR TIED.
MM INDICATES DATA IS MISSING.
T  INDICATES TRACE AMOUNT.




$$
