000
CDUS41 KGYX 020729
CLIGYX


CLIMATE REPORT
NATIONAL WEATHER SERVICE GRAY ME
329 AM EDT TUE JUN 2 2015


...................................

...THE GRAY ME CLIMATE SUMMARY FOR JUNE 1 2015...

CLIMATE NORMAL PERIOD 1981 TO 2010
CLIMATE RECORD PERIOD 1995 TO 2015


WEATHER ITEM   OBSERVED TIME   RECORD YEAR NORMAL DEPARTURE LAST
                VALUE   (LST)  VALUE       VALUE  FROM      YEAR
                                                  NORMAL
..................................................................
TEMPERATURE (F)
 YESTERDAY
  MAXIMUM         47        MM  MM      MM  70    -23       73
  MINIMUM         44        MM  37    2009  49     -5       46
  AVERAGE         46                        60    -14       60

PRECIPITATION (IN)
  YESTERDAY        1.36         MM      MM   0.15   1.21     0.00
  MONTH TO DATE    1.36                      0.15   1.21     0.00
  SINCE JUN 1      1.36                      0.15   1.21     0.00
  SINCE JAN 1     14.41                     19.44  -5.03    18.35

SNOWFALL (IN)
  YESTERDAY        0.0          MM      MM   0.0    0.0      0.0
  MONTH TO DATE    0.0                       0.0    0.0      0.0
  SINCE JUN 1      0.0                       0.0    0.0      0.0
  SINCE JUL 1    107.3                      83.8   23.5     83.0
  SNOW DEPTH       0

DEGREE DAYS
 HEATING
  YESTERDAY       19                         6     13        5
  MONTH TO DATE   19                         6     13        5
  SINCE JUN 1     19                         6     13        5
  SINCE JUL 1   7453                      7104    349     7623

 COOLING
  YESTERDAY        0                         1     -1        0
  MONTH TO DATE    0                         1     -1        0
  SINCE JUN 1      0                         1     -1        0
  SINCE JAN 1     40                        12     28        1
..................................................................







THE GRAY ME CLIMATE NORMALS FOR TODAY
                         NORMAL
 MAXIMUM TEMPERATURE (F)   70
 MINIMUM TEMPERATURE (F)   50


SUNRISE AND SUNSET
JUNE  2 2015..........SUNRISE   501 AM EDT   SUNSET   817 PM EDT
JUNE  3 2015..........SUNRISE   501 AM EDT   SUNSET   818 PM EDT


-  INDICATES NEGATIVE NUMBERS.
R  INDICATES RECORD WAS SET OR TIED.
MM INDICATES DATA IS MISSING.
T  INDICATES TRACE AMOUNT.




$$
