000
CDUS41 KGYX 220910
CLIGYX


CLIMATE REPORT
NATIONAL WEATHER SERVICE GRAY ME
410 AM EST MON JAN 22 2018


...................................

...THE GRAY ME CLIMATE SUMMARY FOR JANUARY 21 2018...

CLIMATE NORMAL PERIOD 1981 TO 2010
CLIMATE RECORD PERIOD 1995 TO 2018


WEATHER ITEM   OBSERVED TIME   RECORD YEAR NORMAL DEPARTURE LAST
                VALUE   (LST)  VALUE       VALUE  FROM      YEAR
                                                  NORMAL
..................................................................
TEMPERATURE (F)
 YESTERDAY
  MAXIMUM         43        MM  MM      MM  29     14       44
  MINIMUM         31        MM  MM      MM  12     19       33
  AVERAGE         37                        20     17       39

PRECIPITATION (IN)
  YESTERDAY        0.00         MM      MM   0.12  -0.12     0.00
  MONTH TO DATE    2.72                      2.42   0.30     1.53
  SINCE DEC 1      6.19                      6.48  -0.29     6.35
  SINCE JAN 1      2.72                      2.42   0.30     1.53

SNOWFALL (IN)
  YESTERDAY        0.0          MM      MM   0.6   -0.6      0.0
  MONTH TO DATE   18.6                      14.6    4.0      6.5
  SINCE DEC 1     42.2                      32.9    9.3     42.0
  SINCE JUL 1     43.4                      36.0    7.4     43.3
  SNOW DEPTH      10

DEGREE DAYS
 HEATING
  YESTERDAY       28                        45    -17       26
  MONTH TO DATE  912                       923    -11      810
  SINCE DEC 1   2266                      2092    174     2031
  SINCE JUL 1   3459                      3589   -130     3310

 COOLING
  YESTERDAY        0                         0      0        0
  MONTH TO DATE    0                         0      0        0
  SINCE DEC 1      0                         0      0        0
  SINCE JAN 1      0                         0      0        0
..................................................................







THE GRAY ME CLIMATE NORMALS FOR TODAY
                         NORMAL
 MAXIMUM TEMPERATURE (F)   29
 MINIMUM TEMPERATURE (F)   12


SUNRISE AND SUNSET
JANUARY 22 2018.......SUNRISE   708 AM EST   SUNSET   438 PM EST
JANUARY 23 2018.......SUNRISE   707 AM EST   SUNSET   439 PM EST


-  INDICATES NEGATIVE NUMBERS.
R  INDICATES RECORD WAS SET OR TIED.
MM INDICATES DATA IS MISSING.
T  INDICATES TRACE AMOUNT.




$$
