000
CDUS41 KGYX 300803
CLIGYX


CLIMATE REPORT
NATIONAL WEATHER SERVICE GRAY ME
403 AM EDT SUN AUG 30 2015


...................................

...THE GRAY ME CLIMATE SUMMARY FOR AUGUST 29 2015...

CLIMATE NORMAL PERIOD 1981 TO 2010
CLIMATE RECORD PERIOD 1995 TO 2015


WEATHER ITEM   OBSERVED TIME   RECORD YEAR NORMAL DEPARTURE LAST
                VALUE   (LST)  VALUE       VALUE  FROM      YEAR
                                                  NORMAL
..................................................................
TEMPERATURE (F)
 YESTERDAY
  MAXIMUM         75        MM  MM      MM  76     -1       72
  MINIMUM         57        MM  MM      MM  57      0       55
  AVERAGE         66                        67     -1       64

PRECIPITATION (IN)
  YESTERDAY        0.00         MM      MM   0.12  -0.12     0.00
  MONTH TO DATE    3.92                      3.35   0.57     6.80
  SINCE JUN 1     12.32                     11.95   0.37    16.78
  SINCE JAN 1     25.37                     31.24  -5.87    35.13

SNOWFALL (IN)
  YESTERDAY        0.0          MM      MM   0.0    0.0      0.0
  MONTH TO DATE    0.0                       0.0    0.0      0.0
  SINCE JUN 1      0.0                       0.0    0.0      0.0
  SINCE JUL 1      0.0                       0.0    0.0      0.0
  SNOW DEPTH       0

DEGREE DAYS
 HEATING
  YESTERDAY        0                         1     -1        1
  MONTH TO DATE    3                        17    -14       12
  SINCE JUN 1    173                       125     48       86
  SINCE JUL 1     16                        31    -15       12

 COOLING
  YESTERDAY        1                         3     -2        0
  MONTH TO DATE  154                       128     26       78
  SINCE JUN 1    320                       343    -23      305
  SINCE JAN 1    360                       354      6      306
..................................................................







THE GRAY ME CLIMATE NORMALS FOR TODAY
                         NORMAL
 MAXIMUM TEMPERATURE (F)   76
 MINIMUM TEMPERATURE (F)   57


SUNRISE AND SUNSET
AUGUST 30 2015........SUNRISE   602 AM EDT   SUNSET   721 PM EDT
AUGUST 31 2015........SUNRISE   603 AM EDT   SUNSET   719 PM EDT


-  INDICATES NEGATIVE NUMBERS.
R  INDICATES RECORD WAS SET OR TIED.
MM INDICATES DATA IS MISSING.
T  INDICATES TRACE AMOUNT.




$$
