000
CDUS41 KGYX 200544
CLIGYX


CLIMATE REPORT
NATIONAL WEATHER SERVICE GRAY ME
144 AM EDT THU JUL 20 2017


...................................

...THE GRAY ME CLIMATE SUMMARY FOR JULY 19 2017...

CLIMATE NORMAL PERIOD 1981 TO 2010
CLIMATE RECORD PERIOD 1995 TO 2017


WEATHER ITEM   OBSERVED TIME   RECORD YEAR NORMAL DEPARTURE LAST
                VALUE   (LST)  VALUE       VALUE  FROM      YEAR
                                                  NORMAL
..................................................................
TEMPERATURE (F)
 YESTERDAY
  MAXIMUM         83        MM  MM      MM  80      3       76
  MINIMUM         67        MM  MM      MM  60      7       60
  AVERAGE         75                        70      5       68

PRECIPITATION (IN)
  YESTERDAY        0.01         MM      MM   0.13  -0.12     0.00
  MONTH TO DATE    0.92                      2.75  -1.83     2.65
  SINCE JUN 1      4.25                      7.05  -2.80     6.41
  SINCE JAN 1     24.79                     26.34  -1.55    24.04

SNOWFALL (IN)
  YESTERDAY        0.0          MM      MM   0.0    0.0      0.0
  MONTH TO DATE    0.0                       0.0    0.0      0.0
  SINCE JUN 1      0.0                       0.0    0.0      0.0
  SINCE JUL 1      0.0                       0.0    0.0      0.0
  SNOW DEPTH       0

DEGREE DAYS
 HEATING
  YESTERDAY        0                         0      0        0
  MONTH TO DATE    7                         7      0       18
  SINCE JUN 1     84                       101    -17       88
  SINCE JUL 1      7                         7      0       18

 COOLING
  YESTERDAY       10                         5      5        3
  MONTH TO DATE  108                        88     20      117
  SINCE JUN 1    213                       153     60      169
  SINCE JAN 1    234                       164     70      191
..................................................................







THE GRAY ME CLIMATE NORMALS FOR TODAY
                         NORMAL
 MAXIMUM TEMPERATURE (F)   80
 MINIMUM TEMPERATURE (F)   60


SUNRISE AND SUNSET
JULY 20 2017..........SUNRISE   517 AM EDT   SUNSET   817 PM EDT
JULY 21 2017..........SUNRISE   518 AM EDT   SUNSET   816 PM EDT


-  INDICATES NEGATIVE NUMBERS.
R  INDICATES RECORD WAS SET OR TIED.
MM INDICATES DATA IS MISSING.
T  INDICATES TRACE AMOUNT.




$$
