000
CDUS41 KGYX 260903
CLIGYX


CLIMATE REPORT
NATIONAL WEATHER SERVICE GRAY ME
403 AM EST WED NOV 26 2014


...................................

...THE GRAY ME CLIMATE SUMMARY FOR NOVEMBER 25 2014...

CLIMATE NORMAL PERIOD 1981 TO 2010
CLIMATE RECORD PERIOD 1995 TO 2014


WEATHER ITEM   OBSERVED NORMAL DEPARTURE LAST
                VALUE   VALUE  FROM      YEAR
                               NORMAL
...............................................
TEMPERATURE (F)
 YESTERDAY
  MAXIMUM         59     42     17       26
  MINIMUM         38     28     10       14
  AVERAGE         49     35     14       20

PRECIPITATION (IN)
  YESTERDAY        0.00   0.18  -0.18     0.00
  MONTH TO DATE    2.45   4.51  -2.06     1.21
  SINCE SEP 1      9.81  13.84  -4.03    10.25
  SINCE JAN 1     45.22  45.32  -0.10    37.54

SNOWFALL (IN)
  YESTERDAY        0.0    0.2   -0.2      0.0
  MONTH TO DATE    5.1    2.0    3.1      0.2
  SINCE SEP 1      5.1    2.1    3.0      0.2
  SINCE JUL 1      5.1    2.1    3.0      0.2
  SNOW DEPTH       0

DEGREE DAYS
 HEATING
  YESTERDAY       16     30    -14       45
  MONTH TO DATE  676    639     37      663
  SINCE SEP 1   1251   1303    -52     1266
  SINCE JUL 1   1265   1339    -74     1278

 COOLING
  YESTERDAY        0      0      0        0
  MONTH TO DATE    0      0      0        0
  SINCE SEP 1     57     30     27       38
  SINCE JAN 1    369    389    -20      486
...............................................





WEATHER CONDITIONS
 THE FOLLOWING WEATHER WAS RECORDED YESTERDAY.
  NO SIGNIFICANT WEATHER WAS OBSERVED.


..........................................................


THE GRAY ME CLIMATE NORMALS FOR TODAY
                         NORMAL
 MAXIMUM TEMPERATURE (F)   42
 MINIMUM TEMPERATURE (F)   27


SUNRISE AND SUNSET
NOVEMBER 26 2014......SUNRISE   649 AM EST   SUNSET   407 PM EST
NOVEMBER 27 2014......SUNRISE   651 AM EST   SUNSET   406 PM EST


-  INDICATES NEGATIVE NUMBERS.
R  INDICATES RECORD WAS SET OR TIED.
MM INDICATES DATA IS MISSING.
T  INDICATES TRACE AMOUNT.




$$
