000
CDUS41 KGYX 280803
CLIGYX


CLIMATE REPORT
NATIONAL WEATHER SERVICE GRAY ME
403 AM EDT THU APR 28 2016


...................................

...THE GRAY ME CLIMATE SUMMARY FOR APRIL 27 2016...

CLIMATE NORMAL PERIOD 1981 TO 2010
CLIMATE RECORD PERIOD 1995 TO 2016


WEATHER ITEM   OBSERVED TIME   RECORD YEAR NORMAL DEPARTURE LAST
                VALUE   (LST)  VALUE       VALUE  FROM      YEAR
                                                  NORMAL
..................................................................
TEMPERATURE (F)
 YESTERDAY
  MAXIMUM         54        MM  MM      MM  59     -5       54
  MINIMUM         29        MM  MM      MM  39    -10       40
  AVERAGE         42                        49     -7       47

PRECIPITATION (IN)
  YESTERDAY        0.00         MM      MM   0.14  -0.14     0.11
  MONTH TO DATE    2.81                      3.94  -1.13     3.49
  SINCE MAR 1      7.35                      8.11  -0.76     5.01
  SINCE JAN 1     15.61                     14.95   0.66    10.98

SNOWFALL (IN)
  YESTERDAY        0.0          MM      MM   0.0    0.0      0.0
  MONTH TO DATE    5.2                       4.7    0.5      3.0
  SINCE MAR 1     14.5                      24.6  -10.1      8.2
  SINCE JUL 1     51.8                      83.7  -31.9    107.3
  SNOW DEPTH       2

DEGREE DAYS
 HEATING
  YESTERDAY       23                        16      7       18
  MONTH TO DATE  602                       577     25      598
  SINCE MAR 1   1494                      1570    -76     1733
  SINCE JUL 1   6014                      6728   -714     7209

 COOLING
  YESTERDAY        0                         0      0        0
  MONTH TO DATE    0                         0      0        0
  SINCE MAR 1      0                         0      0        0
  SINCE JAN 1      0                         0      0        0
..................................................................







THE GRAY ME CLIMATE NORMALS FOR TODAY
                         NORMAL
 MAXIMUM TEMPERATURE (F)   59
 MINIMUM TEMPERATURE (F)   40


SUNRISE AND SUNSET
APRIL 28 2016.........SUNRISE   537 AM EDT   SUNSET   741 PM EDT
APRIL 29 2016.........SUNRISE   535 AM EDT   SUNSET   742 PM EDT


-  INDICATES NEGATIVE NUMBERS.
R  INDICATES RECORD WAS SET OR TIED.
MM INDICATES DATA IS MISSING.
T  INDICATES TRACE AMOUNT.




$$
