000
CDUS41 KGYX 241144
CLIGYX


CLIMATE REPORT
NATIONAL WEATHER SERVICE GRAY ME
644 AM EST WED DEC 24 2014


...................................

...THE GRAY ME CLIMATE SUMMARY FOR DECEMBER 23 2014...

CLIMATE NORMAL PERIOD 1981 TO 2010
CLIMATE RECORD PERIOD 1995 TO 2014


WEATHER ITEM   OBSERVED TIME   RECORD YEAR NORMAL DEPARTURE LAST
                VALUE   (LST)  VALUE       VALUE  FROM      YEAR
                                                  NORMAL
..................................................................
TEMPERATURE (F)
 YESTERDAY
  MAXIMUM         33        MM  MM      MM  33      0       32
  MINIMUM         31        MM  MM      MM  17     14       24
  AVERAGE         32                        25      7       28

PRECIPITATION (IN)
  YESTERDAY        0.29         MM      MM   0.12   0.17     0.27
  MONTH TO DATE    4.80                      3.11   1.69     2.89
  SINCE DEC 1      4.80                      3.11   1.69     2.89
  SINCE JAN 1     51.43                     49.27   2.16    43.47

SNOWFALL (IN)
  YESTERDAY        0.8          MM      MM   0.7    0.1      0.0
  MONTH TO DATE    6.5                      12.8   -6.3     19.8
  SINCE DEC 1      6.5                      12.8   -6.3     19.8
  SINCE JUL 1     21.5                      15.9    5.6     20.9
  SNOW DEPTH       T

DEGREE DAYS
 HEATING
  YESTERDAY       33                        40     -7       37
  MONTH TO DATE  825                       840    -15      953
  SINCE DEC 1    825                       840    -15      953
  SINCE JUL 1   2275                      2337    -62     2424

 COOLING
  YESTERDAY        0                         0      0        0
  MONTH TO DATE    0                         0      0        0
  SINCE DEC 1      0                         0      0        0
  SINCE JAN 1    369                       389    -20      486
..................................................................







THE GRAY ME CLIMATE NORMALS FOR TODAY
                         NORMAL
 MAXIMUM TEMPERATURE (F)   32
 MINIMUM TEMPERATURE (F)   17


SUNRISE AND SUNSET
DECEMBER 24 2014......SUNRISE   713 AM EST   SUNSET   408 PM EST
DECEMBER 25 2014......SUNRISE   714 AM EST   SUNSET   408 PM EST


-  INDICATES NEGATIVE NUMBERS.
R  INDICATES RECORD WAS SET OR TIED.
MM INDICATES DATA IS MISSING.
T  INDICATES TRACE AMOUNT.




$$
