000
CDUS41 KGYX 290806
CLIGYX


CLIMATE REPORT
NATIONAL WEATHER SERVICE GRAY ME
406 AM EDT MON AUG 29 2016


...................................

...THE GRAY ME CLIMATE SUMMARY FOR AUGUST 28 2016...

CLIMATE NORMAL PERIOD 1981 TO 2010
CLIMATE RECORD PERIOD 1995 TO 2016


WEATHER ITEM   OBSERVED TIME   RECORD YEAR NORMAL DEPARTURE LAST
                VALUE   (LST)  VALUE       VALUE  FROM      YEAR
                                                  NORMAL
..................................................................
TEMPERATURE (F)
 YESTERDAY
  MAXIMUM         78        MM  MM      MM  77      1       77
  MINIMUM         60        MM  MM      MM  57      3       59
  AVERAGE         69                        67      2       68

PRECIPITATION (IN)
  YESTERDAY        0.00         MM      MM   0.12  -0.12     0.00
  MONTH TO DATE    3.20                      3.23  -0.03     3.92
  SINCE JUN 1     11.43                     11.83  -0.40    12.32
  SINCE JAN 1     29.06                     31.12  -2.06    25.37

SNOWFALL (IN)
  YESTERDAY        0.0          MM      MM   0.0    0.0      0.0
  MONTH TO DATE    0.0                       0.0    0.0      0.0
  SINCE JUN 1      0.0                       0.0    0.0      0.0
  SINCE JUL 1      0.0                       0.0    0.0      0.0
  SNOW DEPTH       0

DEGREE DAYS
 HEATING
  YESTERDAY        0                         1     -1        0
  MONTH TO DATE    1                        16    -15        3
  SINCE JUN 1     89                       124    -35      173
  SINCE JUL 1     19                        30    -11       16

 COOLING
  YESTERDAY        4                         3      1        3
  MONTH TO DATE  216                       125     91      152
  SINCE JUN 1    495                       340    155      318
  SINCE JAN 1    517                       351    166      358
..................................................................







THE GRAY ME CLIMATE NORMALS FOR TODAY
                         NORMAL
 MAXIMUM TEMPERATURE (F)   76
 MINIMUM TEMPERATURE (F)   57


SUNRISE AND SUNSET
AUGUST 29 2016........SUNRISE   601 AM EDT   SUNSET   721 PM EDT
AUGUST 30 2016........SUNRISE   603 AM EDT   SUNSET   719 PM EDT


-  INDICATES NEGATIVE NUMBERS.
R  INDICATES RECORD WAS SET OR TIED.
MM INDICATES DATA IS MISSING.
T  INDICATES TRACE AMOUNT.




$$
