000
CDUS41 KGYX 190912
CLIGYX


CLIMATE REPORT
NATIONAL WEATHER SERVICE GRAY ME
412 AM EST SUN NOV 19 2017


...................................

...THE GRAY ME CLIMATE SUMMARY FOR NOVEMBER 18 2017...

CLIMATE NORMAL PERIOD 1981 TO 2010
CLIMATE RECORD PERIOD 1995 TO 2017


WEATHER ITEM   OBSERVED TIME   RECORD YEAR NORMAL DEPARTURE LAST
                VALUE   (LST)  VALUE       VALUE  FROM      YEAR
                                                  NORMAL
..................................................................
TEMPERATURE (F)
 YESTERDAY
  MAXIMUM         38        MM  MM      MM  45     -7       59
  MINIMUM         22        MM  MM      MM  30     -8       37
  AVERAGE         30                        38     -8       48

PRECIPITATION (IN)
  YESTERDAY        0.18         MM      MM   0.19  -0.01     0.00
  MONTH TO DATE    1.51                      3.28  -1.77     2.37
  SINCE SEP 1      9.74                     12.61  -2.87    11.25
  SINCE JAN 1     37.67                     44.09  -6.42    40.42

SNOWFALL (IN)
  YESTERDAY        T            MM      MM   0.1   -0.1      0.0
  MONTH TO DATE    1.2                       1.0    0.2       T
  SINCE SEP 1      1.2                       1.1    0.1       T
  SINCE JUL 1      1.2                       1.1    0.1       T
  SNOW DEPTH       0

DEGREE DAYS
 HEATING
  YESTERDAY       35                        27      8       17
  MONTH TO DATE  447                       436     11      378
  SINCE SEP 1    767                      1100   -333      901
  SINCE JUL 1    798                      1136   -338      920

 COOLING
  YESTERDAY        0                         0      0        0
  MONTH TO DATE    0                         0      0        0
  SINCE SEP 1     93                        30     63       80
  SINCE JAN 1    531                       389    142      607
..................................................................







THE GRAY ME CLIMATE NORMALS FOR TODAY
                         NORMAL
 MAXIMUM TEMPERATURE (F)   44
 MINIMUM TEMPERATURE (F)   30


SUNRISE AND SUNSET
NOVEMBER 19 2017......SUNRISE   641 AM EST   SUNSET   411 PM EST
NOVEMBER 20 2017......SUNRISE   642 AM EST   SUNSET   411 PM EST


-  INDICATES NEGATIVE NUMBERS.
R  INDICATES RECORD WAS SET OR TIED.
MM INDICATES DATA IS MISSING.
T  INDICATES TRACE AMOUNT.




$$
