000
CDUS44 KJAN 130629
CLIHBG


CLIMATE REPORT
NATIONAL WEATHER SERVICE JACKSON MS
1227 AM CST WED DEC 13 2017


...................................

...THE HATTIESBURG CLIMATE SUMMARY FOR DECEMBER 12 2017...

CLIMATE NORMAL PERIOD 1981 TO 2010
CLIMATE RECORD PERIOD 1948 TO 2017


WEATHER ITEM   OBSERVED TIME   RECORD YEAR NORMAL DEPARTURE LAST
                VALUE   (LST)  VALUE       VALUE  FROM      YEAR
                                                  NORMAL
..................................................................
TEMPERATURE (F)
 YESTERDAY
  MAXIMUM         60    306 PM  81    1949  62     -2       79
  MINIMUM         33   1158 PM  16    1962  40     -7       55
  AVERAGE         47                        51     -4       67

PRECIPITATION (IN)
  YESTERDAY        0.00          3.18 2009   0.17  -0.17     0.38
  MONTH TO DATE    1.74                      1.94  -0.20     1.47
  SINCE DEC 1      1.74                      1.94  -0.20     1.47
  SINCE JAN 1     64.08                     56.20   7.88    58.32

SNOWFALL (IN)
  YESTERDAY        0.0

DEGREE DAYS
 HEATING
  YESTERDAY       18                        15      3        0
  MONTH TO DATE  189                       162     27      157
  SINCE DEC 1    189                       162     27      157
  SINCE JUL 1    494                       490      4      353

 COOLING
  YESTERDAY        0                         1     -1        2
  MONTH TO DATE    0                        12    -12        2
  SINCE DEC 1      0                        12    -12        2
  SINCE JAN 1   2544                      2402    142     2812
..................................................................


WIND (MPH)
  HIGHEST WIND SPEED    20   HIGHEST WIND DIRECTION     N (360)
  HIGHEST GUST SPEED    30   HIGHEST GUST DIRECTION     N (350)
  AVERAGE WIND SPEED     7.7


SKY COVER
  POSSIBLE SUNSHINE  MM
  AVERAGE SKY COVER 0.0


WEATHER CONDITIONS
 THE FOLLOWING WEATHER WAS RECORDED YESTERDAY.
  NO SIGNIFICANT WEATHER WAS OBSERVED.


RELATIVE HUMIDITY (PERCENT)
 HIGHEST    92          1000 PM
 LOWEST     36           300 PM
 AVERAGE    64

..........................................................


THE HATTIESBURG CLIMATE NORMALS FOR TODAY
                         NORMAL    RECORD    YEAR
 MAXIMUM TEMPERATURE (F)   62        81      2015
 MINIMUM TEMPERATURE (F)   40         7      1962


SUNRISE AND SUNSET
DECEMBER 13 2017......SUNRISE   647 AM CST   SUNSET   456 PM CST
DECEMBER 14 2017......SUNRISE   648 AM CST   SUNSET   456 PM CST


-  INDICATES NEGATIVE NUMBERS.
R  INDICATES RECORD WAS SET OR TIED.
MM INDICATES DATA IS MISSING.
T  INDICATES TRACE AMOUNT.




$$
