000
CDUS44 KJAN 020844
CLIHBG


CLIMATE REPORT
NATIONAL WEATHER SERVICE JACKSON MS
338 AM CDT THU JUL 2 2015


...................................

...THE HATTIESBURG CLIMATE SUMMARY FOR JULY 1 2015...

CLIMATE NORMAL PERIOD 1981 TO 2010
CLIMATE RECORD PERIOD 1948 TO 2015


WEATHER ITEM   OBSERVED TIME   RECORD YEAR NORMAL DEPARTURE LAST
                VALUE   (LST)  VALUE       VALUE  FROM      YEAR
                                                  NORMAL
..................................................................
TEMPERATURE (F)
 YESTERDAY
  MAXIMUM         92    237 PM 103    2009  91      1       93
  MINIMUM         70    249 AM  60    1950  71     -1       76
  AVERAGE         81                        81      0       85

PRECIPITATION (IN)
  YESTERDAY        0.83R         0.82 2005   0.18   0.65     0.00
  MONTH TO DATE    0.83                      0.18   0.65     0.00
  SINCE JUN 1      5.56                      5.68  -0.12     4.94
  SINCE JAN 1     29.38                     32.22  -2.84    33.42

SNOWFALL (IN)
  YESTERDAY        0.0

DEGREE DAYS
 HEATING
  YESTERDAY        0                         0      0        0
  MONTH TO DATE    0                         0      0        0
  SINCE JUN 1      0                         0      0        0
  SINCE JUL 1      0                         0      0        0

 COOLING
  YESTERDAY       16                        16      0       20
  MONTH TO DATE   16                        16      0       20
  SINCE JUN 1    495                       439     56      487
  SINCE JAN 1   1072                       854    218      863
..................................................................


WIND (MPH)
  HIGHEST WIND SPEED    28   HIGHEST WIND DIRECTION    SW (230)
  HIGHEST GUST SPEED    38   HIGHEST GUST DIRECTION     W (250)
  AVERAGE WIND SPEED     4.6


SKY COVER
  POSSIBLE SUNSHINE  MM
  AVERAGE SKY COVER 0.2


WEATHER CONDITIONS
 THE FOLLOWING WEATHER WAS RECORDED YESTERDAY.
  THUNDERSTORM
  HEAVY RAIN
  LIGHT RAIN
  FOG


RELATIVE HUMIDITY (PERCENT)
 HIGHEST    93           600 AM
 LOWEST     49           100 PM
 AVERAGE    71

..........................................................


THE HATTIESBURG CLIMATE NORMALS FOR TODAY
                         NORMAL    RECORD    YEAR
 MAXIMUM TEMPERATURE (F)   91       104      2009
 MINIMUM TEMPERATURE (F)   71        63      2008
                                             1958


SUNRISE AND SUNSET
JULY  2 2015..........SUNRISE   557 AM CDT   SUNSET   805 PM CDT
JULY  3 2015..........SUNRISE   557 AM CDT   SUNSET   805 PM CDT


-  INDICATES NEGATIVE NUMBERS.
R  INDICATES RECORD WAS SET OR TIED.
MM INDICATES DATA IS MISSING.
T  INDICATES TRACE AMOUNT.




$$
