000
CDUS44 KJAN 260710
CLIHBG


CLIMATE REPORT
NATIONAL WEATHER SERVICE JACKSON MS
208 AM CDT MON JUN 26 2017


...................................

...THE HATTIESBURG CLIMATE SUMMARY FOR JUNE 25 2017...

CLIMATE NORMAL PERIOD 1981 TO 2010
CLIMATE RECORD PERIOD 1948 TO 2017


WEATHER ITEM   OBSERVED TIME   RECORD YEAR NORMAL DEPARTURE LAST
                VALUE   (LST)  VALUE       VALUE  FROM      YEAR
                                                  NORMAL
..................................................................
TEMPERATURE (F)
 YESTERDAY
  MAXIMUM         88    330 PM 100    2009  91     -3       97
  MINIMUM         66   1127 PM  56    1974  70     -4       74
  AVERAGE         77                        80     -3       86

PRECIPITATION (IN)
  YESTERDAY        0.00          1.38 1954   0.24  -0.24     0.00
  MONTH TO DATE    9.59                      4.37   5.22     5.90
  SINCE JUN 1      9.59                      4.37   5.22     5.90
  SINCE JAN 1     40.02                     30.91   9.11    37.06

SNOWFALL (IN)
  YESTERDAY        0.0

DEGREE DAYS
 HEATING
  YESTERDAY        0                         0      0        0
  MONTH TO DATE    0                         0      0        0
  SINCE JUN 1      0                         0      0        0
  SINCE JUL 1   1157                      1985   -828     1383

 COOLING
  YESTERDAY       12                        15     -3       21
  MONTH TO DATE  321                       343    -22      411
  SINCE JUN 1    321                       343    -22      411
  SINCE JAN 1    842                       758     84      875
..................................................................


WIND (MPH)
  HIGHEST WIND SPEED    14   HIGHEST WIND DIRECTION     N (360)
  HIGHEST GUST SPEED    19   HIGHEST GUST DIRECTION     N (20)
  AVERAGE WIND SPEED     5.8


SKY COVER
  POSSIBLE SUNSHINE  MM
  AVERAGE SKY COVER 0.2


WEATHER CONDITIONS
 THE FOLLOWING WEATHER WAS RECORDED YESTERDAY.
  NO SIGNIFICANT WEATHER WAS OBSERVED.


RELATIVE HUMIDITY (PERCENT)
 HIGHEST    94           100 AM
 LOWEST     40           400 PM
 AVERAGE    67

..........................................................


THE HATTIESBURG CLIMATE NORMALS FOR TODAY
                         NORMAL    RECORD    YEAR
 MAXIMUM TEMPERATURE (F)   91        99      2016
                                             2000
 MINIMUM TEMPERATURE (F)   70        57      1974


SUNRISE AND SUNSET
JUNE 26 2017..........SUNRISE   555 AM CDT   SUNSET   805 PM CDT
JUNE 27 2017..........SUNRISE   555 AM CDT   SUNSET   805 PM CDT


-  INDICATES NEGATIVE NUMBERS.
R  INDICATES RECORD WAS SET OR TIED.
MM INDICATES DATA IS MISSING.
T  INDICATES TRACE AMOUNT.




$$
