000
CDUS44 KJAN 100657
CLIHBG


CLIMATE REPORT
NATIONAL WEATHER SERVICE JACKSON MS
1251 AM CST SAT DEC 10 2016


...................................

...THE HATTIESBURG CLIMATE SUMMARY FOR DECEMBER 9 2016...

CLIMATE NORMAL PERIOD 1981 TO 2010
CLIMATE RECORD PERIOD 1948 TO 2016


WEATHER ITEM   OBSERVED TIME   RECORD YEAR NORMAL DEPARTURE LAST
                VALUE   (LST)  VALUE       VALUE  FROM      YEAR
                                                  NORMAL
..................................................................
TEMPERATURE (F)
 YESTERDAY
  MAXIMUM         50    328 PM  81    2007  63    -13       74
                                      1966
  MINIMUM         29   1159 PM  19    2010  40    -11       42
  AVERAGE         40                        52    -12       58

PRECIPITATION (IN)
  YESTERDAY        0.00          1.58 1953   0.16  -0.16     0.00
  MONTH TO DATE    1.09                      1.42  -0.33     0.72
  SINCE DEC 1      1.09                      1.42  -0.33     0.72
  SINCE JAN 1     57.94                     55.68   2.26    52.23

SNOWFALL (IN)
  YESTERDAY        0.0

DEGREE DAYS
 HEATING
  YESTERDAY       25                        14     11        7
  MONTH TO DATE  115                       119     -4       99
  SINCE DEC 1    115                       119     -4       99
  SINCE JUL 1    311                       447   -136      277

 COOLING
  YESTERDAY        0                         1     -1        0
  MONTH TO DATE    0                         9     -9        3
  SINCE DEC 1      0                         9     -9        3
  SINCE JAN 1   2810                      2399    411     2857
..................................................................


WIND (MPH)
  HIGHEST WIND SPEED    17   HIGHEST WIND DIRECTION    NE (30)
  HIGHEST GUST SPEED    22   HIGHEST GUST DIRECTION     N (350)
  AVERAGE WIND SPEED     7.8


SKY COVER
  POSSIBLE SUNSHINE  MM
  AVERAGE SKY COVER 0.1


WEATHER CONDITIONS
 THE FOLLOWING WEATHER WAS RECORDED YESTERDAY.
  NO SIGNIFICANT WEATHER WAS OBSERVED.


RELATIVE HUMIDITY (PERCENT)
 HIGHEST    78          1000 PM
 LOWEST     21           300 PM
 AVERAGE    50

..........................................................


THE HATTIESBURG CLIMATE NORMALS FOR TODAY
                         NORMAL    RECORD    YEAR
 MAXIMUM TEMPERATURE (F)   62        82      2007
 MINIMUM TEMPERATURE (F)   40        19      1995


SUNRISE AND SUNSET
DECEMBER 10 2016......SUNRISE   645 AM CST   SUNSET   455 PM CST
DECEMBER 11 2016......SUNRISE   646 AM CST   SUNSET   455 PM CST


-  INDICATES NEGATIVE NUMBERS.
R  INDICATES RECORD WAS SET OR TIED.
MM INDICATES DATA IS MISSING.
T  INDICATES TRACE AMOUNT.




$$
