000
CDUS44 KJAN 162206
CLIHBG


CLIMATE REPORT
NATIONAL WEATHER SERVICE JACKSON MS
505 PM CDT MON OCT 16 2017


...................................

...THE HATTIESBURG CLIMATE SUMMARY FOR OCTOBER 16 2017...
VALID AS OF 0500 PM LOCAL TIME.

CLIMATE NORMAL PERIOD 1981 TO 2010
CLIMATE RECORD PERIOD 1948 TO 2017


WEATHER ITEM   OBSERVED TIME   RECORD YEAR NORMAL DEPARTURE LAST
                VALUE   (LST)  VALUE       VALUE  FROM      YEAR
                                                  NORMAL
..................................................................
TEMPERATURE (F)
 TODAY
  MAXIMUM         74    245 PM  92    2015  80     -6       89
  MINIMUM         58    811 AM  37    1987  54      4       61
  AVERAGE         66                        67     -1       75

PRECIPITATION (IN)
  TODAY            T             2.44 1985   0.12  -0.12     0.00
  MONTH TO DATE    1.14                      1.99  -0.85      T
  SINCE SEP 1      3.31                      6.07  -2.76     4.09
  SINCE JAN 1     59.73                     48.23  11.50    55.10

SNOWFALL (IN)
  TODAY            0.0

DEGREE DAYS
 HEATING
  TODAY            0                         2     -2        0
  MONTH TO DATE    0                        20    -20        0
  SINCE SEP 1      0                        22    -22        0
  SINCE JUL 1      0                        22    -22        0

 COOLING
  TODAY            1                         4     -3       10
  MONTH TO DATE  182                        89     93      111
  SINCE SEP 1    536                       445     91      584
  SINCE JAN 1   2481                      2316    165     2698
..................................................................


WIND (MPH)
  HIGHEST WIND SPEED    18   HIGHEST WIND DIRECTION     N (20)
  HIGHEST GUST SPEED    24   HIGHEST GUST DIRECTION     N (20)
  AVERAGE WIND SPEED    12.1


SKY COVER
  POSSIBLE SUNSHINE  MM
  AVERAGE SKY COVER 0.5


WEATHER CONDITIONS
 THE FOLLOWING WEATHER WAS RECORDED TODAY.
  LIGHT RAIN


RELATIVE HUMIDITY (PERCENT)
 HIGHEST    93          1200 AM
 LOWEST     35           100 PM
 AVERAGE    64

..........................................................


THE HATTIESBURG CLIMATE NORMALS FOR TOMORROW
                         NORMAL    RECORD    YEAR
 MAXIMUM TEMPERATURE (F)   79        91      2007
 MINIMUM TEMPERATURE (F)   54        35      1977


SUNRISE AND SUNSET
OCTOBER 16 2017.......SUNRISE   701 AM CDT   SUNSET   624 PM CDT
OCTOBER 17 2017.......SUNRISE   701 AM CDT   SUNSET   623 PM CDT


-  INDICATES NEGATIVE NUMBERS.
R  INDICATES RECORD WAS SET OR TIED.
MM INDICATES DATA IS MISSING.
T  INDICATES TRACE AMOUNT.




$$
