000
CDUS44 KJAN 100743
CLIHBG


CLIMATE REPORT
NATIONAL WEATHER SERVICE JACKSON MS
242 AM CDT THU JUL 10 2014


...................................

...THE HATTIESBURG CLIMATE SUMMARY FOR JULY 9 2014...

CLIMATE NORMAL PERIOD 1981 TO 2010
CLIMATE RECORD PERIOD 1948 TO 2014


WEATHER ITEM   OBSERVED TIME   RECORD YEAR NORMAL DEPARTURE LAST
                VALUE   (LST)  VALUE       VALUE  FROM      YEAR
                                                  NORMAL
..................................................................
TEMPERATURE (F)
 YESTERDAY
  MAXIMUM         88   1102 AM 101    2000  92     -4       90
  MINIMUM         72    459 AM  65    1972  72      0       71
                                      1950
  AVERAGE         80                        82     -2       81

PRECIPITATION (IN)
  YESTERDAY        0.05          3.42 1982   0.20  -0.15      T
  MONTH TO DATE    0.07                      1.76  -1.69     1.20
  SINCE JUN 1      5.01                      7.26  -2.25     6.28
  SINCE JAN 1     33.49                     33.80  -0.31    43.49

SNOWFALL (IN)
  YESTERDAY        0.0

DEGREE DAYS
 HEATING
  YESTERDAY        0                         0      0        0
  MONTH TO DATE    0                         0      0        0
  SINCE JUN 1      0                         0      0        0
  SINCE JUL 1      0                         0      0        0

 COOLING
  YESTERDAY       15                        17     -2       16
  MONTH TO DATE  138                       148    -10      120
  SINCE JUN 1    605                       571     34      590
  SINCE JAN 1    981                       986     -5      932
..................................................................


WIND (MPH)
  HIGHEST WIND SPEED    18   HIGHEST WIND DIRECTION     W (290)
  HIGHEST GUST SPEED    24   HIGHEST GUST DIRECTION     W (280)
  AVERAGE WIND SPEED     5.0


SKY COVER
  POSSIBLE SUNSHINE  MM
  AVERAGE SKY COVER 0.2


WEATHER CONDITIONS
 THE FOLLOWING WEATHER WAS RECORDED YESTERDAY.
  THUNDERSTORM
  RAIN
  HAZE


RELATIVE HUMIDITY (PERCENT)
 HIGHEST    93           300 AM
 LOWEST     55           300 PM
 AVERAGE    74

..........................................................


THE HATTIESBURG CLIMATE NORMALS FOR TODAY
                         NORMAL    RECORD    YEAR
 MAXIMUM TEMPERATURE (F)   92       100      1966
 MINIMUM TEMPERATURE (F)   72        63      1983
                                             1951


SUNRISE AND SUNSET
JULY 10 2014..........SUNRISE   601 AM CDT   SUNSET   804 PM CDT
JULY 11 2014..........SUNRISE   601 AM CDT   SUNSET   804 PM CDT


-  INDICATES NEGATIVE NUMBERS.
R  INDICATES RECORD WAS SET OR TIED.
MM INDICATES DATA IS MISSING.
T  INDICATES TRACE AMOUNT.




$$
