000
CDUS44 KJAN 242215
CLIHBG


CLIMATE REPORT
NATIONAL WEATHER SERVICE JACKSON MS
514 PM CDT FRI MAR 24 2017


...................................

...THE HATTIESBURG CLIMATE SUMMARY FOR MARCH 24 2017...
VALID TODAY AS OF 0500 PM LOCAL TIME.

CLIMATE NORMAL PERIOD 1981 TO 2010
CLIMATE RECORD PERIOD 1948 TO 2017


WEATHER ITEM   OBSERVED TIME   RECORD YEAR NORMAL DEPARTURE LAST
                VALUE   (LST)  VALUE       VALUE  FROM      YEAR
                                                  NORMAL
..................................................................
TEMPERATURE (F)
 TODAY
  MAXIMUM         79    200 PM  87    1995  73      6       72
  MINIMUM         67        MM  24    1968  48     19       61
  AVERAGE         73                        61     12       67

PRECIPITATION (IN)
  TODAY            0.00          2.85 1969   0.16  -0.16     0.12
  MONTH TO DATE    1.63                      4.23  -2.60    10.34
  SINCE MAR 1      1.63                      4.23  -2.60    10.34
  SINCE JAN 1     13.23                     15.36  -2.13    19.71

SNOWFALL (IN)
  TODAY            0.0

DEGREE DAYS
 HEATING
  TODAY            0                         6     -6        0
  MONTH TO DATE  142                       182    -40      103
  SINCE MAR 1    142                       182    -40      103
  SINCE JUL 1   1109                      1860   -751     1341

 COOLING
  TODAY            8                         1      7        2
  MONTH TO DATE   48                        24     24       53
  SINCE MAR 1     48                        24     24       53
  SINCE JAN 1    117                        39     78       78
..................................................................


WIND (MPH)
  HIGHEST WIND SPEED    22   HIGHEST WIND DIRECTION     S (160)
  HIGHEST GUST SPEED    35   HIGHEST GUST DIRECTION    SE (150)
  AVERAGE WIND SPEED    15.3


SKY COVER
  POSSIBLE SUNSHINE  MM
  AVERAGE SKY COVER 0.9


WEATHER CONDITIONS
 THE FOLLOWING WEATHER WAS RECORDED TODAY.
  NO SIGNIFICANT WEATHER WAS OBSERVED.


RELATIVE HUMIDITY (PERCENT)
 HIGHEST    81          1200 AM
 LOWEST     54           100 PM
 AVERAGE    68

..........................................................


THE HATTIESBURG CLIMATE NORMALS FOR TOMORROW
                         NORMAL    RECORD    YEAR
 MAXIMUM TEMPERATURE (F)   73        86      1965
 MINIMUM TEMPERATURE (F)   48        29      1968


SUNRISE AND SUNSET
MARCH 24 2017.........SUNRISE   655 AM CDT   SUNSET   711 PM CDT
MARCH 25 2017.........SUNRISE   654 AM CDT   SUNSET   712 PM CDT


-  INDICATES NEGATIVE NUMBERS.
R  INDICATES RECORD WAS SET OR TIED.
MM INDICATES DATA IS MISSING.
T  INDICATES TRACE AMOUNT.




$$
