000
CDUS44 KJAN 290725
CLIHBG


CLIMATE REPORT
NATIONAL WEATHER SERVICE JACKSON MS
221 AM CDT TUE JUL 29 2014


...................................

...THE HATTIESBURG CLIMATE SUMMARY FOR JULY 28 2014...

CLIMATE NORMAL PERIOD 1981 TO 2010
CLIMATE RECORD PERIOD 1948 TO 2014


WEATHER ITEM   OBSERVED TIME   RECORD YEAR NORMAL DEPARTURE LAST
                VALUE   (LST)  VALUE       VALUE  FROM      YEAR
                                                  NORMAL
..................................................................
TEMPERATURE (F)
 YESTERDAY
  MAXIMUM         94    353 PM 100    1952  93      1       87
  MINIMUM         76   1159 PM  64    1994  72      4       73
  AVERAGE         85                        82      3       80

PRECIPITATION (IN)
  YESTERDAY        0.00          2.70 1978   0.15  -0.15     0.00
  MONTH TO DATE    2.26                      4.93  -2.67     5.85
  SINCE JUN 1      7.20                     10.43  -3.23    10.93
  SINCE JAN 1     35.68                     36.97  -1.29    48.14

SNOWFALL (IN)
  YESTERDAY        0.0

DEGREE DAYS
 HEATING
  YESTERDAY        0                         0      0        0
  MONTH TO DATE    0                         0      0        0
  SINCE JUN 1      0                         0      0        0
  SINCE JUL 1      0                         0      0        0

 COOLING
  YESTERDAY       20                        17      3       15
  MONTH TO DATE  445                       471    -26      411
  SINCE JUN 1    912                       894     18      881
  SINCE JAN 1   1288                      1309    -21     1223
..................................................................


WIND (MPH)
  HIGHEST WIND SPEED    17   HIGHEST WIND DIRECTION     W (280)
  HIGHEST GUST SPEED    MM   HIGHEST GUST DIRECTION    MM
  AVERAGE WIND SPEED     9.2


SKY COVER
  POSSIBLE SUNSHINE  MM
  AVERAGE SKY COVER 0.1


WEATHER CONDITIONS
 THE FOLLOWING WEATHER WAS RECORDED YESTERDAY.
  NO SIGNIFICANT WEATHER WAS OBSERVED.


RELATIVE HUMIDITY (PERCENT)
 HIGHEST    91           400 AM
 LOWEST     52           200 PM
 AVERAGE    72

..........................................................


THE HATTIESBURG CLIMATE NORMALS FOR TODAY
                         NORMAL    RECORD    YEAR
 MAXIMUM TEMPERATURE (F)   93        99      1987
 MINIMUM TEMPERATURE (F)   72        64      1994


SUNRISE AND SUNSET
JULY 29 2014..........SUNRISE   612 AM CDT   SUNSET   755 PM CDT
JULY 30 2014..........SUNRISE   612 AM CDT   SUNSET   754 PM CDT


-  INDICATES NEGATIVE NUMBERS.
R  INDICATES RECORD WAS SET OR TIED.
MM INDICATES DATA IS MISSING.
T  INDICATES TRACE AMOUNT.




$$
