000
CDUS41 KLWX 230523
CLIHGR


CLIMATE REPORT
NATIONAL WEATHER SERVICE BALTIMORE MD/WASHINGTON DC
123 AM EDT MON OCT 23 2017


...................................

...THE HAGERSTOWN MD CLIMATE SUMMARY FOR OCTOBER 22 2017...

CLIMATE NORMAL PERIOD 1981 TO 2010
CLIMATE RECORD PERIOD 1998 TO 2017


WEATHER ITEM   OBSERVED TIME   RECORD YEAR NORMAL DEPARTURE LAST
                VALUE   (LST)  VALUE       VALUE  FROM      YEAR
                                                  NORMAL
..................................................................
TEMPERATURE (F)
 YESTERDAY
  MAXIMUM         76    253 PM  MM      MM  63     13       58
  MINIMUM         48    705 AM  MM      MM  42      6       48
  AVERAGE         62                        53      9       53

PRECIPITATION (IN)
  YESTERDAY        0.00         MM      MM   0.08  -0.08      T
  MONTH TO DATE    1.17                      2.19  -1.02     0.40
  SINCE SEP 1      2.62                      5.86  -3.24     2.89
  SINCE JAN 1     28.23                     32.49  -4.26    23.99

DEGREE DAYS
 HEATING
  YESTERDAY        3                        12     -9       12
  MONTH TO DATE   73                       204   -131      108
  SINCE SEP 1    112                       273   -161      121
  SINCE JUL 1    113                       278   -165      121

 COOLING
  YESTERDAY        0                         0      0        0
  MONTH TO DATE   74                         9     65       35
  SINCE SEP 1    232                       100    132      289
  SINCE JAN 1   1332                       968    364     1548
..................................................................


WIND (MPH)
  HIGHEST WIND SPEED    17   HIGHEST WIND DIRECTION     S (180)
  HIGHEST GUST SPEED    22   HIGHEST GUST DIRECTION    SE (140)
  AVERAGE WIND SPEED     6.4


SKY COVER
  POSSIBLE SUNSHINE  MM
  AVERAGE SKY COVER 0.0


WEATHER CONDITIONS
 THE FOLLOWING WEATHER WAS RECORDED YESTERDAY.
  NO SIGNIFICANT WEATHER WAS OBSERVED.


RELATIVE HUMIDITY (PERCENT)
 HIGHEST    86           700 AM
 LOWEST     46           200 PM
 AVERAGE    66

..........................................................


THE HAGERSTOWN MD CLIMATE NORMALS FOR TODAY
                         NORMAL    RECORD    YEAR
 MAXIMUM TEMPERATURE (F)   63        MM        MM
 MINIMUM TEMPERATURE (F)   42        MM        MM


SUNRISE AND SUNSET
OCTOBER 23 2017.......SUNRISE   730 AM EDT   SUNSET   620 PM EDT
OCTOBER 24 2017.......SUNRISE   731 AM EDT   SUNSET   619 PM EDT


-  INDICATES NEGATIVE NUMBERS.
R  INDICATES RECORD WAS SET OR TIED.
MM INDICATES DATA IS MISSING.
T  INDICATES TRACE AMOUNT.




$$
