000
CDUS41 KLWX 212131
CLIHGR


CLIMATE REPORT
NATIONAL WEATHER SERVICE BALTIMORE MD/WASHINGTON DC
531 PM EDT SUN SEP 21 2014


...................................

...THE HAGERSTOWN MD CLIMATE SUMMARY FOR SEPTEMBER 21 2014...
VALID TODAY AS OF 0500 PM LOCAL TIME.

CLIMATE NORMAL PERIOD 1981 TO 2010
CLIMATE RECORD PERIOD 9999 TO 9999


WEATHER ITEM   OBSERVED TIME   RECORD YEAR NORMAL DEPARTURE LAST
                VALUE   (LST)  VALUE       VALUE  FROM      YEAR
                                                  NORMAL
..................................................................
TEMPERATURE (F)
 TODAY
  MAXIMUM         83    230 PM  MM      MM  73     10       69
  MINIMUM         57    618 AM  MM      MM  54      3       58
  AVERAGE         70                        64      6       64

PRECIPITATION (IN)
  TODAY            0.12         MM      MM   0.13  -0.01     0.88
  MONTH TO DATE    1.29                      2.41  -1.12     3.21
  SINCE SEP 1      1.29                      2.41  -1.12     3.21
  SINCE JAN 1     28.20                     29.04  -0.84    22.36

DEGREE DAYS
 HEATING
  TODAY            0                         3     -3        1
  MONTH TO DATE   29                        27      2       37
  SINCE SEP 1     29                        27      2       37
  SINCE JUL 1     31                        32     -1       40

 COOLING
  TODAY            5                         2      3        0
  MONTH TO DATE  112                        80     32      104
  SINCE SEP 1    112                        80     32      104
  SINCE JAN 1    925                       948    -23     1089
..................................................................


WIND (MPH)
  HIGHEST WIND SPEED    13   HIGHEST WIND DIRECTION     S (190)
  HIGHEST GUST SPEED    17   HIGHEST GUST DIRECTION     S (180)
  AVERAGE WIND SPEED     5.2


SKY COVER
  POSSIBLE SUNSHINE  MM
  AVERAGE SKY COVER 0.1


WEATHER CONDITIONS
 THE FOLLOWING WEATHER WAS RECORDED TODAY.
  HEAVY RAIN
  LIGHT RAIN


RELATIVE HUMIDITY (PERCENT)
 HIGHEST    93           500 AM
 LOWEST     47           200 PM
 AVERAGE    70

..........................................................


THE HAGERSTOWN MD CLIMATE NORMALS FOR TOMORROW
                         NORMAL    RECORD    YEAR
 MAXIMUM TEMPERATURE (F)   73        MM        MM
 MINIMUM TEMPERATURE (F)   54        MM        MM


SUNRISE AND SUNSET
SEPTEMBER 21 2014.....SUNRISE   657 AM EDT   SUNSET   710 PM EDT
SEPTEMBER 22 2014.....SUNRISE   658 AM EDT   SUNSET   708 PM EDT


-  INDICATES NEGATIVE NUMBERS.
R  INDICATES RECORD WAS SET OR TIED.
MM INDICATES DATA IS MISSING.
T  INDICATES TRACE AMOUNT.




$$
