000
CDUS41 KLWX 080527
CLIHGR


CLIMATE REPORT
NATIONAL WEATHER SERVICE BALTIMORE MD/WASHINGTON DC
126 AM EDT WED JUL 8 2015


...................................

...THE HAGERSTOWN MD CLIMATE SUMMARY FOR JULY 7 2015...

CLIMATE NORMAL PERIOD 1981 TO 2010
CLIMATE RECORD PERIOD 9999 TO 9999


WEATHER ITEM   OBSERVED TIME   RECORD YEAR NORMAL DEPARTURE LAST
                VALUE   (LST)  VALUE       VALUE  FROM      YEAR
                                                  NORMAL
..................................................................
TEMPERATURE (F)
 YESTERDAY
  MAXIMUM         88    503 PM  MM      MM  85      3       91
  MINIMUM         70    541 AM  MM      MM  66      4       73
  AVERAGE         79                        76      3       82

PRECIPITATION (IN)
  YESTERDAY        0.00         MM      MM   0.08  -0.08     0.00
  MONTH TO DATE    0.28                      0.64  -0.36     1.59
  SINCE JUN 1      6.14                      4.52   1.62     6.45
  SINCE JAN 1     16.33                     20.72  -4.39    18.93

DEGREE DAYS
 HEATING
  YESTERDAY        0                         0      0        0
  MONTH TO DATE    0                         0      0        0
  SINCE JUN 1     14                        18     -4        0
  SINCE JUL 1      0                         0      0        0

 COOLING
  YESTERDAY       14                        10      4       17
  MONTH TO DATE   66                        70     -4       81
  SINCE JUN 1    324                       279     45      326
  SINCE JAN 1    525                       355    170      408
..................................................................


WIND (MPH)
  HIGHEST WIND SPEED    16   HIGHEST WIND DIRECTION     S (180)
  HIGHEST GUST SPEED    21   HIGHEST GUST DIRECTION     S (190)
  AVERAGE WIND SPEED     6.9


SKY COVER
  POSSIBLE SUNSHINE  MM
  AVERAGE SKY COVER 0.4


WEATHER CONDITIONS
 THE FOLLOWING WEATHER WAS RECORDED YESTERDAY.
  FOG
  FOG W/VISIBILITY <= 1/4 MILE
  HAZE


RELATIVE HUMIDITY (PERCENT)
 HIGHEST    93           100 AM
 LOWEST     50           200 PM
 AVERAGE    72

..........................................................


THE HAGERSTOWN MD CLIMATE NORMALS FOR TODAY
                         NORMAL    RECORD    YEAR
 MAXIMUM TEMPERATURE (F)   85        MM        MM
 MINIMUM TEMPERATURE (F)   66        MM        MM


SUNRISE AND SUNSET
JULY  8 2015..........SUNRISE   550 AM EDT   SUNSET   841 PM EDT
JULY  9 2015..........SUNRISE   551 AM EDT   SUNSET   841 PM EDT


-  INDICATES NEGATIVE NUMBERS.
R  INDICATES RECORD WAS SET OR TIED.
MM INDICATES DATA IS MISSING.
T  INDICATES TRACE AMOUNT.




$$
