000
CDUS41 KLWX 182130
CLIHGR


CLIMATE REPORT
NATIONAL WEATHER SERVICE BALTIMORE MD/WASHINGTON DC
529 PM EDT FRI APR 18 2014


...................................

...THE HAGERSTOWN MD CLIMATE SUMMARY FOR APRIL 18 2014...
VALID TODAY AS OF 0500 PM LOCAL TIME.

CLIMATE NORMAL PERIOD 1981 TO 2010
CLIMATE RECORD PERIOD 9999 TO 9999


WEATHER ITEM   OBSERVED TIME   RECORD YEAR NORMAL DEPARTURE LAST
                VALUE   (LST)  VALUE       VALUE  FROM      YEAR
                                                  NORMAL
..................................................................
TEMPERATURE (F)
 TODAY
  MAXIMUM         55    359 PM  MM      MM  64     -9       74
  MINIMUM         34    531 AM  MM      MM  44    -10       59
  AVERAGE         45                        54     -9       67

PRECIPITATION (IN)
  TODAY            0.00         MM      MM   0.12  -0.12     0.00
  MONTH TO DATE    1.09                      2.22  -1.13     0.75
  SINCE MAR 1      2.76                      5.60  -2.84     2.33
  SINCE JAN 1      6.54                     10.83  -4.29     6.56

DEGREE DAYS
 HEATING
  TODAY           20                        12      8        0
  MONTH TO DATE  248                       263    -15      196
  SINCE MAR 1   1107                       992    115     1001
  SINCE JUL 1   5122                      4895    227     4639

 COOLING
  TODAY            0                         0      0        2
  MONTH TO DATE   10                         0     10       26
  SINCE MAR 1     10                         1      9       26
  SINCE JAN 1     10                         1      9       26
..................................................................


WIND (MPH)
  HIGHEST WIND SPEED    13   HIGHEST WIND DIRECTION     S (170)
  HIGHEST GUST SPEED    16   HIGHEST GUST DIRECTION     S (170)
  AVERAGE WIND SPEED     4.5


SKY COVER
  POSSIBLE SUNSHINE  MM
  AVERAGE SKY COVER 0.0


WEATHER CONDITIONS
 THE FOLLOWING WEATHER WAS RECORDED TODAY.
  NO SIGNIFICANT WEATHER WAS OBSERVED.


RELATIVE HUMIDITY (PERCENT)
 HIGHEST    82           400 AM
 LOWEST     45           300 PM
 AVERAGE    64

..........................................................


THE HAGERSTOWN MD CLIMATE NORMALS FOR TOMORROW
                         NORMAL    RECORD    YEAR
 MAXIMUM TEMPERATURE (F)   64        MM        MM
 MINIMUM TEMPERATURE (F)   44        MM        MM


SUNRISE AND SUNSET
APRIL 18 2014.........SUNRISE   629 AM EDT   SUNSET   752 PM EDT
APRIL 19 2014.........SUNRISE   628 AM EDT   SUNSET   753 PM EDT


-  INDICATES NEGATIVE NUMBERS.
R  INDICATES RECORD WAS SET OR TIED.
MM INDICATES DATA IS MISSING.
T  INDICATES TRACE AMOUNT.




$$
