000
CDUS46 KPQR 281143
CLIHIO


CLIMATE REPORT
NATIONAL WEATHER SERVICE PORTLAND OREGON
442 AM PDT SAT MAY 28 2016


...................................

...THE HILLSBORO OR CLIMATE SUMMARY FOR MAY 27 2016...

CLIMATE NORMAL PERIOD 1981 TO 2010
CLIMATE RECORD PERIOD 1929 TO 2016


WEATHER ITEM   OBSERVED TIME   RECORD YEAR NORMAL DEPARTURE LAST
                VALUE   (LST)  VALUE       VALUE  FROM      YEAR
                                                  NORMAL
..................................................................
TEMPERATURE (F)
 YESTERDAY
  MAXIMUM         63    454 PM  94    2005  70     -7       79
  MINIMUM         48   1126 PM  33    1966  46      2       47
  AVERAGE         56                        58     -2       63

PRECIPITATION (IN)
  YESTERDAY        0.01          0.63 2006   0.07  -0.06
  MONTH TO DATE    0.80                      2.05  -1.25
  SINCE OCT 1     41.50                     35.65   5.85
  SINCE JAN 1     19.48                     19.26   0.22

SNOWFALL (IN)
  YESTERDAY       MM
  MONTH TO DATE    0.0
  SINCE MAR 1      0.0
  SINCE JUL 1      0.0
  SNOW DEPTH       0

DEGREE DAYS
 HEATING
  YESTERDAY        9                         7      2
  MONTH TO DATE  146                       259   -113
  SINCE JUL 1   3929                      4821   -892

 COOLING
  YESTERDAY        0                         0      0
  MONTH TO DATE    9                         0      9
  SINCE JAN 1     16                         0     16
..................................................................


WIND (MPH)
  HIGHEST WIND SPEED    14   HIGHEST WIND DIRECTION    NW (320)
  HIGHEST GUST SPEED    17   HIGHEST GUST DIRECTION    NW (320)
  AVERAGE WIND SPEED     5.4


SKY COVER
  POSSIBLE SUNSHINE  MM
  AVERAGE SKY COVER 0.9


WEATHER CONDITIONS
 THE FOLLOWING WEATHER WAS RECORDED YESTERDAY.
  LIGHT RAIN


RELATIVE HUMIDITY (PERCENT)
 HIGHEST    80           300 AM
 LOWEST     48           500 PM
 AVERAGE    64

..........................................................


THE HILLSBORO OR CLIMATE NORMALS FOR TODAY
                         NORMAL    RECORD    YEAR
 MAXIMUM TEMPERATURE (F)   70       100      1983
 MINIMUM TEMPERATURE (F)   46        34      1979


SUNRISE AND SUNSET
MAY 28 2016...........SUNRISE   528 AM PDT   SUNSET   850 PM PDT
MAY 29 2016...........SUNRISE   528 AM PDT   SUNSET   851 PM PDT


-  INDICATES NEGATIVE NUMBERS.
R  INDICATES RECORD WAS SET OR TIED.
MM INDICATES DATA IS MISSING.
T  INDICATES TRACE AMOUNT.




$$
