000
CDUS46 KPQR 121141
CLIHIO


CLIMATE REPORT
NATIONAL WEATHER SERVICE PORTLAND OREGON
341 AM PST TUE DEC 12 2017


...................................

...THE HILLSBORO OR CLIMATE SUMMARY FOR DECEMBER 11 2017...

CLIMATE NORMAL PERIOD 1981 TO 2010
CLIMATE RECORD PERIOD 1929 TO 2017


WEATHER ITEM   OBSERVED TIME   RECORD YEAR NORMAL DEPARTURE LAST
                VALUE   (LST)  VALUE       VALUE  FROM      YEAR
                                                  NORMAL
..................................................................
TEMPERATURE (F)
 YESTERDAY
  MAXIMUM         46    248 PM  61    2014  45      1       48
  MINIMUM         22    749 AM   5    1972  32    -10       38
  AVERAGE         34                        39     -5       43

PRECIPITATION (IN)
  YESTERDAY        0.00          1.69 1995   0.21  -0.21
  MONTH TO DATE    0.46                      2.24  -1.78
  SINCE OCT 1      9.84                     11.89  -2.05
  SINCE JAN 1     38.92                     35.40   3.52

SNOWFALL (IN)
  YESTERDAY        0.0
  MONTH TO DATE    0.0
  SINCE DEC 1      0.0
  SINCE JUL 1      0.0
  SNOW DEPTH       0

DEGREE DAYS
 HEATING
  YESTERDAY       31                        26      5
  MONTH TO DATE  281                       279      2
  SINCE JUL 1   1360                      1580   -220

 COOLING
  YESTERDAY        0                         0      0
  MONTH TO DATE    0                         0      0
  SINCE JAN 1    496                       198    298
..................................................................


WIND (MPH)
  HIGHEST WIND SPEED    12   HIGHEST WIND DIRECTION     E (100)
  HIGHEST GUST SPEED    14   HIGHEST GUST DIRECTION     E (100)
  AVERAGE WIND SPEED     2.8


SKY COVER
  POSSIBLE SUNSHINE  MM
  AVERAGE SKY COVER 0.0


WEATHER CONDITIONS
 THE FOLLOWING WEATHER WAS RECORDED YESTERDAY.
  NO SIGNIFICANT WEATHER WAS OBSERVED.


RELATIVE HUMIDITY (PERCENT)
 HIGHEST    96           500 AM
 LOWEST     45           100 PM
 AVERAGE    71

..........................................................


THE HILLSBORO OR CLIMATE NORMALS FOR TODAY
                         NORMAL    RECORD    YEAR
 MAXIMUM TEMPERATURE (F)   45        62      1960
 MINIMUM TEMPERATURE (F)   32         4      1972


SUNRISE AND SUNSET
DECEMBER 12 2017......SUNRISE   743 AM PST   SUNSET   428 PM PST
DECEMBER 13 2017......SUNRISE   744 AM PST   SUNSET   428 PM PST


-  INDICATES NEGATIVE NUMBERS.
R  INDICATES RECORD WAS SET OR TIED.
MM INDICATES DATA IS MISSING.
T  INDICATES TRACE AMOUNT.




$$
