000
CDUS46 KPQR 011145
CLIHIO


CLIMATE REPORT
NATIONAL WEATHER SERVICE PORTLAND OREGON
444 AM PDT FRI AUG 1 2014


...................................

...THE HILLSBORO OR CLIMATE SUMMARY FOR JULY 31 2014...

CLIMATE NORMAL PERIOD 1981 TO 2010
CLIMATE RECORD PERIOD 1929 TO 2014


WEATHER ITEM   OBSERVED TIME   RECORD YEAR NORMAL DEPARTURE LAST
                VALUE   (LST)  VALUE       VALUE  FROM      YEAR
                                                  NORMAL
..................................................................
TEMPERATURE (F)
 YESTERDAY
  MAXIMUM         93    301 PM 102    1965  82     11       78
  MINIMUM         53    425 AM  40    1941  52      1       52
  AVERAGE         73                        67      6       65

PRECIPITATION (IN)
  YESTERDAY        0.00          0.30 1985   0.02  -0.02
  MONTH TO DATE    0.52                      0.55  -0.03
  SINCE OCT 1     24.78                     37.83 -13.05
  SINCE JAN 1     20.10                     21.44  -1.34

SNOWFALL (IN)
  YESTERDAY        0.0
  MONTH TO DATE    0.0
  SINCE JUN 1      0.0
  SINCE JUL 1      0.0
  SNOW DEPTH       0

DEGREE DAYS
 HEATING
  YESTERDAY        0                         1     -1
  MONTH TO DATE    6                        54    -48
  SINCE JUL 1      6                        56    -50

 COOLING
  YESTERDAY        8                         3      5
  MONTH TO DATE  166                        75     91
  SINCE JAN 1    178                       101     77
..................................................................


WIND (MPH)
  HIGHEST WIND SPEED    17   HIGHEST WIND DIRECTION    NW (310)
  HIGHEST GUST SPEED    22   HIGHEST GUST DIRECTION     N (340)
  AVERAGE WIND SPEED     6.5


SKY COVER
  POSSIBLE SUNSHINE  MM
  AVERAGE SKY COVER 0.0


WEATHER CONDITIONS
 THE FOLLOWING WEATHER WAS RECORDED YESTERDAY.
  THUNDERSTORM


RELATIVE HUMIDITY (PERCENT)
 HIGHEST    46           900 PM
 LOWEST     28           200 PM
 AVERAGE    37

..........................................................


THE HILLSBORO OR CLIMATE NORMALS FOR TODAY
                         NORMAL    RECORD    YEAR
 MAXIMUM TEMPERATURE (F)   83       101      1965
 MINIMUM TEMPERATURE (F)   52        41      1933


SUNRISE AND SUNSET
AUGUST  1 2014........SUNRISE   556 AM PDT   SUNSET   840 PM PDT
AUGUST  2 2014........SUNRISE   557 AM PDT   SUNSET   838 PM PDT


-  INDICATES NEGATIVE NUMBERS.
R  INDICATES RECORD WAS SET OR TIED.
MM INDICATES DATA IS MISSING.
T  INDICATES TRACE AMOUNT.




$$
