000
CDUS46 KPQR 281141
CLIHIO


CLIMATE REPORT
NATIONAL WEATHER SERVICE PORTLAND OREGON
440 AM PDT THU MAY 28 2015


...................................

...THE HILLSBORO OR CLIMATE SUMMARY FOR MAY 27 2015...

CLIMATE NORMAL PERIOD 1981 TO 2010
CLIMATE RECORD PERIOD 1929 TO 2015


WEATHER ITEM   OBSERVED TIME   RECORD YEAR NORMAL DEPARTURE LAST
                VALUE   (LST)  VALUE       VALUE  FROM      YEAR
                                                  NORMAL
..................................................................
TEMPERATURE (F)
 YESTERDAY
  MAXIMUM         79    505 PM  94    2005  70      9       65
  MINIMUM         47    443 AM  33    1966  46      1       47
  AVERAGE         63                        58      5       56

PRECIPITATION (IN)
  YESTERDAY        0.00          0.63 2006   0.07  -0.07
  MONTH TO DATE    0.44                      2.05  -1.61
  SINCE OCT 1     28.94                     35.65  -6.71
  SINCE JAN 1     14.11                     19.26  -5.15

SNOWFALL (IN)
  YESTERDAY        0.0
  MONTH TO DATE    0.0
  SINCE MAR 1      0.0
  SINCE JUL 1      0.0
  SNOW DEPTH       0

DEGREE DAYS
 HEATING
  YESTERDAY        2                         7     -5
  MONTH TO DATE  194                       259    -65
  SINCE JUL 1   3769                      4821  -1052

 COOLING
  YESTERDAY        0                         0      0
  MONTH TO DATE    0                         0      0
  SINCE JAN 1      2                         0      2
..................................................................


WIND (MPH)
  HIGHEST WIND SPEED    10   HIGHEST WIND DIRECTION    NW (310)
  HIGHEST GUST SPEED    13   HIGHEST GUST DIRECTION    NW (330)
  AVERAGE WIND SPEED     3.2


SKY COVER
  POSSIBLE SUNSHINE  MM
  AVERAGE SKY COVER 0.1


WEATHER CONDITIONS
 THE FOLLOWING WEATHER WAS RECORDED YESTERDAY.
  HAZE


RELATIVE HUMIDITY (PERCENT)
 HIGHEST    93           200 AM
 LOWEST     45           400 PM
 AVERAGE    69

..........................................................


THE HILLSBORO OR CLIMATE NORMALS FOR TODAY
                         NORMAL    RECORD    YEAR
 MAXIMUM TEMPERATURE (F)   70       100      1983
 MINIMUM TEMPERATURE (F)   46        34      1979


SUNRISE AND SUNSET
MAY 28 2015...........SUNRISE   529 AM PDT   SUNSET   850 PM PDT
MAY 29 2015...........SUNRISE   528 AM PDT   SUNSET   851 PM PDT


-  INDICATES NEGATIVE NUMBERS.
R  INDICATES RECORD WAS SET OR TIED.
MM INDICATES DATA IS MISSING.
T  INDICATES TRACE AMOUNT.




$$
