000
CDUS46 KPQR 261141
CLIHIO


CLIMATE REPORT
NATIONAL WEATHER SERVICE PORTLAND OREGON
440 AM PDT FRI AUG 26 2016


...................................

...THE HILLSBORO OR CLIMATE SUMMARY FOR AUGUST 25 2016...

CLIMATE NORMAL PERIOD 1981 TO 2010
CLIMATE RECORD PERIOD 1929 TO 2016


WEATHER ITEM   OBSERVED TIME   RECORD YEAR NORMAL DEPARTURE LAST
                VALUE   (LST)  VALUE       VALUE  FROM      YEAR
                                                  NORMAL
..................................................................
TEMPERATURE (F)
 YESTERDAY
  MAXIMUM         96R   254 PM  94    1934  80     16       85
  MINIMUM         55    359 AM  39    1930  50      5       46
  AVERAGE         76                        65     11       66

PRECIPITATION (IN)
  YESTERDAY        0.00          1.03 1977   0.03  -0.03
  MONTH TO DATE    0.04                      0.49  -0.45
  SINCE OCT 1     43.20                     38.32   4.88
  SINCE JAN 1     21.18                     21.93  -0.75

SNOWFALL (IN)
  YESTERDAY        0.0
  MONTH TO DATE    0.0
  SINCE JUN 1      0.0
  SINCE JUL 1      0.0
  SNOW DEPTH       0

DEGREE DAYS
 HEATING
  YESTERDAY        0                         2     -2
  MONTH TO DATE   17                        38    -21
  SINCE JUL 1     38                        94    -56

 COOLING
  YESTERDAY       11                         2      9
  MONTH TO DATE  136                        68     68
  SINCE JAN 1    306                       169    137
..................................................................


WIND (MPH)
  HIGHEST WIND SPEED    13   HIGHEST WIND DIRECTION     N (20)
  HIGHEST GUST SPEED    17   HIGHEST GUST DIRECTION     N (20)
  AVERAGE WIND SPEED     4.2


SKY COVER
  POSSIBLE SUNSHINE  MM
  AVERAGE SKY COVER 0.0


WEATHER CONDITIONS
 THE FOLLOWING WEATHER WAS RECORDED YESTERDAY.
  NO SIGNIFICANT WEATHER WAS OBSERVED.


RELATIVE HUMIDITY (PERCENT)
 HIGHEST    72           500 AM
 LOWEST     14           100 PM
 AVERAGE    43

..........................................................


THE HILLSBORO OR CLIMATE NORMALS FOR TODAY
                         NORMAL    RECORD    YEAR
 MAXIMUM TEMPERATURE (F)   80       100      1986
 MINIMUM TEMPERATURE (F)   49        39      1955


SUNRISE AND SUNSET
AUGUST 26 2016........SUNRISE   627 AM PDT   SUNSET   759 PM PDT
AUGUST 27 2016........SUNRISE   628 AM PDT   SUNSET   758 PM PDT


-  INDICATES NEGATIVE NUMBERS.
R  INDICATES RECORD WAS SET OR TIED.
MM INDICATES DATA IS MISSING.
T  INDICATES TRACE AMOUNT.




$$
