000
CDUS46 KHNX 300823
CLIHJO


CLIMATE REPORT
NATIONAL WEATHER SERVICE SAN JOAQUIN VALLEY, CA
123 AM PDT TUE MAY 30 2017


...................................

...THE HANFORD CA CLIMATE SUMMARY FOR MAY 29 2017...

CLIMATE NORMAL PERIOD 1981 TO 2010
CLIMATE RECORD PERIOD 1998 TO 2017


WEATHER ITEM   OBSERVED TIME   RECORD YEAR NORMAL DEPARTURE
                VALUE   (LST)  VALUE       VALUE  FROM
                                                  NORMAL
...............................................................
TEMPERATURE (F)
 YESTERDAY
  MAXIMUM         94        MM 103    2003  87      7
  MINIMUM         62        MM  46    1998  56      6
  AVERAGE         78                        71      7

PRECIPITATION (IN)
  YESTERDAY        0.00          0.02 2011   0.01  -0.01
  MONTH TO DATE    0.39                      0.40  -0.01
  SINCE OCT 1     11.04                      9.72   1.32
  SINCE JAN 1      8.17                      6.59   1.58

SNOWFALL (IN)
  YESTERDAY        0.0
  MONTH TO DATE    0.0
  SINCE MAR 1      0.0
  SINCE JUL 1      0.0
  SNOW DEPTH       0

DEGREE DAYS
 HEATING
  YESTERDAY        0
  MONTH TO DATE   24
  SINCE MAR 1    377
  SINCE JUL 1   2104

 COOLING
  YESTERDAY       13
  MONTH TO DATE  177
  SINCE MAR 1    192
  SINCE JAN 1    192
...............................................................


WIND (MPH)
  HIGHEST WIND SPEED    15   HIGHEST WIND DIRECTION    NW (320)
  HIGHEST GUST SPEED    17   HIGHEST GUST DIRECTION     N (340)
  AVERAGE WIND SPEED     9.9




RELATIVE HUMIDITY (PERCENT)
 HIGHEST    78
 LOWEST     24
 AVERAGE    51

..........................................................


THE HANFORD CA CLIMATE NORMALS FOR TODAY
                         NORMAL    RECORD    YEAR
 MAXIMUM TEMPERATURE (F)   87        98      2015
                                             2002
 MINIMUM TEMPERATURE (F)   56        44      2011


SUNRISE AND SUNSET
MAY 30 2017...........SUNRISE   543 AM PDT   SUNSET   810 PM PDT
MAY 31 2017...........SUNRISE   543 AM PDT   SUNSET   810 PM PDT


-  INDICATES NEGATIVE NUMBERS.
R  INDICATES RECORD WAS SET OR TIED.
MM INDICATES DATA IS MISSING.
T  INDICATES TRACE AMOUNT.




$$
