000
CDUS46 KHNX 260823
CLIHJO


CLIMATE REPORT
NATIONAL WEATHER SERVICE SAN JOAQUIN VALLEY, CA
1222 AM PST FRI DEC 26 2014


...................................

...THE HANFORD CA CLIMATE SUMMARY FOR DECEMBER 25 2014...

CLIMATE NORMAL PERIOD 1981 TO 2010
CLIMATE RECORD PERIOD 1998 TO 2014


WEATHER ITEM   OBSERVED TIME   RECORD YEAR NORMAL DEPARTURE
                VALUE   (LST)  VALUE       VALUE  FROM
                                                  NORMAL
...............................................................
TEMPERATURE (F)
 YESTERDAY
  MAXIMUM         53    405 PM  67    2013  53      0
  MINIMUM         36   1159 PM  18    1998  35      1
  AVERAGE         45                        44      1

PRECIPITATION (IN)
  YESTERDAY        0.00          0.66 2003   0.08  -0.08
  MONTH TO DATE    2.32                      1.11   1.21
  SINCE JUL 1      3.13                      2.82   0.31
  SINCE JAN 1      5.56                      9.58  -4.02

SNOWFALL (IN)
  YESTERDAY        0.0
  MONTH TO DATE    0.0
  SINCE DEC 1      0.0
  SINCE JUL 1      0.0
  SNOW DEPTH       0

DEGREE DAYS
 HEATING
  YESTERDAY       20
  MONTH TO DATE  293
  SINCE DEC 1    293
  SINCE JUL 1    604

 COOLING
  YESTERDAY        0
  MONTH TO DATE    0
  SINCE DEC 1      0
  SINCE JAN 1   2274
...............................................................


WIND (MPH)
  HIGHEST WIND SPEED    20   HIGHEST WIND DIRECTION    NW (300)
  HIGHEST GUST SPEED    26   HIGHEST GUST DIRECTION     W (290)
  AVERAGE WIND SPEED     5.2




RELATIVE HUMIDITY (PERCENT)
 HIGHEST    86
 LOWEST     54
 AVERAGE    70

..........................................................


THE HANFORD CA CLIMATE NORMALS FOR TODAY
                         NORMAL    RECORD    YEAR
 MAXIMUM TEMPERATURE (F)   53        66      2013
 MINIMUM TEMPERATURE (F)   35        22      2011


SUNRISE AND SUNSET
DECEMBER 26 2014......SUNRISE   708 AM PST   SUNSET   450 PM PST
DECEMBER 27 2014......SUNRISE   709 AM PST   SUNSET   451 PM PST


-  INDICATES NEGATIVE NUMBERS.
R  INDICATES RECORD WAS SET OR TIED.
MM INDICATES DATA IS MISSING.
T  INDICATES TRACE AMOUNT.




$$
