000
CDUS46 KHNX 270021
CLIHJO


CLIMATE REPORT
NATIONAL WEATHER SERVICE SAN JOAQUIN VALLEY, CA
421 PM PST MON JAN 26 2015


...................................

...THE HANFORD CA CLIMATE SUMMARY FOR JANUARY 26 2015...
VALID AS OF 0400 PM LOCAL TIME.

CLIMATE NORMAL PERIOD 1981 TO 2010
CLIMATE RECORD PERIOD 1998 TO 2015


WEATHER ITEM   OBSERVED TIME   RECORD YEAR NORMAL DEPARTURE LAST
                VALUE   (LST)  VALUE       VALUE  FROM      YEAR
                                                  NORMAL
..................................................................
TEMPERATURE (F)
 TODAY
  MAXIMUM         56    321 PM  70    2014  56      0       70
  MINIMUM         35    156 AM  30    2007  37     -2       40
  AVERAGE         46                        46      0       55

PRECIPITATION (IN)
  TODAY            0.00          0.18 1999   0.03  -0.03     0.00
  MONTH TO DATE    0.00                      1.87  -1.87     0.00
  SINCE OCT 1      3.12                      5.00  -1.88     0.38
  SINCE JAN 1      0.00                      1.87  -1.87     0.00

SNOWFALL (IN)
  TODAY            0.0
  MONTH TO DATE    0.0
  SINCE DEC 1      0.0
  SINCE JUL 1      0.0
  SNOW DEPTH       0

DEGREE DAYS
 HEATING
  TODAY           19                                        10
  MONTH TO DATE  474                                       393
  SINCE DEC 1    911                                      1038
  SINCE JUL 1   1222                                      1418

 COOLING
  TODAY            0                                         0
  MONTH TO DATE    0                                         0
  SINCE DEC 1      0                                         0
  SINCE JAN 1      0                                         0
..................................................................


WIND (MPH)
  HIGHEST WIND SPEED     8   HIGHEST WIND DIRECTION    NE (60)
  HIGHEST GUST SPEED     9   HIGHEST GUST DIRECTION    NE (60)
  AVERAGE WIND SPEED     2.8




RELATIVE HUMIDITY (PERCENT)
 HIGHEST   100
 LOWEST     72
 AVERAGE    86

..........................................................


THE HANFORD CA CLIMATE NORMALS FOR TOMORROW
                         NORMAL    RECORD    YEAR
 MAXIMUM TEMPERATURE (F)   56        70      2014
 MINIMUM TEMPERATURE (F)   37        31      2009


SUNRISE AND SUNSET
JANUARY 26 2015.......SUNRISE   704 AM PST   SUNSET   518 PM PST
JANUARY 27 2015.......SUNRISE   703 AM PST   SUNSET   519 PM PST


-  INDICATES NEGATIVE NUMBERS.
R  INDICATES RECORD WAS SET OR TIED.
MM INDICATES DATA IS MISSING.
T  INDICATES TRACE AMOUNT.




$$
