000
CDUS46 KHNX 230823
CLIHJO


CLIMATE REPORT
NATIONAL WEATHER SERVICE SAN JOAQUIN VALLEY, CA
122 AM PDT SAT SEP 23 2017


...................................

...THE HANFORD CA CLIMATE SUMMARY FOR SEPTEMBER 22 2017...

CLIMATE NORMAL PERIOD 1981 TO 2010
CLIMATE RECORD PERIOD 1998 TO 2017


WEATHER ITEM   OBSERVED TIME   RECORD YEAR NORMAL DEPARTURE
                VALUE   (LST)  VALUE       VALUE  FROM
                                                  NORMAL
...............................................................
TEMPERATURE (F)
 YESTERDAY
  MAXIMUM         75        MM 101    2003  89    -14
  MINIMUM         45        MM  43    2004  55    -10
  AVERAGE         60                        72    -12

PRECIPITATION (IN)
  YESTERDAY        0.00          0.22 2007   0.01  -0.01
  MONTH TO DATE    0.16                      0.11   0.05
  SINCE OCT 1     11.21                     10.04   1.17
  SINCE JAN 1      8.34                      6.91   1.43

SNOWFALL (IN)
  YESTERDAY        0.0
  MONTH TO DATE    0.0
  SINCE SEP 1      0.0
  SINCE JUL 1      0.0
  SNOW DEPTH       0

DEGREE DAYS
 HEATING
  YESTERDAY        5
  MONTH TO DATE    5
  SINCE SEP 1      5
  SINCE JUL 1      5

 COOLING
  YESTERDAY        0
  MONTH TO DATE  285
  SINCE SEP 1    285
  SINCE JAN 1   2102
...............................................................


WIND (MPH)
  HIGHEST WIND SPEED     7   HIGHEST WIND DIRECTION    NW (300)
  HIGHEST GUST SPEED    MM   HIGHEST GUST DIRECTION    MM
  AVERAGE WIND SPEED     4.3




RELATIVE HUMIDITY (PERCENT)
 HIGHEST    93
 LOWEST     23
 AVERAGE    58

..........................................................


THE HANFORD CA CLIMATE NORMALS FOR TODAY
                         NORMAL    RECORD    YEAR
 MAXIMUM TEMPERATURE (F)   89       100      2003
 MINIMUM TEMPERATURE (F)   55        46      2006


SUNRISE AND SUNSET
SEPTEMBER 23 2017.....SUNRISE   647 AM PDT   SUNSET   653 PM PDT
SEPTEMBER 24 2017.....SUNRISE   648 AM PDT   SUNSET   652 PM PDT


-  INDICATES NEGATIVE NUMBERS.
R  INDICATES RECORD WAS SET OR TIED.
MM INDICATES DATA IS MISSING.
T  INDICATES TRACE AMOUNT.




$$
