000
CDUS43 KGLD 300744 RRA
CLIHLC

CLIMATE REPORT
NATIONAL WEATHER SERVICE GOODLAND
141 AM MDT THU MAR 30 2017

...................................

...THE HILL CITY KS CLIMATE SUMMARY FOR MARCH 29 2017...

CLIMATE NORMAL PERIOD 1981 TO 2010
CLIMATE RECORD PERIOD 1896 TO 2017


WEATHER ITEM   OBSERVED TIME   RECORD YEAR NORMAL DEPARTURE LAST
                VALUE   (LST)  VALUE       VALUE  FROM      YEAR
                                                  NORMAL
..................................................................
TEMPERATURE (F)
 YESTERDAY
  MAXIMUM         45    110 PM  91    1986  60    -15       71
                                      1943
  MINIMUM         38    550 PM  11    1987  32      6       47
  AVERAGE         42                        46     -4       59

PRECIPITATION (IN)
  YESTERDAY        0.86                      0.07   0.79     0.00
  MONTH TO DATE    2.10                      1.48   0.62     0.20
  SINCE MAR 1      2.10                      1.48   0.62     0.20
  SINCE JAN 1      3.17                      2.45   0.72     1.09

..................................................................

THE HILL CITY KS CLIMATE NORMALS FOR TODAY
                         NORMAL    RECORD    YEAR
 MAXIMUM TEMPERATURE (F)   60        93      1943
 MINIMUM TEMPERATURE (F)   32        -1      1987



-  INDICATES NEGATIVE NUMBERS.
R  INDICATES RECORD WAS SET OR TIED.
MM INDICATES DATA IS MISSING.
T  INDICATES TRACE AMOUNT.




$$
