000
CDUS43 KGLD 030742
CLIHLC

CLIMATE REPORT
NATIONAL WEATHER SERVICE GOODLAND
136 AM MDT WED JUN 3 2015
...................................

...THE HILL CITY KS CLIMATE SUMMARY FOR JUNE 2 2015...

CLIMATE NORMAL PERIOD 1981 TO 2010
CLIMATE RECORD PERIOD 1896 TO 2015

WEATHER ITEM   OBSERVED TIME   RECORD YEAR NORMAL DEPARTURE LAST
                VALUE   (LST)  VALUE       VALUE  FROM      YEAR
                                                  NORMAL
..................................................................
TEMPERATURE (F)
 YESTERDAY
  MAXIMUM         88    532 PM 106    2002  81      7       88
  MINIMUM         63    540 AM  37    1917  56      7       61
                                      1951
  AVERAGE         76                        68      8       75

PRECIPITATION (IN)
  YESTERDAY        0.00                      0.11  -0.11      T
  MONTH TO DATE    0.00                      0.22  -0.22     0.03
  SINCE JUN 1      0.00                      0.22  -0.22     0.03
  SINCE JAN 1      7.53                      8.72  -1.19     4.97

..................................................................

THE HILL CITY KS CLIMATE NORMALS FOR TODAY
                         NORMAL    RECORD    YEAR
 MAXIMUM TEMPERATURE (F)   81        98      1934
 MINIMUM TEMPERATURE (F)   56        38      1951

-  INDICATES NEGATIVE NUMBERS.
R  INDICATES RECORD WAS SET OR TIED.
MM INDICATES DATA IS MISSING.
T  INDICATES TRACE AMOUNT.

$$
