000
CDUS43 KGLD 240741 RRA
CLIHLC

CLIMATE REPORT
NATIONAL WEATHER SERVICE GOODLAND
138 AM MDT TUE MAY 24 2016
...................................

...THE HILL CITY KS CLIMATE SUMMARY FOR MAY 23 2016...

CLIMATE NORMAL PERIOD 1981 TO 2010
CLIMATE RECORD PERIOD 1896 TO 2016

WEATHER ITEM   OBSERVED TIME   RECORD YEAR NORMAL DEPARTURE LAST
                VALUE   (LST)  VALUE       VALUE  FROM      YEAR
                                                  NORMAL
..................................................................
TEMPERATURE (F)
 YESTERDAY
  MAXIMUM         81    425 PM 104    1939  78      3       67
  MINIMUM         57    644 AM  34    1917  52      5       54
  AVERAGE         69                        65      4       61

PRECIPITATION (IN)
  YESTERDAY        0.27                      0.12   0.15     0.43
  MONTH TO DATE    2.48                      2.78  -0.30     3.07
  SINCE MAR 1      9.40                      6.53   2.87     6.68
  SINCE JAN 1     10.29                      7.50   2.79     7.10

..................................................................

THE HILL CITY KS CLIMATE NORMALS FOR TODAY
                         NORMAL    RECORD    YEAR
 MAXIMUM TEMPERATURE (F)   78       101      1953
 MINIMUM TEMPERATURE (F)   53        31      1924

-  INDICATES NEGATIVE NUMBERS.
R  INDICATES RECORD WAS SET OR TIED.
MM INDICATES DATA IS MISSING.
T  INDICATES TRACE AMOUNT.

$$
