000
CDUS43 KGLD 190046 RRA
CLIHLC

CLIMATE REPORT
NATIONAL WEATHER SERVICE GOODLAND
543 PM MST THU DEC 18 2014


...................................

...THE HILL CITY KS CLIMATE SUMMARY FOR DECEMBER 18 2014...
VALID TODAY AS OF 0500 PM LOCAL TIME.

CLIMATE NORMAL PERIOD 1981 TO 2010
CLIMATE RECORD PERIOD 1896 TO 2014


WEATHER ITEM   OBSERVED TIME   RECORD YEAR NORMAL DEPARTURE LAST
                VALUE   (LST)  VALUE       VALUE  FROM      YEAR
                                                  NORMAL
..................................................................
TEMPERATURE (F)
 TODAY
  MAXIMUM         33    438 PM  72    1979  42     -9       66
  MINIMUM         25    445 AM -10    1964  17      8       28
  AVERAGE         29                        29      0       47

PRECIPITATION (IN)
  TODAY            T                         0.01  -0.01     0.00
  MONTH TO DATE    0.27                      0.48  -0.21     0.05
  SINCE DEC 1      0.27                      0.48  -0.21     0.05
  SINCE JAN 1     21.72                     22.71  -0.99    17.61

..................................................................


THE HILL CITY KS CLIMATE NORMALS FOR TOMORROW
                         NORMAL    RECORD    YEAR
 MAXIMUM TEMPERATURE (F)   42        67      1941
 MINIMUM TEMPERATURE (F)   17       -13      1989



-  INDICATES NEGATIVE NUMBERS.
R  INDICATES RECORD WAS SET OR TIED.
MM INDICATES DATA IS MISSING.
T  INDICATES TRACE AMOUNT.

$$
